--
-- Host: localhost    Database: websited_warattil_cms
-- ------------------------------------------------------


--
-- Table structure for table `fx_activity_log`
--

CREATE TABLE `fx_activity_log` (
  `id` int(11) NOT NULL AUTO_INCREMENT,
  `activity_id` tinyint(4) NOT NULL,
  `user_id` int(11) NOT NULL,
  `admin_id` int(11) NOT NULL,
  `created_at` datetime NOT NULL,
  PRIMARY KEY (`id`)
) ENGINE=InnoDB AUTO_INCREMENT=307 DEFAULT CHARSET=latin1;

--
-- Dumping data for table `fx_activity_log`
--

INSERT INTO `fx_activity_log` VALUES (1,1,0,25,'2019-11-27 06:00:00'),(2,2,0,26,'2019-11-27 06:00:00'),(3,1,0,31,'2019-11-25 09:33:27'),(4,5,0,31,'2019-11-25 09:40:35'),(5,7,0,31,'2019-11-26 09:19:45'),(6,7,0,31,'2019-11-26 09:41:48'),(7,7,0,31,'2019-11-26 09:42:50'),(8,7,0,31,'2019-11-26 09:43:42'),(9,6,0,31,'2021-11-16 01:28:16'),(10,6,0,31,'2021-11-16 01:28:20'),(11,6,0,31,'2021-11-16 01:28:26'),(12,6,0,31,'2021-11-16 01:28:29'),(13,1,0,31,'2021-11-16 02:14:53'),(14,3,0,31,'2021-11-16 04:04:22'),(15,4,0,31,'2021-11-17 19:32:15'),(16,6,0,31,'2021-11-17 19:32:37'),(17,5,0,31,'2021-11-17 19:33:08'),(18,5,0,31,'2021-11-17 19:39:14'),(19,5,0,31,'2021-11-17 19:41:32'),(20,6,0,31,'2021-11-17 19:41:41'),(21,2,0,31,'2021-11-18 02:45:22'),(22,2,0,31,'2021-11-18 02:45:31'),(23,2,0,31,'2021-11-18 02:45:44'),(24,5,0,31,'2021-11-18 22:14:09'),(25,4,0,31,'2021-11-18 23:56:42'),(26,5,0,31,'2021-11-21 22:02:29'),(27,4,0,31,'2021-11-22 01:38:36'),(28,4,0,31,'2021-11-22 02:15:21'),(29,4,0,31,'2021-11-22 02:15:51'),(30,4,0,31,'2021-11-22 02:21:35'),(31,4,0,31,'2021-11-22 02:23:18'),(32,1,0,31,'2022-01-07 21:23:44'),(33,2,0,31,'2022-01-07 22:26:01'),(34,1,0,31,'2022-01-07 22:55:38'),(35,2,0,31,'2022-01-07 22:56:40'),(36,1,0,31,'2022-01-07 23:38:47'),(37,2,0,31,'2022-01-07 23:40:46'),(38,2,0,31,'2022-01-07 23:41:44'),(39,2,0,31,'2022-01-07 23:42:03'),(40,2,0,31,'2022-01-07 23:42:12'),(41,2,0,31,'2022-01-07 23:54:49'),(42,1,0,31,'2022-01-08 00:01:25'),(43,2,0,31,'2022-01-08 00:01:46'),(44,1,0,31,'2022-01-08 00:34:58'),(45,2,0,31,'2022-01-08 00:35:08'),(46,1,0,31,'2022-01-08 01:20:25'),(47,1,0,31,'2022-01-08 03:06:56'),(48,2,0,31,'2022-01-09 19:38:02'),(49,2,0,31,'2022-01-09 19:39:06'),(50,1,0,31,'2022-01-09 20:26:50'),(51,1,0,31,'2022-01-09 20:28:08'),(52,1,0,31,'2022-01-09 20:43:42'),(53,1,0,31,'2022-01-09 20:51:51'),(54,1,0,31,'2022-01-09 21:32:16'),(55,1,0,31,'2022-01-09 21:32:57'),(56,1,0,31,'2022-01-09 21:33:20'),(57,1,0,31,'2022-01-09 21:35:56'),(58,1,0,31,'2022-01-09 21:38:17'),(59,1,0,31,'2022-01-09 21:38:41'),(60,1,0,31,'2022-01-09 21:39:39'),(61,1,0,31,'2022-01-09 21:42:12'),(62,2,0,31,'2022-01-09 21:45:58'),(63,2,0,31,'2022-01-09 21:56:41'),(64,1,0,31,'2022-01-09 21:59:39'),(65,2,0,31,'2022-01-09 21:59:51'),(66,1,0,31,'2022-01-09 22:00:39'),(67,2,0,31,'2022-01-09 22:00:48'),(68,1,0,31,'2022-01-09 22:02:27'),(69,2,0,31,'2022-01-09 22:02:39'),(70,2,0,31,'2022-01-09 23:44:28'),(71,1,0,31,'2022-01-09 23:47:38'),(72,1,0,31,'2022-01-10 00:16:08'),(73,2,0,31,'2022-01-10 00:40:49'),(74,2,0,31,'2022-01-10 00:45:01'),(75,1,0,31,'2022-01-10 01:57:54'),(76,2,0,31,'2022-01-10 01:59:09'),(77,2,0,31,'2022-01-10 01:59:24'),(78,1,0,31,'2022-01-10 02:07:05'),(79,1,0,31,'2022-01-10 02:10:53'),(80,1,0,31,'2022-01-10 02:17:25'),(81,1,0,31,'2022-01-10 02:50:10'),(82,1,0,31,'2022-01-10 03:01:09'),(83,1,0,31,'2022-01-10 03:16:06'),(84,1,0,32,'2022-01-10 03:56:13'),(85,1,0,32,'2022-01-10 03:58:50'),(86,1,0,32,'2022-01-10 03:59:02'),(87,1,0,32,'2022-01-10 04:01:15'),(88,1,0,32,'2022-01-10 04:02:53'),(89,2,0,32,'2022-01-10 04:03:19'),(90,1,0,32,'2022-01-10 04:03:30'),(91,1,0,32,'2022-01-10 04:07:28'),(92,1,0,32,'2022-01-10 04:07:42'),(93,1,0,32,'2022-01-10 04:08:07'),(94,1,0,31,'2022-01-20 04:03:10'),(95,1,0,31,'2022-01-20 04:04:23'),(96,1,0,32,'2022-01-28 01:29:49'),(97,1,0,31,'2022-01-28 01:47:54'),(98,2,0,31,'2022-01-28 01:49:37'),(99,1,0,31,'2022-01-28 01:50:09'),(100,1,0,31,'2022-01-28 01:56:35'),(101,2,0,31,'2022-01-28 01:57:00'),(102,1,0,31,'2022-01-28 01:57:28'),(103,1,0,31,'2022-01-28 01:58:46'),(104,1,0,31,'2022-01-28 01:59:41'),(105,1,0,31,'2022-01-28 02:09:44'),(106,1,0,31,'2022-01-28 02:10:34'),(107,1,0,31,'2022-01-28 02:12:16'),(108,1,0,31,'2022-01-28 02:13:18'),(109,1,0,31,'2022-01-28 02:14:06'),(110,1,0,31,'2022-01-28 02:14:48'),(111,1,0,31,'2022-01-28 02:15:34'),(112,1,0,31,'2022-01-28 02:17:18'),(113,1,0,31,'2022-01-28 02:18:32'),(114,1,0,31,'2022-01-28 02:19:04'),(115,1,0,31,'2022-01-28 02:19:39'),(116,1,0,31,'2022-01-28 02:20:10'),(117,1,0,31,'2022-01-28 02:20:56'),(118,1,0,31,'2022-01-28 02:21:36'),(119,1,0,31,'2022-01-28 02:22:12'),(120,1,0,31,'2022-01-28 02:22:48'),(121,1,0,31,'2022-01-28 02:23:38'),(122,1,0,31,'2022-01-28 02:24:27'),(123,1,0,31,'2022-01-28 02:25:26'),(124,1,0,31,'2022-01-28 02:25:52'),(125,1,0,31,'2022-01-28 02:26:46'),(126,1,0,31,'2022-01-28 02:27:25'),(127,1,0,31,'2022-01-28 02:28:00'),(128,1,0,31,'2022-01-28 02:28:43'),(129,1,0,31,'2022-01-28 02:29:20'),(130,1,0,31,'2022-01-28 02:29:53'),(131,1,0,31,'2022-01-28 02:30:44'),(132,1,0,31,'2022-01-28 02:31:07'),(133,1,0,31,'2022-01-28 02:31:41'),(134,1,0,31,'2022-01-28 02:32:27'),(135,1,0,31,'2022-01-28 02:33:12'),(136,1,0,31,'2022-01-28 02:33:45'),(137,1,0,31,'2022-01-28 02:34:22'),(138,1,0,31,'2022-01-28 02:34:59'),(139,1,0,31,'2022-02-17 19:59:44'),(140,1,0,31,'2022-02-17 20:00:45'),(141,1,0,31,'2022-02-17 20:01:10'),(142,1,0,31,'2022-02-17 20:04:04'),(143,2,0,31,'2022-02-17 20:04:24'),(144,1,0,31,'2022-02-17 20:05:11'),(145,1,0,31,'2022-02-17 20:05:37'),(146,1,0,31,'2022-02-17 20:54:07'),(147,1,0,31,'2022-02-17 20:55:46'),(148,2,0,31,'2022-02-17 21:29:44'),(149,2,0,32,'2022-02-18 03:13:49'),(150,2,0,32,'2022-02-18 03:14:38'),(151,2,0,32,'2022-02-18 03:15:14'),(152,2,0,32,'2022-02-18 03:15:40'),(153,2,0,32,'2022-02-18 03:16:08'),(154,2,0,32,'2022-02-18 03:16:47'),(155,2,0,32,'2022-02-18 03:17:59'),(156,2,0,32,'2022-02-18 03:19:31'),(157,2,0,32,'2022-02-18 03:19:57'),(158,2,0,32,'2022-02-18 03:20:26'),(159,1,0,32,'2022-02-18 03:22:02'),(160,1,0,32,'2022-02-18 03:22:48'),(161,1,0,32,'2022-02-18 03:23:56'),(162,1,0,32,'2022-02-18 03:25:08'),(163,1,0,32,'2022-02-18 03:27:50'),(164,1,0,32,'2022-02-18 03:28:30'),(165,1,0,32,'2022-02-18 03:28:38'),(166,1,0,32,'2022-02-18 03:31:44'),(167,1,0,32,'2022-02-18 03:31:55'),(168,1,0,32,'2022-02-18 03:32:04'),(169,2,0,32,'2022-02-18 03:32:06'),(170,1,0,32,'2022-02-18 03:32:43'),(171,1,0,32,'2022-02-18 03:33:32'),(172,1,0,32,'2022-02-18 03:34:00'),(173,1,0,32,'2022-02-18 03:34:01'),(174,1,0,32,'2022-02-18 03:34:10'),(175,1,0,32,'2022-02-18 03:35:55'),(176,1,0,32,'2022-02-18 03:36:41'),(177,1,0,32,'2022-02-18 03:37:55'),(178,1,0,32,'2022-02-18 03:38:30'),(179,1,0,32,'2022-02-18 03:38:34'),(180,1,0,32,'2022-02-18 03:39:08'),(181,1,0,32,'2022-02-18 03:40:27'),(182,1,0,32,'2022-02-18 03:41:11'),(183,1,0,32,'2022-02-18 03:41:40'),(184,1,0,32,'2022-02-18 03:41:43'),(185,1,0,32,'2022-02-18 03:42:08'),(186,1,0,32,'2022-02-18 03:43:02'),(187,1,0,32,'2022-02-18 03:43:23'),(188,1,0,32,'2022-02-18 03:43:43'),(189,1,0,32,'2022-02-18 03:44:01'),(190,1,0,32,'2022-02-18 03:44:37'),(191,1,0,32,'2022-02-18 03:44:43'),(192,1,0,32,'2022-02-18 03:44:58'),(193,1,0,32,'2022-02-18 03:45:29'),(194,1,0,32,'2022-02-18 03:46:12'),(195,1,0,32,'2022-02-18 03:46:16'),(196,1,0,32,'2022-02-18 03:46:41'),(197,1,0,32,'2022-02-18 03:46:41'),(198,1,0,32,'2022-02-18 03:47:28'),(199,1,0,32,'2022-02-18 03:47:52'),(200,1,0,32,'2022-02-18 03:47:55'),(201,1,0,32,'2022-02-18 03:48:32'),(202,1,0,32,'2022-02-18 03:48:59'),(203,1,0,32,'2022-02-18 03:49:27'),(204,1,0,32,'2022-02-18 03:50:52'),(205,1,0,32,'2022-02-18 03:52:00'),(206,2,0,32,'2022-02-18 03:53:08'),(207,2,0,32,'2022-02-18 03:55:39'),(208,2,0,32,'2022-02-18 03:57:03'),(209,2,0,32,'2022-02-18 03:57:49'),(210,2,0,32,'2022-02-18 03:58:32'),(211,2,0,32,'2022-02-18 03:59:35'),(212,2,0,32,'2022-02-18 04:00:31'),(213,1,0,31,'2022-02-21 21:10:57'),(214,1,0,31,'2022-02-21 21:15:33'),(215,1,0,31,'2022-02-21 21:18:37'),(216,1,0,31,'2022-02-21 21:20:32'),(217,1,0,31,'2022-02-21 21:23:43'),(218,1,0,31,'2022-02-21 21:26:33'),(219,1,0,31,'2022-02-21 21:30:26'),(220,1,0,31,'2022-02-21 21:33:19'),(221,1,0,31,'2022-02-21 21:35:27'),(222,1,0,31,'2022-02-21 21:38:39'),(223,1,0,31,'2022-02-21 21:41:37'),(224,2,0,31,'2022-02-21 21:42:06'),(225,2,0,31,'2022-02-21 21:42:36'),(226,1,0,31,'2022-02-21 21:44:08'),(227,1,0,31,'2022-02-21 21:48:00'),(228,1,0,31,'2022-02-21 21:49:44'),(229,1,0,31,'2022-02-21 21:59:26'),(230,2,0,31,'2022-02-21 22:10:03'),(231,2,0,31,'2022-02-21 22:10:20'),(232,2,0,31,'2022-02-22 00:45:16'),(233,2,0,31,'2022-02-22 00:46:07'),(234,2,0,31,'2022-02-22 00:46:34'),(235,2,0,31,'2022-02-22 00:47:05'),(236,2,0,31,'2022-02-22 00:47:36'),(237,2,0,31,'2022-02-22 01:12:52'),(238,2,0,31,'2022-02-22 01:26:48'),(239,2,0,31,'2022-02-22 01:48:55'),(240,2,0,31,'2022-02-22 01:49:09'),(241,2,0,31,'2022-02-22 01:49:15'),(242,2,0,31,'2022-02-22 01:49:22'),(243,2,0,31,'2022-02-22 01:49:27'),(244,2,0,31,'2022-02-24 04:30:12'),(245,2,0,31,'2022-02-24 04:30:43'),(246,2,0,31,'2022-02-24 04:31:15'),(247,2,0,31,'2022-02-24 04:31:32'),(248,2,0,31,'2022-02-24 04:31:44'),(249,1,0,31,'2022-02-25 03:58:24'),(250,1,0,31,'2022-02-25 04:04:41'),(251,1,0,31,'2022-02-25 04:06:28'),(252,1,0,31,'2022-02-25 04:07:14'),(253,2,0,31,'2022-03-01 21:50:59'),(254,2,0,31,'2022-03-01 21:53:15'),(255,2,0,31,'2022-03-01 21:55:00'),(256,2,0,31,'2022-03-01 21:59:58'),(257,2,0,31,'2022-03-01 22:01:31'),(258,2,0,31,'2022-03-01 22:01:39'),(259,2,0,31,'2022-03-01 22:02:48'),(260,2,0,31,'2022-03-01 22:08:35'),(261,2,0,31,'2022-03-01 22:19:55'),(262,2,0,31,'2022-03-01 22:25:16'),(263,2,0,31,'2022-03-01 22:25:27'),(264,2,0,31,'2022-03-01 22:26:44'),(265,2,0,31,'2022-03-01 22:28:17'),(266,2,0,31,'2022-03-01 22:29:46'),(267,2,0,31,'2022-03-01 22:29:47'),(268,2,0,31,'2022-03-01 22:30:17'),(269,2,0,31,'2022-03-01 22:30:34'),(270,2,0,31,'2022-03-01 22:32:24'),(271,2,0,31,'2022-03-01 22:33:34'),(272,1,0,32,'2022-03-01 22:53:16'),(273,1,0,31,'2022-03-01 23:23:05'),(274,1,0,31,'2022-03-01 23:23:59'),(275,1,0,31,'2022-03-01 23:24:13'),(276,1,0,31,'2022-03-01 23:24:23'),(277,1,0,31,'2022-03-01 23:24:41'),(278,2,0,31,'2022-03-02 02:48:31'),(279,2,0,31,'2022-03-02 02:48:41'),(280,2,0,31,'2022-03-02 02:48:52'),(281,2,0,31,'2022-03-02 02:49:03'),(282,2,0,31,'2022-03-02 02:49:16'),(283,2,0,31,'2022-03-02 02:49:26'),(284,2,0,31,'2022-03-02 02:49:41'),(285,5,0,32,'2022-03-03 03:06:07'),(286,2,0,32,'2022-03-03 03:17:27'),(287,2,0,31,'2022-03-04 00:16:56'),(288,2,0,31,'2022-03-04 00:17:08'),(289,2,0,31,'2022-03-04 00:17:25'),(290,2,0,31,'2022-03-04 00:17:51'),(291,2,0,31,'2022-03-04 00:18:22'),(292,2,0,31,'2022-03-04 00:54:38'),(293,2,0,31,'2022-03-04 00:56:26'),(294,2,0,31,'2022-03-04 00:58:04'),(295,2,0,31,'2022-03-04 01:04:03'),(296,2,0,31,'2022-03-04 01:09:27'),(297,2,0,31,'2022-03-04 01:10:49'),(298,2,0,31,'2022-03-04 01:15:33'),(299,2,0,31,'2022-03-04 01:19:21'),(300,2,0,31,'2022-03-04 01:19:54'),(301,1,0,31,'2022-03-04 01:20:26'),(302,1,0,31,'2022-03-04 01:41:29'),(303,1,0,31,'2022-03-04 01:44:04'),(304,1,0,31,'2022-03-04 01:44:34'),(305,1,0,31,'2022-03-04 01:45:06'),(306,2,0,31,'2022-03-04 05:45:33');

--
-- Table structure for table `fx_activity_status`
--

CREATE TABLE `fx_activity_status` (
  `id` int(11) NOT NULL AUTO_INCREMENT,
  `description` varchar(225) NOT NULL,
  PRIMARY KEY (`id`)
) ENGINE=InnoDB AUTO_INCREMENT=10 DEFAULT CHARSET=latin1;

--
-- Dumping data for table `fx_activity_status`
--

INSERT INTO `fx_activity_status` VALUES (1,'User Created'),(2,'User Edited'),(3,'User Deleted'),(4,'Admin Created'),(5,'Admin Edited'),(6,'Admin Deleted'),(7,'Invoice Created'),(8,'Invoice Edited'),(9,'Invoice Deleted');

--
-- Table structure for table `fx_admin_roles`
--

CREATE TABLE `fx_admin_roles` (
  `admin_role_id` int(11) NOT NULL AUTO_INCREMENT,
  `admin_role_title` varchar(30) CHARACTER SET utf8 NOT NULL,
  `admin_role_status` int(11) NOT NULL,
  `admin_role_created_by` int(1) NOT NULL,
  `admin_role_created_on` datetime NOT NULL,
  `admin_role_modified_by` int(11) NOT NULL,
  `admin_role_modified_on` datetime NOT NULL,
  PRIMARY KEY (`admin_role_id`)
) ENGINE=InnoDB AUTO_INCREMENT=5 DEFAULT CHARSET=latin1;

--
-- Dumping data for table `fx_admin_roles`
--

INSERT INTO `fx_admin_roles` VALUES (1,'Super Admin',1,0,'2018-03-15 12:48:04',0,'2018-03-17 12:53:16'),(2,'Admin',1,0,'2018-03-15 12:53:19',0,'2019-01-26 08:27:34'),(3,'Accountant',1,0,'2018-03-15 01:46:54',0,'2019-01-26 02:17:38'),(4,'Operator',1,0,'2018-03-16 05:52:45',0,'2019-01-26 02:17:52');

--
-- Table structure for table `fx_companies`
--

CREATE TABLE `fx_companies` (
  `id` int(11) NOT NULL AUTO_INCREMENT,
  `name` varchar(100) NOT NULL,
  `email` varchar(50) NOT NULL,
  `mobile_no` varchar(50) NOT NULL,
  `address1` varchar(255) NOT NULL,
  `address2` varchar(255) NOT NULL,
  `created_date` datetime NOT NULL,
  PRIMARY KEY (`id`)
) ENGINE=MyISAM AUTO_INCREMENT=15 DEFAULT CHARSET=utf8;

--
-- Dumping data for table `fx_companies`
--

INSERT INTO `fx_companies` VALUES (9,'Codeglamour','codeglamour1@gmail.com','44785566952','27 new jersey - Level 58 - CA 444 United State ','','2019-11-17 10:11:52'),(8,'Codeglamour','codeglamour1@gmail.com','44785566952','27 new jersey - Level 58 - CA 444 United State ','','2018-04-26 09:04:30'),(7,'Codeglamour','codeglamour1@gmail.com','44785566952','27 new jersey - Level 58 - CA 444 United State ','','2019-03-13 10:03:41'),(6,'Codeglamour','codeglamour1@gmail.com','44785566952','27 new jersey - Level 58 - CA 444  United State LLC','','2017-12-11 08:12:15'),(10,'Codeglamour','codeglamour1@gmail.com','44785566952','27 new jersey - Level 58 - CA 444 United State ','','2019-01-27 10:01:18'),(11,'Codeglamour','codeglamour1@gmail.com','44785566952','27 new jersey - Level 58 - CA 444 United State ','','2019-11-26 09:11:45'),(12,'Codeglamour','codeglamour1@gmail.com','44785566952','27 new jersey - Level 58 - CA 444 United State ','','2019-11-26 09:11:48'),(13,'Codeglamour','codeglamour1@gmail.com','44785566952','27 new jersey - Level 58 - CA 444 United State ','','2019-11-26 09:11:50'),(14,'Codeglamour','codeglamour1@gmail.com','44785566952','27 new jersey - Level 58 - CA 444 United State ','','2019-11-26 09:11:42');

--
-- Table structure for table `fx_email_template_variables`
--

CREATE TABLE `fx_email_template_variables` (
  `id` int(11) NOT NULL AUTO_INCREMENT,
  `template_id` int(11) NOT NULL,
  `variable_name` varchar(250) NOT NULL,
  PRIMARY KEY (`id`)
) ENGINE=InnoDB AUTO_INCREMENT=5 DEFAULT CHARSET=latin1;

--
-- Dumping data for table `fx_email_template_variables`
--

INSERT INTO `fx_email_template_variables` VALUES (1,1,'{FULLNAME}'),(2,1,'{VERIFICATION_LINK}'),(3,2,'{RESET_LINK}'),(4,2,'{FULLNAME}');

--
-- Table structure for table `fx_email_templates`
--

CREATE TABLE `fx_email_templates` (
  `id` int(11) NOT NULL AUTO_INCREMENT,
  `name` varchar(255) NOT NULL,
  `slug` varchar(100) NOT NULL,
  `subject` varchar(255) NOT NULL,
  `body` text NOT NULL,
  `last_update` datetime NOT NULL DEFAULT CURRENT_TIMESTAMP,
  PRIMARY KEY (`id`)
) ENGINE=InnoDB AUTO_INCREMENT=4 DEFAULT CHARSET=latin1;

--
-- Dumping data for table `fx_email_templates`
--



--
-- Table structure for table `fx_hadith`
--

CREATE TABLE `fx_hadith` (
  `hadithID` int(11) NOT NULL AUTO_INCREMENT,
  `en_title` varchar(200) NOT NULL,
  `ar_title` varchar(200) CHARACTER SET utf8 COLLATE utf8_croatian_ci NOT NULL,
  `image` varchar(200) NOT NULL,
  `is_admin` tinyint(1) NOT NULL DEFAULT '0',
  `is_active` tinyint(1) NOT NULL DEFAULT '1',
  `dateAdded` datetime NOT NULL,
  `dateModified` datetime NOT NULL,
  `status` tinyint(1) NOT NULL DEFAULT '1',
  PRIMARY KEY (`hadithID`)
) ENGINE=InnoDB AUTO_INCREMENT=10 DEFAULT CHARSET=latin1;

--
-- Dumping data for table `fx_hadith`
--

INSERT INTO `fx_hadith` VALUES (1,'Good','صباح الخي','Branding.png',1,1,'2022-01-20 00:00:00','2022-01-20 00:00:00',0),(2,'hjvvhxc','عبد الله عواد الجهني','2.jpg',0,1,'2022-01-20 04:01:10','2022-01-20 04:01:10',0),(3,'fghuh','private collaboration','download.jpg',0,1,'2022-02-17 08:02:37','2022-02-17 08:02:37',0),(4,'In this world you will definitely lose something, make sure it is not your relationship with God','في هذا العالم ستفقد شيئًا ما بالتأكيد ، تأكد من أنه ليس علاقتك بالله','img-101.jpg',0,1,'2022-03-04 12:03:22','2022-03-04 12:03:22',1),(5,'Never underestimate the power of Dua (supplication)','لا تستهين بقوة الدعاء','img-121.jpg',0,1,'2022-03-04 05:03:33','2022-03-04 05:03:33',1),(6,'Speak only when your words are more beautiful than the silence','تحدث فقط عندما تكون كلماتك أجمل من الصمت','img-8.jpg',0,1,'2022-03-02 02:03:26','2022-03-02 02:03:26',1),(7,'Allah is most merciful and forgiving','الله رحيم وغفور','img-12.jpg',0,1,'2022-03-04 12:03:25','2022-03-04 12:03:25',1),(8,'When things are too hard to handle, retreat and count your blessings instead.','عندما يصعب التعامل مع الأمور ، تراجع واحسب نعمك بدلاً من ذلك.','img-19.jpg',0,1,'2022-03-04 12:03:08','2022-03-04 12:03:08',1),(9,'Life is a journey from Allah to Allah','الحياة رحلة من الله إلى الله','img-20.jpg',0,1,'2022-03-04 12:03:56','2022-03-04 12:03:56',1);

--
-- Table structure for table `fx_hadithcollection`
--

CREATE TABLE `fx_hadithcollection` (
  `hadithCollectionID` int(11) NOT NULL AUTO_INCREMENT,
  `en_chapterTitle` varchar(200) CHARACTER SET utf8 COLLATE utf8_unicode_ci NOT NULL,
  `en_chapterDescription` text CHARACTER SET utf8 COLLATE utf8_unicode_ci NOT NULL,
  `ar_chapterTitle` varchar(200) CHARACTER SET utf8 COLLATE utf8_unicode_ci NOT NULL,
  `ar_chapterDescription` text CHARACTER SET utf8 COLLATE utf8_unicode_ci NOT NULL,
  `is_admin` tinyint(1) NOT NULL DEFAULT '0',
  `is_active` tinyint(1) NOT NULL DEFAULT '1',
  `dateAdded` datetime NOT NULL,
  `dateModified` datetime NOT NULL,
  `status` tinyint(1) NOT NULL DEFAULT '1',
  PRIMARY KEY (`hadithCollectionID`)
) ENGINE=InnoDB AUTO_INCREMENT=4 DEFAULT CHARSET=latin1;

--
-- Dumping data for table `fx_hadithcollection`
--

INSERT INTO `fx_hadithcollection` VALUES (1,'3','<p>عَنْ أَبِي عَبْدِ الرَّحْمَنِ عَبْدِ اللَّهِ بْنِ عُمَرَ بْنِ الْخَطَّابِ رَضِيَ اللَّهُ عَنْهُمَا قَالَ: سَمِعْت رَسُولَ اللَّهِ صلى الله عليه وسلم يَقُولُ: \" بُنِيَ الْإِسْلَامُ عَلَى خَمْسٍ: شَهَادَةِ أَنْ لَا إلَهَ إلَّا اللَّهُ وَأَنَّ مُحَمَّدًا رَسُولُ اللَّهِ، وَإِقَامِ الصَّلَاةِ، وَإِيتَاءِ الزَّكَاةِ، وَحَجِّ الْبَيْتِ، وَصَوْمِ رَمَضَانَ\". [رَوَاهُ الْبُخَارِي][وَمُسْلِمٌ]</p>\r\n','3','<p>عَنْ أَبِي عَبْدِ الرَّحْمَنِ عَبْدِ اللَّهِ بْنِ عُمَرَ بْنِ الْخَطَّابِ رَضِيَ اللَّهُ عَنْهُمَا قَالَ: سَمِعْت رَسُولَ اللَّهِ صلى الله عليه وسلم يَقُولُ: \" بُنِيَ الْإِسْلَامُ عَلَى خَمْسٍ: شَهَادَةِ أَنْ لَا إلَهَ إلَّا اللَّهُ وَأَنَّ مُحَمَّدًا رَسُولُ اللَّهِ، وَإِقَامِ الصَّلَاةِ، وَإِيتَاءِ الزَّكَاةِ، وَحَجِّ الْبَيْتِ، وَصَوْمِ رَمَضَانَ\". [رَوَاهُ الْبُخَارِي][وَمُسْلِمٌ]</p>',0,1,'2022-03-04 01:03:33','2022-03-04 01:03:33',1),(2,'2','<p>عَنْ عُمَرَ رَضِيَ اللهُ عَنْهُ أَيْضًا قَالَ: \" بَيْنَمَا نَحْنُ جُلُوسٌ عِنْدَ رَسُولِ اللَّهِ صلى الله عليه وسلم ذَاتَ يَوْمٍ، إذْ طَلَعَ عَلَيْنَا رَجُلٌ شَدِيدُ بَيَاضِ الثِّيَابِ، شَدِيدُ سَوَادِ الشَّعْرِ، لَا يُرَى عَلَيْهِ أَثَرُ السَّفَرِ، وَلَا يَعْرِفُهُ مِنَّا أَحَدٌ. حَتَّى جَلَسَ إلَى النَّبِيِّ صلى الله عليه وسلم. فَأَسْنَدَ رُكْبَتَيْهِ إلَى رُكْبَتَيْهِ، وَوَضَعَ كَفَّيْهِ عَلَى فَخِذَيْهِ، وَقَالَ: يَا مُحَمَّدُ أَخْبِرْنِي عَنْ الْإِسْلَامِ. فَقَالَ رَسُولُ اللَّهِ صلى الله عليه وسلم الْإِسْلَامُ أَنْ تَشْهَدَ أَنْ لَا إلَهَ إلَّا اللَّهُ وَأَنَّ مُحَمَّدًا رَسُولُ اللَّهِ، وَتُقِيمَ الصَّلَاةَ، وَتُؤْتِيَ الزَّكَاةَ، وَتَصُومَ رَمَضَانَ، وَتَحُجَّ الْبَيْتَ إنْ اسْتَطَعْت إلَيْهِ سَبِيلًا. قَالَ: صَدَقْت. فَعَجِبْنَا لَهُ يَسْأَلُهُ وَيُصَدِّقُهُ! قَالَ: فَأَخْبِرْنِي عَنْ الْإِيمَانِ. قَالَ: أَنْ تُؤْمِنَ بِاَللَّهِ وَمَلَائِكَتِهِ وَكُتُبِهِ وَرُسُلِهِ وَالْيَوْمِ الْآخِرِ، وَتُؤْمِنَ بِالْقَدَرِ خَيْرِهِ وَشَرِّهِ. قَالَ: صَدَقْت. قَالَ: فَأَخْبِرْنِي عَنْ الْإِحْسَانِ. قَالَ: أَنْ تَعْبُدَ اللَّهَ كَأَنَّك تَرَاهُ، فَإِنْ لَمْ تَكُنْ تَرَاهُ فَإِنَّهُ يَرَاك. قَالَ: فَأَخْبِرْنِي عَنْ السَّاعَةِ. قَالَ: مَا الْمَسْئُولُ عَنْهَا بِأَعْلَمَ مِنْ السَّائِلِ. قَالَ: فَأَخْبِرْنِي عَنْ أَمَارَاتِهَا؟ قَالَ: أَنْ تَلِدَ الْأَمَةُ رَبَّتَهَا، وَأَنْ تَرَى الْحُفَاةَ الْعُرَاةَ الْعَالَةَ رِعَاءَ الشَّاءِ يَتَطَاوَلُونَ فِي الْبُنْيَانِ. ثُمَّ انْطَلَقَ، فَلَبِثْتُ مَلِيًّا، ثُمَّ قَالَ: يَا عُمَرُ أَتَدْرِي مَنْ السَّائِلُ؟ ‫‬قُلْتُ: اللَّهُ وَرَسُولُهُ أَعْلَمُ. قَالَ: فَإِنَّهُ جِبْرِيلُ أَتَاكُمْ يُعَلِّمُكُمْ دِينَكُمْ \". [رَوَاهُ مُسْلِمٌ].‬</p>\r\n','2','<p>عَنْ عُمَرَ رَضِيَ اللهُ عَنْهُ أَيْضًا قَالَ: \" بَيْنَمَا نَحْنُ جُلُوسٌ عِنْدَ رَسُولِ اللَّهِ صلى الله عليه وسلم ذَاتَ يَوْمٍ، إذْ طَلَعَ عَلَيْنَا رَجُلٌ شَدِيدُ بَيَاضِ الثِّيَابِ، شَدِيدُ سَوَادِ الشَّعْرِ، لَا يُرَى عَلَيْهِ أَثَرُ السَّفَرِ، وَلَا يَعْرِفُهُ مِنَّا أَحَدٌ. حَتَّى جَلَسَ إلَى النَّبِيِّ صلى الله عليه وسلم. فَأَسْنَدَ رُكْبَتَيْهِ إلَى رُكْبَتَيْهِ، وَوَضَعَ كَفَّيْهِ عَلَى فَخِذَيْهِ، وَقَالَ: يَا مُحَمَّدُ أَخْبِرْنِي عَنْ الْإِسْلَامِ. فَقَالَ رَسُولُ اللَّهِ صلى الله عليه وسلم الْإِسْلَامُ أَنْ تَشْهَدَ أَنْ لَا إلَهَ إلَّا اللَّهُ وَأَنَّ مُحَمَّدًا رَسُولُ اللَّهِ، وَتُقِيمَ الصَّلَاةَ، وَتُؤْتِيَ الزَّكَاةَ، وَتَصُومَ رَمَضَانَ، وَتَحُجَّ الْبَيْتَ إنْ اسْتَطَعْت إلَيْهِ سَبِيلًا. قَالَ: صَدَقْت. فَعَجِبْنَا لَهُ يَسْأَلُهُ وَيُصَدِّقُهُ! قَالَ: فَأَخْبِرْنِي عَنْ الْإِيمَانِ. قَالَ: أَنْ تُؤْمِنَ بِاَللَّهِ وَمَلَائِكَتِهِ وَكُتُبِهِ وَرُسُلِهِ وَالْيَوْمِ الْآخِرِ، وَتُؤْمِنَ بِالْقَدَرِ خَيْرِهِ وَشَرِّهِ. قَالَ: صَدَقْت. قَالَ: فَأَخْبِرْنِي عَنْ الْإِحْسَانِ. قَالَ: أَنْ تَعْبُدَ اللَّهَ كَأَنَّك تَرَاهُ، فَإِنْ لَمْ تَكُنْ تَرَاهُ فَإِنَّهُ يَرَاك. قَالَ: فَأَخْبِرْنِي عَنْ السَّاعَةِ. قَالَ: مَا الْمَسْئُولُ عَنْهَا بِأَعْلَمَ مِنْ السَّائِلِ. قَالَ: فَأَخْبِرْنِي عَنْ أَمَارَاتِهَا؟ قَالَ: أَنْ تَلِدَ الْأَمَةُ رَبَّتَهَا، وَأَنْ تَرَى الْحُفَاةَ الْعُرَاةَ الْعَالَةَ رِعَاءَ الشَّاءِ يَتَطَاوَلُونَ فِي الْبُنْيَانِ. ثُمَّ انْطَلَقَ، فَلَبِثْتُ مَلِيًّا، ثُمَّ قَالَ: يَا عُمَرُ أَتَدْرِي مَنْ السَّائِلُ؟ ‫‬قُلْتُ: اللَّهُ وَرَسُولُهُ أَعْلَمُ. قَالَ: فَإِنَّهُ جِبْرِيلُ أَتَاكُمْ يُعَلِّمُكُمْ دِينَكُمْ \". [رَوَاهُ مُسْلِمٌ].‬</p>',0,1,'2022-03-04 12:03:04','2022-03-04 12:03:04',1),(3,'1','<p>عَنْ أَمِيرِ الْمُؤْمِنِينَ أَبِي حَفْصٍ عُمَرَ بْنِ الْخَطَّابِ رَضِيَ اللهُ عَنْهُ قَالَ: سَمِعْتُ<br>\r\nرَسُولَ اللَّهِ صلى الله عليه وسلم يَقُولُ: إنَّمَا الْأَعْمَالُ بِالنِّيَّاتِ، وَإِنَّمَا لِكُلِّ امْرِئٍ مَا<br>\r\nنَوَى، فَمَنْ كَانَتْ هِجْرَتُهُ إلَى اللَّهِ وَرَسُولِهِ فَهِجْرَتُهُ إلَى اللَّهِ وَرَسُولِهِ، وَمَنْ كَانَتْ<br>\r\nهِجْرَتُهُ لِدُنْيَا يُصِيبُهَا أَوْ امْرَأَةٍ يَنْكِحُهَا فَهِجْرَتُهُ إلَى مَا هَاجَرَ إلَيْهِ. رَوَاهُ إِمَامَا<br>\r\nالْمُحَدِّثِينَ أَبُو عَبْدِ اللهِ مُحَمَّدُ بنُ إِسْمَاعِيل بن إِبْرَاهِيم بن الْمُغِيرَة بن بَرْدِزبَه<br>\r\nالْبُخَارِيُّ الْجُعْفِيُّ، وَأَبُو الْحُسَيْنِ مُسْلِمٌ بنُ الْحَجَّاج بن مُسْلِم الْقُشَيْرِيُّ<br>\r\nالنَّيْسَابُورِيُّ رَضِيَ اللهُ عَنْهُمَا فِي صَحِيحَيْهِمَا اللذَينِ هُمَا أَصَحُّ الْكُتُبِ<br>\r\nالْمُصَنَّفَةِ.</p>\r\n','1','<p>عَنْ أَمِيرِ الْمُؤْمِنِينَ أَبِي حَفْصٍ عُمَرَ بْنِ الْخَطَّابِ رَضِيَ اللهُ عَنْهُ قَالَ: سَمِعْتُ<br>\r\nرَسُولَ اللَّهِ صلى الله عليه وسلم يَقُولُ: إنَّمَا الْأَعْمَالُ بِالنِّيَّاتِ، وَإِنَّمَا لِكُلِّ امْرِئٍ مَا<br>\r\nنَوَى، فَمَنْ كَانَتْ هِجْرَتُهُ إلَى اللَّهِ وَرَسُولِهِ فَهِجْرَتُهُ إلَى اللَّهِ وَرَسُولِهِ، وَمَنْ كَانَتْ<br>\r\nهِجْرَتُهُ لِدُنْيَا يُصِيبُهَا أَوْ امْرَأَةٍ يَنْكِحُهَا فَهِجْرَتُهُ إلَى مَا هَاجَرَ إلَيْهِ. رَوَاهُ إِمَامَا<br>\r\nالْمُحَدِّثِينَ أَبُو عَبْدِ اللهِ مُحَمَّدُ بنُ إِسْمَاعِيل بن إِبْرَاهِيم بن الْمُغِيرَة بن بَرْدِزبَه<br>\r\nالْبُخَارِيُّ الْجُعْفِيُّ، وَأَبُو الْحُسَيْنِ مُسْلِمٌ بنُ الْحَجَّاج بن مُسْلِم الْقُشَيْرِيُّ<br>\r\nالنَّيْسَابُورِيُّ رَضِيَ اللهُ عَنْهُمَا فِي صَحِيحَيْهِمَا اللذَينِ هُمَا أَصَحُّ الْكُتُبِ<br>\r\nالْمُصَنَّفَةِ.</p>',0,1,'2022-03-04 12:03:26','2022-03-04 12:03:26',1);

--
-- Table structure for table `fx_invocation`
--

CREATE TABLE `fx_invocation` (
  `invocation_id` int(11) NOT NULL AUTO_INCREMENT,
  `inv_master_id` int(11) NOT NULL DEFAULT '0',
  `en_invocationTitle` varchar(250) CHARACTER SET utf8 COLLATE utf8_unicode_ci DEFAULT NULL,
  `en_invocationDescription` text CHARACTER SET utf8 COLLATE utf8_unicode_ci,
  `ar_invocationTitle` varchar(250) CHARACTER SET utf8 COLLATE utf8_unicode_ci DEFAULT NULL,
  `ar_invocationDescription` text CHARACTER SET utf8 COLLATE utf8_unicode_ci,
  `is_active` int(11) NOT NULL DEFAULT '1',
  `dateAdded` datetime NOT NULL,
  `dateModified` datetime NOT NULL,
  `status` tinyint(1) NOT NULL DEFAULT '1',
  PRIMARY KEY (`invocation_id`)
) ENGINE=MyISAM AUTO_INCREMENT=6 DEFAULT CHARSET=latin1;

--
-- Dumping data for table `fx_invocation`
--

INSERT INTO `fx_invocation` VALUES (2,1,'Test 1','<p>Test 1 Description Englis</p>\r\n','Test 1','<p>Test 1 Description Ara</p>',1,'2022-03-04 05:38:35','2022-03-04 05:38:35',1),(3,1,'Test 2','<p>Test 2 Des</p>\r\n','Test 2','<p>Test 2  ara</p>',1,'2022-03-04 05:38:54','2022-03-04 05:38:54',1),(4,1,'Test 3','<p>Test 3 desc</p>\r\n','Test 3','<p>Test 3 ara</p>',1,'2022-03-04 05:39:19','2022-03-04 05:39:19',1),(5,2,'Test 4','<p>Test 4 Desc</p>\r\n','Test 4','<p>Test 4 Ara</p>',1,'2022-03-04 05:39:38','2022-03-04 05:39:38',1);

--
-- Table structure for table `fx_invocation_master`
--

CREATE TABLE `fx_invocation_master` (
  `inv_master_id` int(11) NOT NULL AUTO_INCREMENT,
  `title_en` varchar(250) DEFAULT NULL,
  `title_ar` varchar(200) DEFAULT NULL,
  PRIMARY KEY (`inv_master_id`)
) ENGINE=MyISAM AUTO_INCREMENT=3 DEFAULT CHARSET=latin1;

--
-- Dumping data for table `fx_invocation_master`
--

INSERT INTO `fx_invocation_master` VALUES (1,'Morning','Morning'),(2,'Evening','Evening');

--
-- Table structure for table `fx_language`
--

CREATE TABLE `fx_language` (
  `id` int(11) NOT NULL,
  `name` varchar(225) CHARACTER SET utf8 COLLATE utf8_unicode_ci NOT NULL,
  `short_name` varchar(15) NOT NULL,
  `status` int(11) NOT NULL DEFAULT '1',
  `created_at` datetime NOT NULL DEFAULT CURRENT_TIMESTAMP
) ENGINE=InnoDB DEFAULT CHARSET=latin1;

--
-- Dumping data for table `fx_language`
--

INSERT INTO `fx_language` VALUES (2,'English','en',1,'2019-09-16 01:13:17'),(3,'French','fr',1,'2019-09-16 08:11:08');

--
-- Table structure for table `fx_namaz`
--

CREATE TABLE `fx_namaz` (
  `namaz_id` int(11) NOT NULL AUTO_INCREMENT,
  `en_name` varchar(200) DEFAULT NULL,
  `ar_name` varchar(200) CHARACTER SET utf8 COLLATE utf8_croatian_ci DEFAULT NULL,
  `is_active` int(11) NOT NULL DEFAULT '1',
  `dateAdded` datetime NOT NULL,
  `dateModified` datetime NOT NULL,
  PRIMARY KEY (`namaz_id`)
) ENGINE=InnoDB AUTO_INCREMENT=7 DEFAULT CHARSET=latin1;

--
-- Dumping data for table `fx_namaz`
--

INSERT INTO `fx_namaz` VALUES (3,'Mashary Rashed','مشاري راشد',1,'2022-02-27 21:02:25','2022-03-04 00:35:32'),(4,'Masjid Al-Haram','الحرم المكي',1,'2022-02-27 21:02:44','2022-03-04 00:36:49'),(5,'Masjid Nabawi','الحرم النبوي',1,'2022-02-27 21:02:59','2022-03-04 00:38:33'),(6,'Ahmed Naina','أحمد نعينع',1,'2022-03-04 00:39:09','0000-00-00 00:00:00');

--
-- Table structure for table `fx_namaz_audio`
--

CREATE TABLE `fx_namaz_audio` (
  `namazaudio_id` int(11) NOT NULL AUTO_INCREMENT,
  `namaz_id` int(11) NOT NULL DEFAULT '0',
  `prayers_id` int(11) NOT NULL DEFAULT '0',
  `audio` varchar(200) DEFAULT NULL,
  `is_active` tinyint(10) NOT NULL DEFAULT '1',
  `dateAdded` datetime DEFAULT NULL,
  `dateModified` datetime DEFAULT NULL,
  PRIMARY KEY (`namazaudio_id`)
) ENGINE=MyISAM AUTO_INCREMENT=22 DEFAULT CHARSET=latin1;

--
-- Dumping data for table `fx_namaz_audio`
--

INSERT INTO `fx_namaz_audio` VALUES (1,3,1,'039-2.mp3',1,'2022-02-27 21:22:55','2022-03-04 00:52:28'),(2,3,2,'076-2.mp3',1,'2022-02-27 21:23:14',NULL),(3,3,3,'076-2.mp3',1,'2022-02-27 21:23:33',NULL),(4,3,4,'076-2.mp3',1,'2022-02-27 21:23:51',NULL),(5,3,5,'076-2.mp3',1,'2022-02-27 21:24:03',NULL),(6,4,1,'020.mp3',1,'2022-02-27 21:30:57',NULL),(7,4,2,'019.mp3',1,'2022-02-27 21:31:16',NULL),(8,4,3,'019.mp3',1,'2022-02-27 21:32:03',NULL),(9,4,4,'019.mp3',1,'2022-02-27 21:32:37',NULL),(10,4,5,'019.mp3',1,'2022-02-27 21:32:53',NULL),(11,5,1,'038-1.mp3',1,'2022-03-04 00:41:52',NULL),(12,5,2,'074-1.mp3',1,'2022-03-04 00:42:02',NULL),(13,5,3,'074-1.mp3',1,'2022-03-04 00:42:23','2022-03-04 00:56:31'),(14,5,4,'074-1.mp3',1,'2022-03-04 00:43:11','2022-03-04 00:56:54'),(15,5,5,'074-1.mp3',1,'2022-03-04 00:43:35','2022-03-04 00:57:09'),(16,6,1,'035.mp3',1,'2022-03-04 00:43:44','2022-03-04 00:57:42'),(17,6,2,'040.mp3',1,'2022-03-04 00:58:21',NULL),(18,6,3,'040.mp3',1,'2022-03-04 00:58:34','2022-03-04 01:02:15'),(19,6,4,'040.mp3',1,'2022-03-04 00:58:44','2022-03-04 01:02:26'),(20,6,5,'040.mp3',1,'2022-03-04 00:58:53','2022-03-04 01:02:43');

--
-- Table structure for table `fx_payments`
--

CREATE TABLE `fx_payments` (
  `id` int(11) NOT NULL AUTO_INCREMENT,
  `admin_id` int(11) NOT NULL,
  `user_id` int(11) NOT NULL,
  `company_id` int(11) NOT NULL,
  `invoice_no` varchar(30) NOT NULL,
  `txn_id` varchar(255) NOT NULL,
  `items_detail` longtext NOT NULL,
  `sub_total` decimal(10,2) NOT NULL,
  `total_tax` decimal(10,2) NOT NULL,
  `discount` decimal(10,2) NOT NULL,
  `grand_total` decimal(10,2) NOT NULL,
  `currency` varchar(20) NOT NULL,
  `payment_method` varchar(50) NOT NULL,
  `payment_status` varchar(30) NOT NULL,
  `client_note` longtext NOT NULL,
  `termsncondition` longtext NOT NULL,
  `due_date` date NOT NULL,
  `created_date` date NOT NULL,
  `updated_date` date DEFAULT NULL,
  PRIMARY KEY (`id`)
) ENGINE=MyISAM AUTO_INCREMENT=10 DEFAULT CHARSET=utf8;

--
-- Dumping data for table `fx_payments`
--

INSERT INTO `fx_payments` VALUES (4,31,3,9,'INV-2001','','a:5:{s:19:\"product_description\";a:1:{i:0;s:17:\"Samsung Galaxy S3\";}s:8:\"quantity\";a:1:{i:0;s:1:\"1\";}s:5:\"price\";a:1:{i:0;s:4:\"1000\";}s:3:\"tax\";a:1:{i:0;s:1:\"2\";}s:5:\"total\";a:1:{i:0;s:7:\"1000.00\";}}',1000.00,20.00,5.00,1015.00,'USD','','Paid','Will be delivered within next 24 hours','Lorem ipsum dolor sit amet, consectetur adipiscing elit, sed do eiusmod tempor incididunt ut labore et dolore magna aliqua. Ut enim ad minim veniam, quis nostrud exercitation ullamco laboris nisi ut aliquip ex ea commodo consequat. Duis aute irure dolor in reprehenderit in voluptate velit esse cillum dolore eu fugiat nulla pariatur. Excepteur sint occaecat cupidatat non proident, sunt in culpa qui officia deserunt mollit anim id est laborum.','2017-11-29','2017-12-06','2019-11-17'),(2,24,32,7,'INV-1001','','a:5:{s:19:\"product_description\";a:1:{i:0;s:9:\"Galaxy S6\";}s:8:\"quantity\";a:1:{i:0;s:1:\"1\";}s:5:\"price\";a:1:{i:0;s:4:\"1000\";}s:3:\"tax\";a:1:{i:0;s:1:\"5\";}s:5:\"total\";a:1:{i:0;s:7:\"1000.00\";}}',1000.00,50.00,2.00,1048.00,'USD','','Paid','Lorem ipsum dolor sit amet, consectetur adipiscing elit, sed do eiusmod tempor incididunt ut labore et dolore magna aliqua.','Lorem ipsum dolor sit amet, consectetur adipiscing elit, sed do eiusmod tempor incididunt ut labore et dolore magna aliqua. Ut enim ad minim veniam, quis nostrud exercitation ullamco laboris nisi ut aliquip ex ea commodo consequat. Duis aute irure dolor in reprehenderit in voluptate velit esse cillum dolore eu fugiat nulla pariatur. Excepteur sint occaecat cupidatat non proident, sunt in culpa qui officia deserunt mollit anim id est laborum.','2017-12-20','2017-12-12','2019-03-13'),(3,3,33,8,'INV-2002','','a:5:{s:19:\"product_description\";a:1:{i:0;s:17:\"Samsung Galaxy S3\";}s:8:\"quantity\";a:1:{i:0;s:1:\"1\";}s:5:\"price\";a:1:{i:0;s:2:\"10\";}s:3:\"tax\";a:1:{i:0;s:1:\"2\";}s:5:\"total\";a:1:{i:0;s:5:\"10.00\";}}',10.00,0.20,1.00,9.20,'USD','','Paid','test','Lorem ipsum dolor sit amet, consectetur adipiscing elit, sed do eiusmod tempor incididunt ut labore et dolore magna aliqua. Ut enim ad minim veniam, quis nostrud exercitation ullamco laboris nisi ut aliquip ex ea commodo consequat. Duis aute irure dolor in reprehenderit in voluptate velit esse cillum dolore eu fugiat nulla pariatur. Excepteur sint occaecat cupidatat non proident, sunt in culpa qui officia deserunt mollit anim id est laborum.','2017-12-06','2017-12-06','2018-04-26'),(5,24,3,10,'10021','','a:5:{s:19:\"product_description\";a:2:{i:0;s:9:\"Galaxy S7\";i:1;s:9:\"Galaxy S8\";}s:8:\"quantity\";a:2:{i:0;s:1:\"1\";i:1;s:1:\"3\";}s:5:\"price\";a:2:{i:0;s:3:\"300\";i:1;s:3:\"700\";}s:3:\"tax\";a:2:{i:0;s:1:\"0\";i:1;s:1:\"2\";}s:5:\"total\";a:2:{i:0;s:6:\"300.00\";i:1;s:7:\"2100.00\";}}',2400.00,42.00,1.00,2441.00,'USD','','Paid','Will be delivered on next Friday','Lorem ipsum dolor sit amet, consectetur adipiscing elit, sed do eiusmod tempor incididunt ut labore et dolore magna aliqua. Ut enim ad minim veniam, quis nostrud exercitation ullamco laboris nisi ut aliquip ex ea commodo consequat. Duis aute irure dolor in reprehenderit in voluptate velit esse cillum dolore eu fugiat nulla pariatur. Excepteur sint occaecat cupidatat non proident, sunt in culpa qui officia deserunt mollit anim id est laborum.','2018-04-20','2018-04-11','2019-01-27'),(6,31,3,11,'INV-100012','','a:5:{s:19:\"product_description\";a:1:{i:0;s:9:\"dfwwertw`\";}s:8:\"quantity\";a:1:{i:0;s:1:\"1\";}s:5:\"price\";a:1:{i:0;s:3:\"300\";}s:3:\"tax\";a:1:{i:0;s:2:\"90\";}s:5:\"total\";a:1:{i:0;s:6:\"300.00\";}}',300.00,270.00,0.00,570.00,'USD','','Paid','','Lorem ipsum dolor sit amet, consectetur adipiscing elit, sed do eiusmod tempor incididunt ut labore et dolore magna aliqua. Ut enim ad minim veniam, quis nostrud exercitation ullamco laboris nisi ut aliquip ex ea commodo consequat. Duis aute irure dolor in reprehenderit in voluptate velit esse cillum dolore eu fugiat nulla pariatur. Excepteur sint occaecat cupidatat non proident, sunt in culpa qui officia deserunt mollit anim id est laborum.','2019-11-06','2019-11-04',NULL),(7,31,3,12,'INV0991','','a:5:{s:19:\"product_description\";a:1:{i:0;s:7:\"asdfasd\";}s:8:\"quantity\";a:1:{i:0;s:1:\"3\";}s:5:\"price\";a:1:{i:0;s:2:\"20\";}s:3:\"tax\";a:1:{i:0;s:1:\"0\";}s:5:\"total\";a:1:{i:0;s:5:\"60.00\";}}',60.00,0.00,0.00,60.00,'USD','','Unpaid','','Lorem ipsum dolor sit amet, consectetur adipiscing elit, sed do eiusmod tempor incididunt ut labore et dolore magna aliqua. Ut enim ad minim veniam, quis nostrud exercitation ullamco laboris nisi ut aliquip ex ea commodo consequat. Duis aute irure dolor in reprehenderit in voluptate velit esse cillum dolore eu fugiat nulla pariatur. Excepteur sint occaecat cupidatat non proident, sunt in culpa qui officia deserunt mollit anim id est laborum.','2019-10-29','2019-04-25',NULL),(8,31,33,13,'222','','a:5:{s:19:\"product_description\";a:1:{i:0;s:6:\"asdfq`\";}s:8:\"quantity\";a:1:{i:0;s:2:\"27\";}s:5:\"price\";a:1:{i:0;s:2:\"50\";}s:3:\"tax\";a:1:{i:0;s:1:\"0\";}s:5:\"total\";a:1:{i:0;s:7:\"1350.00\";}}',1350.00,0.00,0.00,1350.00,'USD','','Unpaid','','Lorem ipsum dolor sit amet, consectetur adipiscing elit, sed do eiusmod tempor incididunt ut labore et dolore magna aliqua. Ut enim ad minim veniam, quis nostrud exercitation ullamco laboris nisi ut aliquip ex ea commodo consequat. Duis aute irure dolor in reprehenderit in voluptate velit esse cillum dolore eu fugiat nulla pariatur. Excepteur sint occaecat cupidatat non proident, sunt in culpa qui officia deserunt mollit anim id est laborum.','2019-10-30','2019-04-10',NULL),(9,31,33,14,'1333','','a:5:{s:19:\"product_description\";a:1:{i:0;s:7:\"asdfasd\";}s:8:\"quantity\";a:1:{i:0;s:2:\"30\";}s:5:\"price\";a:1:{i:0;s:2:\"59\";}s:3:\"tax\";a:1:{i:0;s:1:\"0\";}s:5:\"total\";a:1:{i:0;s:7:\"1770.00\";}}',1770.00,0.00,0.00,1770.00,'USD','','Unpaid','','Lorem ipsum dolor sit amet, consectetur adipiscing elit, sed do eiusmod tempor incididunt ut labore et dolore magna aliqua. Ut enim ad minim veniam, quis nostrud exercitation ullamco laboris nisi ut aliquip ex ea commodo consequat. Duis aute irure dolor in reprehenderit in voluptate velit esse cillum dolore eu fugiat nulla pariatur. Excepteur sint occaecat cupidatat non proident, sunt in culpa qui officia deserunt mollit anim id est laborum.','2019-11-14','2019-11-01',NULL);

--
-- Table structure for table `fx_prayers`
--

CREATE TABLE `fx_prayers` (
  `prayers_id` int(11) NOT NULL AUTO_INCREMENT,
  `en_title` varchar(200) NOT NULL,
  `ar_title` varchar(200) CHARACTER SET utf8 COLLATE utf8_croatian_ci NOT NULL,
  `image` varchar(200) NOT NULL,
  `order` tinyint(10) NOT NULL DEFAULT '0',
  `is_active` tinyint(1) NOT NULL DEFAULT '1',
  `status` tinyint(1) NOT NULL DEFAULT '1',
  `date` datetime NOT NULL,
  `date_modified` datetime NOT NULL,
  PRIMARY KEY (`prayers_id`)
) ENGINE=InnoDB AUTO_INCREMENT=14 DEFAULT CHARSET=latin1;

--
-- Dumping data for table `fx_prayers`
--

INSERT INTO `fx_prayers` VALUES (1,'Fajr','الفجر','img-1.png',1,1,1,'2022-02-22 20:12:00','2022-02-24 04:02:12'),(2,'Dhuhr','الظهر','img-2.png',2,1,1,'2022-02-22 00:59:00','2022-02-24 04:02:43'),(3,'Asr','العصر','img-3.png',3,1,1,'2022-02-22 03:47:00','2022-02-24 04:02:15'),(4,'Maghrib','المغرب','img-4.png',4,1,1,'2022-02-22 22:02:00','2022-02-24 04:02:32'),(5,'Isha','العشاء','img-5.png',5,1,1,'2022-02-22 20:12:00','2022-02-24 04:02:44');

--
-- Table structure for table `fx_products`
--

CREATE TABLE `fx_products` (
  `product_id` int(11) NOT NULL AUTO_INCREMENT,
  `product_title` varchar(250) DEFAULT NULL,
  `product_description` text,
  `manufacture_name` varchar(250) DEFAULT NULL,
  `created_at` datetime NOT NULL,
  `updated_at` datetime NOT NULL,
  PRIMARY KEY (`product_id`)
) ENGINE=InnoDB DEFAULT CHARSET=latin1;

--
-- Dumping data for table `fx_products`
--


--
-- Table structure for table `fx_prophetic`
--

CREATE TABLE `fx_prophetic` (
  `propheticBiographyId` int(11) NOT NULL AUTO_INCREMENT,
  `en__title` varchar(200) CHARACTER SET utf8 COLLATE utf8_unicode_ci NOT NULL,
  `en_discription` text CHARACTER SET utf8 COLLATE utf8_unicode_ci NOT NULL,
  `ar_title` varchar(200) CHARACTER SET utf8 COLLATE utf8_unicode_ci NOT NULL,
  `ar_discription` text CHARACTER SET utf8 COLLATE utf8_unicode_ci NOT NULL,
  `is_active` tinyint(4) NOT NULL DEFAULT '1',
  `is_admin` tinyint(4) NOT NULL DEFAULT '0',
  `dateAdded` datetime NOT NULL,
  `dateModified` datetime NOT NULL,
  `status` tinyint(1) NOT NULL DEFAULT '1',
  PRIMARY KEY (`propheticBiographyId`)
) ENGINE=InnoDB AUTO_INCREMENT=4 DEFAULT CHARSET=utf8mb4;

--
-- Dumping data for table `fx_prophetic`
--

INSERT INTO `fx_prophetic` VALUES (1,'أحوال العرب قبل الإسلام 1','<p>كان العرب في شبه الجزيرة العربية قبل بعثة الرسول صلى الله عليه وسلم يعبدون الأصنام من دون الله، ويقدمون لها القرابين، ويسجدون لها، ويتوسلون بها، وهي أحجار لا تضر ولا تنفع، وكان حول الكعبة ثلاثمائة وستون صنمًا. ومن عجيب أمرهم أن أحدهم كان يشتري العجوة، ويصنع منها صنمًا، ثم يعبده ويسجد له، ويسأله أن يحجب عنه الشر ويجلب له الخير، فإذا شعر بالجوع أكل إلهه!! ثم يأخذ كأسًا من الخمر، يشربها حتى يفقد وعيه، وفي ذلك الزمان كانت تحدث أشياء غريبة وعجيبة، فالناس يطوفون عرايا حول الكعبة، وقد تجردوا من ملابسهم بلا حياء، يصفقون ويصفرون ويصيحون بلا نظام، وقد وصف الله -عز وجل- صلاتهم فقال: {وما كان صلاتهم عند البيت إلا مكاء وتصدية فذوقوا العذاب بما كنتم تكفرون} [الأنفال:35]. وكانت الحروب تقوم بينهم لأتفه الأسباب، وتستمر مشتعلة أعوامًا طويلة فهذان رجلان يقتتلان، فيجتمع الناس حولهما، وتناصر كل قبيلة صاحبها، لم يسألوا عن الظالم ولا عن المظلوم، وتقوم الحرب في لمح البصر، ولا تنتهي حتى يموت الرجال، وانتشرت بينهم العادات السيئة مثل: شرب الخمر، وقطع الطرق والزنا. وكانت بعض القبائل تهين المرأة، وينظرون إليها باحتقار، فهي في اعتقادهم عار كبير عليهم أن يتخلصوا منها، فكان الرجل منهم إذا ولدت له أنثى؛ حزن حزنًا شديدًا. قال تعالى: {وَإِذَا بُشِّرَ أَحَدُهُمْ بِالأُنثَى ظَلَّ وَجْهُهُ مُسْوَدًّا وَهُوَ كَظِيمٌ * يَتَوَارَى مِنَ الْقَوْمِ مِن سُوءِ مَا بُشِّرَ بِهِ أَيُمْسِكُهُ عَلَى هُونٍ أَمْ يَدُسُّهُ فِي التُّرَابِ أَلاَ سَاء مَا يَحْكُمُونَ} _[النحل: 58-59] وقد يصل به الأمر إلى أن يدفنها وهي حية، وهي العادة التي عرفت عندهم بوأد البنات. فهذا رجل يحمل طفلته ويسير بها إلى الصحراء فوق الرمال المحرقة، ويحفر حفرة ثم يضع ابنته فيها وهي حية، ولا تستطيع الطفلة البريئة أن تدافع عن نفسها؛ بل تناديه: أبتاه.. أبتاه.. فلا يرحم براءتها ولا ضعفها، ولا يستجيب لندائها.. بل يهيل عليها الرمال، ثم يمشي رافعًا رأسه كأنه لم يفعل شيئًا!! قال تعالى: {وإذا الموءودة سئلت بأي ذنب قتلت} [التكوير: 7-8] وليس هذا الأمر عامًا بين العرب، فقد كانت بعض القبائل تمنع وأد البنات. وكان الظلم ينتشر في المجتمع؛ فالقوى لا يرحم الضعيف، والغني لا يعطف على الفقير، بل يُسخره لخدمته، وإن أقرضه مالا؛ فإنه يقرضه بالربا، فإذا اقترض الفقير دينارًا؛ يرده دينارين، فيزداد فقرًا، ويزداد الغني ثراء، وكانت القبائل متفرقة، لكل قبيلة رئيس، وهم لا يخضعون لقانون منظم، ومع كل هذا الجهل والظلام في ذلك العصر المسمى بالعصر الجاهلي، كانت هناك بعض الصفات الطيبة والنبيلة؛ كإكرام الضيف، فإذا جاء ضيف على أحدهم بذل له كل ما عنده، ولم يبخل عليه بشىء، فها هو ذا حاتم الطائي لم يجد ما يطعم به ضيوفه؛ فذبح فرسه -وقد كانوا يأكلون لحم الخيل- وأطعمهم قبل أن يأكل هو. وكانوا ينصرون المستغيث فإذا نادى إنسان، وقال: إني مظلوم اجتمعوا حوله وردوا إليه حقه، وقد حدث ذات مرة أن جاء رجل يستغيث، وينادي بأعلى صوته في زعماء قريش أن ينصروه على العاص بن وائل الذي اشترى منه بضاعته، ورفض أن يعطيه ثمنها؛ فتجمع زعماء قريش في دار عبدالله بن جدعان وتحالفوا على أن ينصروا المظلوم، ويأخذوا حقه من الظالم، وسموا ذلك الاتفاق حلف الفضول، وذهبوا إلى العاص بن وائل، وأخذوا منه ثمن البضاعة، وأعطوه لصاحبه. وفي هذا المجتمع ولد محمد صلى الله عليه وسلم من أسرة كريمة المعدن، نبيلة النسب، جمعت ما في العرب من فضائل، قال رسول الله صلى الله عليه وسلم عن نفسه: (إن الله اصطفى كنانة من ولد إسماعيل، واصطفى قريشًا من كنانة واصطفي من قريش بني هاشم، واصطفاني من بني هاشم) [مسلم].</p>\r\n','أحوال العرب قبل الإسلام1','<p>كان العرب في شبه الجزيرة العربية قبل بعثة الرسول صلى الله عليه وسلم يعبدون الأصنام من دون الله، ويقدمون لها القرابين، ويسجدون لها، ويتوسلون بها، وهي أحجار لا تضر ولا تنفع، وكان حول الكعبة ثلاثمائة وستون صنمًا. ومن عجيب أمرهم أن أحدهم كان يشتري العجوة، ويصنع منها صنمًا، ثم يعبده ويسجد له، ويسأله أن يحجب عنه الشر ويجلب له الخير، فإذا شعر بالجوع أكل إلهه!! ثم يأخذ كأسًا من الخمر، يشربها حتى يفقد وعيه، وفي ذلك الزمان كانت تحدث أشياء غريبة وعجيبة، فالناس يطوفون عرايا حول الكعبة، وقد تجردوا من ملابسهم بلا حياء، يصفقون ويصفرون ويصيحون بلا نظام، وقد وصف الله -عز وجل- صلاتهم فقال: {وما كان صلاتهم عند البيت إلا مكاء وتصدية فذوقوا العذاب بما كنتم تكفرون} [الأنفال:35]. وكانت الحروب تقوم بينهم لأتفه الأسباب، وتستمر مشتعلة أعوامًا طويلة فهذان رجلان يقتتلان، فيجتمع الناس حولهما، وتناصر كل قبيلة صاحبها، لم يسألوا عن الظالم ولا عن المظلوم، وتقوم الحرب في لمح البصر، ولا تنتهي حتى يموت الرجال، وانتشرت بينهم العادات السيئة مثل: شرب الخمر، وقطع الطرق والزنا. وكانت بعض القبائل تهين المرأة، وينظرون إليها باحتقار، فهي في اعتقادهم عار كبير عليهم أن يتخلصوا منها، فكان الرجل منهم إذا ولدت له أنثى؛ حزن حزنًا شديدًا. قال تعالى: {وَإِذَا بُشِّرَ أَحَدُهُمْ بِالأُنثَى ظَلَّ وَجْهُهُ مُسْوَدًّا وَهُوَ كَظِيمٌ * يَتَوَارَى مِنَ الْقَوْمِ مِن سُوءِ مَا بُشِّرَ بِهِ أَيُمْسِكُهُ عَلَى هُونٍ أَمْ يَدُسُّهُ فِي التُّرَابِ أَلاَ سَاء مَا يَحْكُمُونَ} _[النحل: 58-59] وقد يصل به الأمر إلى أن يدفنها وهي حية، وهي العادة التي عرفت عندهم بوأد البنات. فهذا رجل يحمل طفلته ويسير بها إلى الصحراء فوق الرمال المحرقة، ويحفر حفرة ثم يضع ابنته فيها وهي حية، ولا تستطيع الطفلة البريئة أن تدافع عن نفسها؛ بل تناديه: أبتاه.. أبتاه.. فلا يرحم براءتها ولا ضعفها، ولا يستجيب لندائها.. بل يهيل عليها الرمال، ثم يمشي رافعًا رأسه كأنه لم يفعل شيئًا!! قال تعالى: {وإذا الموءودة سئلت بأي ذنب قتلت} [التكوير: 7-8] وليس هذا الأمر عامًا بين العرب، فقد كانت بعض القبائل تمنع وأد البنات. وكان الظلم ينتشر في المجتمع؛ فالقوى لا يرحم الضعيف، والغني لا يعطف على الفقير، بل يُسخره لخدمته، وإن أقرضه مالا؛ فإنه يقرضه بالربا، فإذا اقترض الفقير دينارًا؛ يرده دينارين، فيزداد فقرًا، ويزداد الغني ثراء، وكانت القبائل متفرقة، لكل قبيلة رئيس، وهم لا يخضعون لقانون منظم، ومع كل هذا الجهل والظلام في ذلك العصر المسمى بالعصر الجاهلي، كانت هناك بعض الصفات الطيبة والنبيلة؛ كإكرام الضيف، فإذا جاء ضيف على أحدهم بذل له كل ما عنده، ولم يبخل عليه بشىء، فها هو ذا حاتم الطائي لم يجد ما يطعم به ضيوفه؛ فذبح فرسه -وقد كانوا يأكلون لحم الخيل- وأطعمهم قبل أن يأكل هو. وكانوا ينصرون المستغيث فإذا نادى إنسان، وقال: إني مظلوم اجتمعوا حوله وردوا إليه حقه، وقد حدث ذات مرة أن جاء رجل يستغيث، وينادي بأعلى صوته في زعماء قريش أن ينصروه على العاص بن وائل الذي اشترى منه بضاعته، ورفض أن يعطيه ثمنها؛ فتجمع زعماء قريش في دار عبدالله بن جدعان وتحالفوا على أن ينصروا المظلوم، ويأخذوا حقه من الظالم، وسموا ذلك الاتفاق حلف الفضول، وذهبوا إلى العاص بن وائل، وأخذوا منه ثمن البضاعة، وأعطوه لصاحبه. وفي هذا المجتمع ولد محمد صلى الله عليه وسلم من أسرة كريمة المعدن، نبيلة النسب، جمعت ما في العرب من فضائل، قال رسول الله صلى الله عليه وسلم عن نفسه: (إن الله اصطفى كنانة من ولد إسماعيل، واصطفى قريشًا من كنانة واصطفي من قريش بني هاشم، واصطفاني من بني هاشم) [مسلم].</p>',1,0,'2022-03-04 01:03:04','2022-03-04 01:03:04',1),(2,'نسب النبي صلى الله عليه وسلم2','<p>هو محمد بن عبد الله بن عبد المطلب بن هاشم بن عبد مناف بن قصي بن كلاب بن مرة بن كعب بن لؤى بن غالب بن فهر بن مالك بن النضر بن كنانة بن خزيمة بن مدركة بن إلياس بن مضر بن نزار بن معد بن عدنان الذي يصل نسبه إلى إسماعيل بن إبراهيم -عليهما الصلاة والسلام.. جده هاشم وحكاية الثريد: كان عمرو بن عبد مناف الجد الأكبر للرسول صلى الله عليه وسلم رجلا كريمًا فقد حدث في عصره أن نزل القحط بالناس، فلم يجدوا ما يأكلون، وكادوا يموتون جوعًا، وبدأ كل إنسان يفكر في نجاة نفسه فقط، فالذي عنده طعام يحرص عليه ويحجبه عن الناس، فذهب عمرو إلى بيته وأخرج ما عنده من الطعام، وأخذ يهشم الثريد (أي: يكسر الخبز في المرق) لقومه ويطعمهم، فسموه (هاشمًا)؛ لأنه كريم يهشم ثريده للناس جميعًا. وعندما ضاق الرزق في مكة أراد هاشم أن يخفف عن أهلها، فسافر إلى الشام صيفًا، وإلى اليمن شتاء؛ من أجل التجارة، فكان أول من علَّم الناس هاتين الرحلتين، وفي إحدى الرحلات، وبينما هاشم في طريقه للشام مر بيثرب، فتزوج سلمى بنت عمرو إحدى نساء بني النجار، وتركها وهي حامل بابنه عبد المطلب لتلد بين أهلها الذين اشترطوا عليه ذلك عند زواجه منها. جده عبدالمطلب وحكاية الكنز: كان عبد المطلب بن هاشم جد الرسول الكريم صلى الله عليه وسلم يسقي الحجيج الذين يأتون للطواف حول الكعبة، ويقوم على رعاية بيت الله الحرام فالتف الناس حوله، فكان زعيمهم وأشرفهم، وكان عبدالمطلب يتمنى لو عرف مكان بئر زمزم ليحفرها؛ لأنها كانت قد ردمت بمرور السنين، ولم يَعُد أحد يعرف مكانها، فرأى في منامه ذات ليلة مكان بئر زمزم، فأخبر قومه بذلك ولكنهم لم يصدقوه، فبدأ عبدالمطلب في حفر البئر هو وابنه الحارث، والناس يسخرون منهما، وبينما هما يحفران، تفجر الماء من تحت أقدامهما، والتف الناس حول البئر مسرورين، وظن عبدالمطلب أنهم سيشكرونه، لكنه فوجئ بهم ينازعونه امتلاك البئر، فشعر بالظلم والضعف لأنه ليس له أبناء إلا الحارث، وهو لا يستطيع نصرته، فإذا به يرفع يديه إلى السماء، ويدعو الله أن يرزقه عشرة أبناء من الذكور، ونذر أن يذبح أحدهم تقربًا لله. حكاية الأبناء العشرة : استجاب الله دعوة عبد المطلب، فرزقه عشرة أولاد، وشعر عبدالمطلب بالفرحة فقد تحقق رجاؤه، ورزق بأولاد سيكونون له سندًا وعونًا، لكن فرحته لم تستمر طويلا؛ فقد تذكر النذر الذي قطعه على نفسه، فعليه أن يذبح واحدًا من أولاده، فكر عبدالمطلب طويلا، ثم ترك الاختيار لله تعالى، فأجرى قرعة بين أولاده، فخرجت القرعة على عبدالله أصغر أولاده وأحبهم إلى قلبه، فأصبح عبد المطلب في حيرة؛ أيذبح ولده الحبيب أم يعصى الله ولا يفي بنذره؟ فاستشار قومه، فأشاروا عليه بأن يعيد القرعة، فأعادها مرارًا، لكن القدر كان يختار عبدالله في كل مرة، فازداد قلق عبدالمطلب، فأشارت عليه كاهنة بأن يفتدي ولده بالإبل، فيجري القرعة بين عبدالله وعشرة من الإبل، ويظل يضاعف عددها، حتى تستقر القرعة على الإبل بدلا من ولده، فعمل عبدالمطلب بنصيحة الكاهنة، واستمر في مضاعفة عدد الإبل حتى بلغت مائة بعير، وعندئذ وقعت القرعة عليها، فذبحها فداء لعبد الله، وفرحت مكة كلها بنجاة عبد الله، وذبح له والده مائة ناقة فداءً له، وازداد عبد المطلب حبًّا لولده، وغمره بعطفه ورعايته. أبوه عبدالله وزواجه المبارك من السيدة آمنة: كان عبد الله أكرم شباب قريش أخلاقًا، وأجملهم منظرًا، وأراد والده عبد المطلب أن يزوجه، فاختار له زوجة صالحة، هي السيدة آمنة بنت وهب بن عبد مناف بن زهرة أطهر نساء بني زهرة، وسيدة نسائهم، والسيدة آمنة تلتقي في نسبها مع عبدالله والد النبي صلى الله عليه وسلم في كلاب بن مرة، وتمر الأيام، ويخرج عبدالله في تجارة إلى الشام، بعد أن ترك زوجته آمنة حاملا ولحكمة يعلمها الله، مات عبد الله قبل أن يرى وليده. حكاية الفيل: وذات يوم، استيقظ أهل مكة على خبر أصابهم بالفزع والرعب، فقد جاء ملك اليمن أبرهة الأشرم الحبشي بجيش كبير، يتقدمه فيل ضخم، يريد هدم الكعبة حتى يتحول الحجيج إلى كنيسته التي بناها في اليمن، وأنفق عليها أموالا كثيرة، واقترب الجيش من بيت الله الحرام، وظهر الخوف والهلع على وجوه أهل مكة، والتف الناس حول عبدالمطلب الذي قال لأبرهة بلسان الواثق من نصر الله تعالى: (للبيت رب يحميه). فازداد أبرهة عنادًا، وأصرَّ على هدم الكعبة، فوجه الفيل الضخم نحوها، فلما اقترب منها أدار الفيل ظهره ولم يتحرك،، وأرسل الله طيورًا من السماء تحمل حجارة صغيرة، لكنها شديدة صلبة، ألقت بها فوق رءوس جنود أبرهة فقتلتهم وأهلكتهم. قال تعالى: {ألم تر كيف فعل ربك بأصحاب الفيل. ألم يجعل كيدهم في تضليل. وأرسل عليهم طيرًا أبابيل. ترميهم بحجارة من سجيل فجعلهم كعصف مأكول} [الفيل] وفي هذا العام ولد الرسول صلى الله عليه وسلم.</p>\r\n','نسب النبي صلى الله عليه وسلم2','<p>هو محمد بن عبد الله بن عبد المطلب بن هاشم بن عبد مناف بن قصي بن كلاب بن مرة بن كعب بن لؤى بن غالب بن فهر بن مالك بن النضر بن كنانة بن خزيمة بن مدركة بن إلياس بن مضر بن نزار بن معد بن عدنان الذي يصل نسبه إلى إسماعيل بن إبراهيم -عليهما الصلاة والسلام.. جده هاشم وحكاية الثريد: كان عمرو بن عبد مناف الجد الأكبر للرسول صلى الله عليه وسلم رجلا كريمًا فقد حدث في عصره أن نزل القحط بالناس، فلم يجدوا ما يأكلون، وكادوا يموتون جوعًا، وبدأ كل إنسان يفكر في نجاة نفسه فقط، فالذي عنده طعام يحرص عليه ويحجبه عن الناس، فذهب عمرو إلى بيته وأخرج ما عنده من الطعام، وأخذ يهشم الثريد (أي: يكسر الخبز في المرق) لقومه ويطعمهم، فسموه (هاشمًا)؛ لأنه كريم يهشم ثريده للناس جميعًا. وعندما ضاق الرزق في مكة أراد هاشم أن يخفف عن أهلها، فسافر إلى الشام صيفًا، وإلى اليمن شتاء؛ من أجل التجارة، فكان أول من علَّم الناس هاتين الرحلتين، وفي إحدى الرحلات، وبينما هاشم في طريقه للشام مر بيثرب، فتزوج سلمى بنت عمرو إحدى نساء بني النجار، وتركها وهي حامل بابنه عبد المطلب لتلد بين أهلها الذين اشترطوا عليه ذلك عند زواجه منها. جده عبدالمطلب وحكاية الكنز: كان عبد المطلب بن هاشم جد الرسول الكريم صلى الله عليه وسلم يسقي الحجيج الذين يأتون للطواف حول الكعبة، ويقوم على رعاية بيت الله الحرام فالتف الناس حوله، فكان زعيمهم وأشرفهم، وكان عبدالمطلب يتمنى لو عرف مكان بئر زمزم ليحفرها؛ لأنها كانت قد ردمت بمرور السنين، ولم يَعُد أحد يعرف مكانها، فرأى في منامه ذات ليلة مكان بئر زمزم، فأخبر قومه بذلك ولكنهم لم يصدقوه، فبدأ عبدالمطلب في حفر البئر هو وابنه الحارث، والناس يسخرون منهما، وبينما هما يحفران، تفجر الماء من تحت أقدامهما، والتف الناس حول البئر مسرورين، وظن عبدالمطلب أنهم سيشكرونه، لكنه فوجئ بهم ينازعونه امتلاك البئر، فشعر بالظلم والضعف لأنه ليس له أبناء إلا الحارث، وهو لا يستطيع نصرته، فإذا به يرفع يديه إلى السماء، ويدعو الله أن يرزقه عشرة أبناء من الذكور، ونذر أن يذبح أحدهم تقربًا لله. حكاية الأبناء العشرة : استجاب الله دعوة عبد المطلب، فرزقه عشرة أولاد، وشعر عبدالمطلب بالفرحة فقد تحقق رجاؤه، ورزق بأولاد سيكونون له سندًا وعونًا، لكن فرحته لم تستمر طويلا؛ فقد تذكر النذر الذي قطعه على نفسه، فعليه أن يذبح واحدًا من أولاده، فكر عبدالمطلب طويلا، ثم ترك الاختيار لله تعالى، فأجرى قرعة بين أولاده، فخرجت القرعة على عبدالله أصغر أولاده وأحبهم إلى قلبه، فأصبح عبد المطلب في حيرة؛ أيذبح ولده الحبيب أم يعصى الله ولا يفي بنذره؟ فاستشار قومه، فأشاروا عليه بأن يعيد القرعة، فأعادها مرارًا، لكن القدر كان يختار عبدالله في كل مرة، فازداد قلق عبدالمطلب، فأشارت عليه كاهنة بأن يفتدي ولده بالإبل، فيجري القرعة بين عبدالله وعشرة من الإبل، ويظل يضاعف عددها، حتى تستقر القرعة على الإبل بدلا من ولده، فعمل عبدالمطلب بنصيحة الكاهنة، واستمر في مضاعفة عدد الإبل حتى بلغت مائة بعير، وعندئذ وقعت القرعة عليها، فذبحها فداء لعبد الله، وفرحت مكة كلها بنجاة عبد الله، وذبح له والده مائة ناقة فداءً له، وازداد عبد المطلب حبًّا لولده، وغمره بعطفه ورعايته. أبوه عبدالله وزواجه المبارك من السيدة آمنة: كان عبد الله أكرم شباب قريش أخلاقًا، وأجملهم منظرًا، وأراد والده عبد المطلب أن يزوجه، فاختار له زوجة صالحة، هي السيدة آمنة بنت وهب بن عبد مناف بن زهرة أطهر نساء بني زهرة، وسيدة نسائهم، والسيدة آمنة تلتقي في نسبها مع عبدالله والد النبي صلى الله عليه وسلم في كلاب بن مرة، وتمر الأيام، ويخرج عبدالله في تجارة إلى الشام، بعد أن ترك زوجته آمنة حاملا ولحكمة يعلمها الله، مات عبد الله قبل أن يرى وليده. حكاية الفيل: وذات يوم، استيقظ أهل مكة على خبر أصابهم بالفزع والرعب، فقد جاء ملك اليمن أبرهة الأشرم الحبشي بجيش كبير، يتقدمه فيل ضخم، يريد هدم الكعبة حتى يتحول الحجيج إلى كنيسته التي بناها في اليمن، وأنفق عليها أموالا كثيرة، واقترب الجيش من بيت الله الحرام، وظهر الخوف والهلع على وجوه أهل مكة، والتف الناس حول عبدالمطلب الذي قال لأبرهة بلسان الواثق من نصر الله تعالى: (للبيت رب يحميه). فازداد أبرهة عنادًا، وأصرَّ على هدم الكعبة، فوجه الفيل الضخم نحوها، فلما اقترب منها أدار الفيل ظهره ولم يتحرك،، وأرسل الله طيورًا من السماء تحمل حجارة صغيرة، لكنها شديدة صلبة، ألقت بها فوق رءوس جنود أبرهة فقتلتهم وأهلكتهم. قال تعالى: {ألم تر كيف فعل ربك بأصحاب الفيل. ألم يجعل كيدهم في تضليل. وأرسل عليهم طيرًا أبابيل. ترميهم بحجارة من سجيل فجعلهم كعصف مأكول} [الفيل] وفي هذا العام ولد الرسول صلى الله عليه وسلم.</p>',1,0,'2022-03-04 01:03:33','2022-03-04 01:03:33',1),(3,'ميلاد الرسول وطفولته3','<p>في يوم الاثنين الثاني عشر من شهر ربيع الأول الذي يوافق عام (175م) ولدت السيدة آمنة بنت وهب زوجة عبد الله بن عبد المطلب غلامًا جميلا، مشرق الوجه، وخرجت ثويبة الأسلمية خادمة أبي لهب -عم النبي صلى الله عليه وسلم- تهرول إلى سيدها أبي لهب، ووجهها ينطق بالسعادة، وما كادت تصل إليه حتى همست له بالبشرى، فتهلل وجهه، وقال لها من فرط سروره: اذهبي فأنت حرة! وأسرع عبد المطلب إلى بيت ابنه عبد الله ثم خرج حاملا الوليد الجديد، ودخل به الكعبة مسرورًا كأنه يحمل على يديه كلَّ نعيم الدنيا، وأخذ يضمه إلى صدره ويقبله في حنان بالغ، ويشكر الله ويدعوه، وألهمه الله أن يطلق على حفيده اسم محمد. حكاية مرضعة الرسول صلى الله عليه وسلم: جاءت المرضعات من قبيلة بني سعد إلى مكة؛ ليأخذن الأطفال الرُّضَّع إلى البادية حتى ينشئوا هناك أقوياء فصحاء، قادرين على مواجهة أعباء الحياة، وكانت كل مرضعة تبحث عن رضيع من أسرة غنية ووالده حي؛ ليعطيها مالاً كثيرًا، لذلك رفضت كل المرضعات أن يأخذن محمدًا صلى الله عليه وسلم لأنه يتيم، وأخذته السيدة حليمة السعدية لأنها لم تجد رضيعًا غيره، وعاش محمد صلى الله عليه وسلم في قبيلة بني سعد، فكان خيرًا وبركة على حليمة وأهلها، حيث اخضرَّت أرضهم بعد الجدب والجفاف، وجرى اللبن في ضروع الإبل. حكاية شق الصدر: وفي بادية بني سعد وقعت حادثة غريبة، فقد خرج محمد صلى الله عليه وسلم ذات يوم ليلعب مع أخيه من الرضاعة ابن حليمة السعدية، وفي أثناء لعبهما ظهر رجلان فجأة، واتجها نحو محمد صلى الله عليه وسلم فأمسكاه، وأضجعاه على الأرض ثم شقَّا صدره، وكان أخوه من الرضاعة يشاهد عن قرب ما يحدث له، فأسرع نحو أمه وهو يصرخ، ويحكى لها ما حدث. فأسرعت حليمة السعدية وهي مذعورة إلى حيث يوجد الغلام القرشي فهو أمانة عندها، وتخشى عليه أن يصاب بسوء، لكنها على عكس ما تصورت، وجدته واقفًا وحده، قد تأثر بما حدث، فاصفر لونه، فضمته في حنان إلى صدرها، وعادت به إلى البيت، فسألته حليمة: ماذا حدث لك يا محمد؟ فأخذ يقص عليها ما حدث، لقد كان هذان الرجلان ملكين من السماء أرسلهما الله تعالى؛ ليطهرا قلبه ويغسلاه، حتى يتهيأ للرسالة العظيمة التي سيكلفه الله بها. خافت حليمة على محمد، فحملته إلى أمه في مكة، وأخبرتها بما حدث لابنها، فقالت لها السيدة آمنة في ثقة: أتخوفتِ عليه الشيطان؟ فأجابتها حليمة: نعم، فقالت السيدة آمنة: كلا والله ما للشيطان عليه من سبيل، وإن لابني لشأنًا؛ لقد رأيت حين حملت به أنه خرج مني نور، أضاء لي به قصور الشام، وكان حَمْلُه يسيرًا، فرجعت به حليمة إلى قومها بعد أن زال الخوف من قلبها، وظل عندها حتى بلغ عمره خمس سنوات، ثم عاد إلى أمه في مكة. رحلة محمد صلى الله عليه وسلم مع أمه إلى يثرب: وذات يوم، خرجت السيدة آمنة ومعها طفلها محمد وخادمتها أم أيمن من مكة متوجهة إلى يثرب؛ لزيارة قبر زوجها عبد الله، وفاء له، وليعرف ولدها قبر أبيه، ويزور أخوال جده من بني النجار، وكان الجو شديد الحر، وتحملت أعباء هذه الرحلة الطويلة الشاقة، وظلت السيدة آمنة شهرًا في المدينة، وأثناء عودتها مرضت وماتت وهي في الطريق، في مكان يسمى الأبواء، فدفنت فيه، وعادت أم أيمن إلى مكة بالطفل محمد يتيمًا وحيدًا، فعاش مع جده عبدالمطلب، وكان عمر محمد آنذاك ست سنوات. محمد صلى الله عليه وسلم في كفالة جده عبد المطلب: بعد وفاة السيدة آمنة عاش محمد صلى الله عليه وسلم في ظل كفالة جده عبدالمطلب الذي امتلأ قلبه بحب محمد، فكان يؤثر أن يصحبه في مجالسه العامة، ويجلسه على فراشه بجوار الكعبة، ولكن عبدالمطلب فارق الحياة ومحمد في الثامنة من عمره. محمد صلى الله عليه وسلم في كفالة عمه أبي طالب: وتكفَّل به بعد وفاة جده عمه أبو طالب، فقام بتربيته ورعايته هو وزوجته فاطمة بنت أسد، وأخذه مع أبنائه، رغم أنه لم يكن أكثر أعمام النبي صلى الله عليه وسلم مالا، لكنه كان أكثرهم نبلا وشرفًا، فزاد عطفه على محمد صلى الله عليه وسلم حتى إنه كان لا يجلس في مجلس إلا وهو معه، ويناديه بابنه من شدة حبه له. رحلة إلى الشام: خرج محمد صلى الله عليه وسلم مع عمه أبو طالب في رحلة إلى الشام مع القوافل التجارية وعمره اثنا عشر عامًا، وتحركت القافلة، ومضت في طريقها؛ حتى وصلت إلى بلدة اسمها (بصرى) وأثناء سيرها مرت بكوخ يسكنه راهب اسمه (بُحَيْرَى) فلما رأى القافلة خرج إليها، ودقق النظر في وجه محمد صلى الله عليه وسلم طويلا، ثم قال لأبي طالب: ما قرابة هذا الغلام منك؟ فقال أبوطالب: هو ابني -وكان يدعوه بابنه حبًّا له- قال بحيرى: ما هو بابنك، وما ينبغي أن يكون هذا الغلام أبوه حيًّا، قال أبو طالب: هو ابن أخي، فسأله بحيرى: فما فعل أبوه؟ قال أبو طالب: مات وأمه حبلى به؟ فقال له بحيرى: صدقت! فارجع به إلى بلده واحذر عليه اليهود!! فوالله لئن رأوه هنا ليوقعون به شرًّا، فإنه سيكون لابن أخيك هذا شأن عظيم، فأسرع أبو طالب بالعودة إلى مكة وفي صحبته ابن أخيه محمد.</p>\r\n','ميلاد الرسول وطفولته3','<p>في يوم الاثنين الثاني عشر من شهر ربيع الأول الذي يوافق عام (175م) ولدت السيدة آمنة بنت وهب زوجة عبد الله بن عبد المطلب غلامًا جميلا، مشرق الوجه، وخرجت ثويبة الأسلمية خادمة أبي لهب -عم النبي صلى الله عليه وسلم- تهرول إلى سيدها أبي لهب، ووجهها ينطق بالسعادة، وما كادت تصل إليه حتى همست له بالبشرى، فتهلل وجهه، وقال لها من فرط سروره: اذهبي فأنت حرة! وأسرع عبد المطلب إلى بيت ابنه عبد الله ثم خرج حاملا الوليد الجديد، ودخل به الكعبة مسرورًا كأنه يحمل على يديه كلَّ نعيم الدنيا، وأخذ يضمه إلى صدره ويقبله في حنان بالغ، ويشكر الله ويدعوه، وألهمه الله أن يطلق على حفيده اسم محمد. حكاية مرضعة الرسول صلى الله عليه وسلم: جاءت المرضعات من قبيلة بني سعد إلى مكة؛ ليأخذن الأطفال الرُّضَّع إلى البادية حتى ينشئوا هناك أقوياء فصحاء، قادرين على مواجهة أعباء الحياة، وكانت كل مرضعة تبحث عن رضيع من أسرة غنية ووالده حي؛ ليعطيها مالاً كثيرًا، لذلك رفضت كل المرضعات أن يأخذن محمدًا صلى الله عليه وسلم لأنه يتيم، وأخذته السيدة حليمة السعدية لأنها لم تجد رضيعًا غيره، وعاش محمد صلى الله عليه وسلم في قبيلة بني سعد، فكان خيرًا وبركة على حليمة وأهلها، حيث اخضرَّت أرضهم بعد الجدب والجفاف، وجرى اللبن في ضروع الإبل. حكاية شق الصدر: وفي بادية بني سعد وقعت حادثة غريبة، فقد خرج محمد صلى الله عليه وسلم ذات يوم ليلعب مع أخيه من الرضاعة ابن حليمة السعدية، وفي أثناء لعبهما ظهر رجلان فجأة، واتجها نحو محمد صلى الله عليه وسلم فأمسكاه، وأضجعاه على الأرض ثم شقَّا صدره، وكان أخوه من الرضاعة يشاهد عن قرب ما يحدث له، فأسرع نحو أمه وهو يصرخ، ويحكى لها ما حدث. فأسرعت حليمة السعدية وهي مذعورة إلى حيث يوجد الغلام القرشي فهو أمانة عندها، وتخشى عليه أن يصاب بسوء، لكنها على عكس ما تصورت، وجدته واقفًا وحده، قد تأثر بما حدث، فاصفر لونه، فضمته في حنان إلى صدرها، وعادت به إلى البيت، فسألته حليمة: ماذا حدث لك يا محمد؟ فأخذ يقص عليها ما حدث، لقد كان هذان الرجلان ملكين من السماء أرسلهما الله تعالى؛ ليطهرا قلبه ويغسلاه، حتى يتهيأ للرسالة العظيمة التي سيكلفه الله بها. خافت حليمة على محمد، فحملته إلى أمه في مكة، وأخبرتها بما حدث لابنها، فقالت لها السيدة آمنة في ثقة: أتخوفتِ عليه الشيطان؟ فأجابتها حليمة: نعم، فقالت السيدة آمنة: كلا والله ما للشيطان عليه من سبيل، وإن لابني لشأنًا؛ لقد رأيت حين حملت به أنه خرج مني نور، أضاء لي به قصور الشام، وكان حَمْلُه يسيرًا، فرجعت به حليمة إلى قومها بعد أن زال الخوف من قلبها، وظل عندها حتى بلغ عمره خمس سنوات، ثم عاد إلى أمه في مكة. رحلة محمد صلى الله عليه وسلم مع أمه إلى يثرب: وذات يوم، خرجت السيدة آمنة ومعها طفلها محمد وخادمتها أم أيمن من مكة متوجهة إلى يثرب؛ لزيارة قبر زوجها عبد الله، وفاء له، وليعرف ولدها قبر أبيه، ويزور أخوال جده من بني النجار، وكان الجو شديد الحر، وتحملت أعباء هذه الرحلة الطويلة الشاقة، وظلت السيدة آمنة شهرًا في المدينة، وأثناء عودتها مرضت وماتت وهي في الطريق، في مكان يسمى الأبواء، فدفنت فيه، وعادت أم أيمن إلى مكة بالطفل محمد يتيمًا وحيدًا، فعاش مع جده عبدالمطلب، وكان عمر محمد آنذاك ست سنوات. محمد صلى الله عليه وسلم في كفالة جده عبد المطلب: بعد وفاة السيدة آمنة عاش محمد صلى الله عليه وسلم في ظل كفالة جده عبدالمطلب الذي امتلأ قلبه بحب محمد، فكان يؤثر أن يصحبه في مجالسه العامة، ويجلسه على فراشه بجوار الكعبة، ولكن عبدالمطلب فارق الحياة ومحمد في الثامنة من عمره. محمد صلى الله عليه وسلم في كفالة عمه أبي طالب: وتكفَّل به بعد وفاة جده عمه أبو طالب، فقام بتربيته ورعايته هو وزوجته فاطمة بنت أسد، وأخذه مع أبنائه، رغم أنه لم يكن أكثر أعمام النبي صلى الله عليه وسلم مالا، لكنه كان أكثرهم نبلا وشرفًا، فزاد عطفه على محمد صلى الله عليه وسلم حتى إنه كان لا يجلس في مجلس إلا وهو معه، ويناديه بابنه من شدة حبه له. رحلة إلى الشام: خرج محمد صلى الله عليه وسلم مع عمه أبو طالب في رحلة إلى الشام مع القوافل التجارية وعمره اثنا عشر عامًا، وتحركت القافلة، ومضت في طريقها؛ حتى وصلت إلى بلدة اسمها (بصرى) وأثناء سيرها مرت بكوخ يسكنه راهب اسمه (بُحَيْرَى) فلما رأى القافلة خرج إليها، ودقق النظر في وجه محمد صلى الله عليه وسلم طويلا، ثم قال لأبي طالب: ما قرابة هذا الغلام منك؟ فقال أبوطالب: هو ابني -وكان يدعوه بابنه حبًّا له- قال بحيرى: ما هو بابنك، وما ينبغي أن يكون هذا الغلام أبوه حيًّا، قال أبو طالب: هو ابن أخي، فسأله بحيرى: فما فعل أبوه؟ قال أبو طالب: مات وأمه حبلى به؟ فقال له بحيرى: صدقت! فارجع به إلى بلده واحذر عليه اليهود!! فوالله لئن رأوه هنا ليوقعون به شرًّا، فإنه سيكون لابن أخيك هذا شأن عظيم، فأسرع أبو طالب بالعودة إلى مكة وفي صحبته ابن أخيه محمد.</p>',1,0,'2022-03-04 01:03:05','2022-03-04 01:03:05',1);

--
-- Table structure for table `fx_quran`
--

CREATE TABLE `fx_quran` (
  `quranID` int(11) NOT NULL AUTO_INCREMENT,
  `quranreaders_id` int(11) NOT NULL,
  `en_surahName` varchar(200) NOT NULL,
  `ar_surahName` varchar(200) CHARACTER SET utf8 COLLATE utf8_croatian_ci NOT NULL,
  `audioShortFile` varchar(200) NOT NULL,
  `audioLongFile` varchar(200) NOT NULL,
  `is_active` tinyint(1) NOT NULL DEFAULT '1',
  `is_verify` tinyint(4) NOT NULL,
  `dateAdded` datetime NOT NULL,
  `dateModified` datetime NOT NULL,
  `status` tinyint(4) NOT NULL DEFAULT '1',
  PRIMARY KEY (`quranID`)
) ENGINE=InnoDB AUTO_INCREMENT=37 DEFAULT CHARSET=latin1;

--
-- Dumping data for table `fx_quran`
--

INSERT INTO `fx_quran` VALUES (15,2,'Surat Al-Fatihah','سورة الفاتحة','00112.mp3','00113.mp3',1,0,'2022-02-18 03:02:44','2022-02-18 03:02:44',1),(16,44,' Surat Al-Fatihah','سورة الفاتحة','00114.mp3','00115.mp3',1,0,'2022-02-18 03:02:00','2022-02-18 03:02:00',1),(17,3,'Surat Al-Fatihah','سورة الفاتحة','001_(10).mp3','001_(10)1.mp3',1,0,'2022-02-18 03:02:10','2022-02-18 03:02:10',1),(18,4,' Surat Al-Fatihah','سورة الفاتحة','00116.mp3','00117.mp3',1,0,'2022-02-18 03:02:34','2022-02-18 03:02:34',1),(19,5,'Surat Al-Fatihah','سورة الفاتحة','00118.mp3','00119.mp3',1,0,'2022-02-18 03:02:40','2022-02-18 03:02:40',1),(20,20,' Surat Al-Fatihah','سورة الفاتحة','00120.mp3','00121.mp3',1,0,'2022-02-18 03:02:23','2022-02-18 03:02:23',1),(21,6,'Surat Al-Fatihah','سورة الفاتحة','00122.mp3','00123.mp3',1,0,'2022-02-18 03:02:43','2022-02-18 03:02:43',1),(22,7,'Surat Al-Fatihah','سورة الفاتحة','001_(1).mp3','001_(1)1.mp3',1,0,'2022-02-18 03:02:37','2022-02-18 03:02:37',1),(23,37,'Surat Al-Fatihah','سورة الفاتحة','001_(1)2.mp3','001_(1)3.mp3',1,0,'2022-02-18 03:02:58','2022-02-18 03:02:58',1),(24,39,'Surat Al-Fatihah','سورة البقرة','00124.mp3','00125.mp3',1,0,'2022-02-18 03:02:12','2022-02-18 03:02:12',1),(25,41,' Surat Al-Fatihah','سورة البقرة','00126.mp3','00127.mp3',1,0,'2022-02-18 03:02:28','2022-02-18 03:02:28',1),(26,8,'Surat Al-Fatihah','سورة الفاتحة','001_(1)10.mp3','001_(1)11.mp3',1,0,'2022-02-18 03:02:55','2022-02-18 03:02:55',1),(27,43,'Surat Al-Fatihah','سورة آل عمران','001_(1)6.mp3','001_(1)6.mp3',1,0,'2022-02-18 03:02:32','2022-02-18 03:02:32',1),(28,44,'Surat Al-Fatihah','سورة الفاتحة','001_(1)6.mp3','001_(1)7.mp3',1,0,'2022-02-18 03:02:27','2022-02-18 03:02:27',1),(29,44,'Surat Al-Fatihah','سورة الفاتحة','001_(1)6.mp3','001_(1)6.mp3',1,0,'2022-02-18 03:02:52','2022-02-18 03:02:52',1),(30,44,'Surat Al-Fatihah','سورة الفاتحة','00128.mp3','00129.mp3',1,0,'2022-02-18 03:02:00','2022-02-18 03:02:00',1),(31,44,'Surat Ali \'Imran','Surat Ali \'Imran','001_(1)6.mp3','001_(1)6.mp3',1,0,'2022-03-01 10:03:16','2022-03-01 10:03:16',1),(32,2,'Surat Al-Javed','سورة الجويد','','062.mp3',1,0,'2022-03-01 11:03:05','2022-03-01 11:03:05',1),(33,2,'Surat Al-Javed','سورة الجويد','','108.mp3',1,0,'2022-03-01 11:03:59','2022-03-01 11:03:59',1),(34,2,'Surat Al-Javed','سورة الجويد','','110.mp3',1,0,'2022-03-01 11:03:13','2022-03-01 11:03:13',1),(35,2,'Surat Al-Javed','سورة الجويد','','112.mp3',1,0,'2022-03-01 11:03:23','2022-03-01 11:03:23',1),(36,2,'Surat Al-Javed','سورة الجويد','','114.mp3',1,0,'2022-03-01 11:03:41','2022-03-01 11:03:41',1);

--
-- Table structure for table `fx_quranreaders`
--

CREATE TABLE `fx_quranreaders` (
  `quranreaders_id` int(11) NOT NULL AUTO_INCREMENT,
  `en_readerName` varchar(200) NOT NULL,
  `ar_readerName` varchar(200) CHARACTER SET utf8 COLLATE utf8_croatian_ci NOT NULL,
  `date_added` datetime NOT NULL,
  `date_modified` datetime NOT NULL,
  `is_active` tinyint(1) NOT NULL DEFAULT '1',
  `is_admin` tinyint(1) NOT NULL,
  `status` tinyint(1) NOT NULL DEFAULT '1',
  PRIMARY KEY (`quranreaders_id`)
) ENGINE=InnoDB AUTO_INCREMENT=45 DEFAULT CHARSET=latin1;

--
-- Dumping data for table `fx_quranreaders`
--

INSERT INTO `fx_quranreaders` VALUES (1,'Abdullah Awad al-Juhani','??? ???? ???? ??????','2022-01-09 00:00:00','2022-01-09 00:00:00',1,0,0),(2,'Abdullah Awad al-Juhani','عبدالله عوض الجهني','2022-01-09 00:00:00','2022-02-18 03:02:26',1,0,1),(3,'Abdullah Basfar','عبدالله بصفر','2022-01-09 00:00:00','2022-02-18 03:02:57',1,0,1),(4,'Bandar Baleela','بندر بليلة','2022-01-09 00:00:00','2022-02-18 03:02:31',1,0,1),(5,'Dr. Shawqy Hamed [Murattal]','د.شوقي حامد [مراد]','2022-01-09 00:00:00','2022-02-18 03:02:59',1,0,1),(6,'Fares Abbad','فارس عباد','2022-01-09 00:00:00','2022-02-18 03:02:47',1,0,1),(7,'Fatih Seferagic','فاتح سيفراجيك','2022-01-09 00:00:00','2022-02-18 03:02:08',1,0,1),(8,'Hani ar-Rifai','هاني الرفاعي','2022-01-09 00:00:00','2022-02-18 03:02:40',1,0,1),(9,'Hamad Sinan','عبد الله عواد الجهني','2022-01-09 00:00:00','2022-01-09 00:00:00',1,0,0),(10,'Fatih Seferagicc','عبد الله عواد الجهني','2022-01-09 00:00:00','2022-01-09 00:00:00',1,0,0),(11,'test','عبد الله عواد الجهني','2022-01-10 00:00:00','2022-01-10 00:00:00',1,0,0),(12,'dsf','fdsf','2022-01-10 03:01:13','2022-01-10 03:01:13',1,0,0),(13,'Nabil ar-Rifai','نبيل الرفاعي','2022-01-10 03:01:50','2022-02-18 03:02:14',1,0,1),(14,'asdf','عبد الله عواد الجهني','2022-01-10 04:01:30','2022-01-10 04:01:30',1,0,0),(15,'Mishari Rashid al-`Afasy','مشاري رشيد العفاسي','2022-02-17 08:02:10','2022-02-18 03:02:38',1,0,1),(16,'Aziz Alili','عزيز عليلي','2022-02-17 08:02:07','2022-02-18 03:02:49',1,0,1),(17,'Sa`ud ash-Shuraym','سعود الشريم','2022-02-18 03:02:02','2022-02-18 03:02:02',1,0,1),(18,'Tawfeeq ibn Sa`id as-Sawa\'igh','توفيق بن سعيد الصواعق','2022-02-18 03:02:48','2022-02-18 03:02:48',1,0,1),(19,'Wadee Hammadi Al Yamani','وديع حمادي اليماني','2022-02-18 03:02:56','2022-02-18 03:02:56',1,0,1),(20,'Yasser ad-Dussary','ياسر الدوسري','2022-02-18 03:02:08','2022-02-18 03:02:08',1,0,1),(21,'Saad al-Ghamdi','سعد الغامدي','2022-02-18 03:02:50','2022-02-18 03:02:50',1,0,1),(22,'Sahl Yasin','سهل ياسين','2022-02-18 03:02:30','2022-02-18 03:02:30',1,0,1),(23,'Salah Bukhatir','صلاح بوخاطر','2022-02-18 03:02:04','2022-02-18 03:02:04',1,0,1),(24,'Sudais and Shuraym','السديس والشريم','2022-02-18 03:02:43','2022-02-18 03:02:43',1,0,1),(25,'Saleh al Taleb','صالح الطالب','2022-02-18 03:02:32','2022-02-18 03:02:32',1,0,1),(26,'Salah al-Budair','صلاح البدير','2022-02-18 03:02:01','2022-02-18 03:02:01',1,0,1),(27,'Sadaqat `Ali','صدقات علي','2022-02-18 03:02:55','2022-02-18 03:02:55',1,0,1),(28,'Salah Al-Hashim','صلاح الهاشم','2022-02-18 03:02:41','2022-02-18 03:02:41',1,0,1),(29,'Abdur-Rahman as-Sudais','عبد الرحمن السديس','2022-02-18 03:02:55','2022-02-18 03:02:55',1,0,1),(30,'Ali Abdur-Rahman al-Huthaify','علي عبد الرحمن الحذيفي','2022-02-18 03:02:30','2022-02-18 03:02:30',1,0,1),(31,'AbdulMuhsin al-Qasim','عبد المحسن القاسم','2022-02-18 03:02:08','2022-02-18 03:02:08',1,0,1),(32,'AbdulBari ath-Thubaity','عبد الباري الثبيتي','2022-02-18 03:02:27','2022-02-18 03:02:27',1,0,1),(33,'Ahmed ibn Ali al-Ajmy','احمد بن علي العجمي','2022-02-18 03:02:11','2022-02-18 03:02:11',1,0,1),(34,'AbdulAzeez al-Ahmad','عبد العزيز الأحمد','2022-02-18 03:02:43','2022-02-18 03:02:43',1,0,1),(35,'Yasser ad-Dussary','ياسر الدوسري','2022-02-18 03:02:08','2022-02-18 03:02:08',1,0,1),(36,'AbdulBaset AbdulSamad [Murattal]','عبد الباسط عبد الصمد [مراد]','2022-02-18 03:02:02','2022-02-18 03:02:02',1,0,1),(37,'Wadee Hammadi Al Yamani','وديع حمادي اليماني','2022-02-18 03:02:01','2022-02-18 03:02:01',1,0,1),(38,'AbdulWadud Haneef','عبد الودود حنيف','2022-02-18 03:02:43','2022-02-18 03:02:43',1,0,1),(39,'Tawfeeq ibn Sa`id as-Sawa\'igh','توفيق بن سعيد الصواعق','2022-02-18 03:02:29','2022-02-18 03:02:29',1,0,1),(40,'AbdulBaset AbdulSamad [Mujawwad]','عبد الباسط عبد الصمد [مجوض]','2022-02-18 03:02:16','2022-02-18 03:02:16',1,0,1),(41,'Nasser Al Qatami','ناصر القطامي','2022-02-18 03:02:41','2022-02-18 03:02:41',1,0,1),(42,'Ibrahim Al-Jibrin','ابراهيم الجبرين','2022-02-18 03:02:41','2022-02-18 03:02:41',1,0,1),(43,'Muhammad Sulaiman Patel','محمد سليمان باتل','2022-02-18 03:02:52','2022-02-18 03:02:52',1,0,1),(44,'Khalid al-Qahtani','خالد القحطاني','2022-02-18 03:02:59','2022-02-18 03:02:59',1,0,1);

--
-- Table structure for table `fx_story`
--

CREATE TABLE `fx_story` (
  `story_id` int(11) NOT NULL AUTO_INCREMENT,
  `parent_id` int(11) NOT NULL DEFAULT '0',
  `en_category_title` varchar(250) CHARACTER SET utf8 COLLATE utf8_unicode_ci DEFAULT NULL,
  `ar_category_title` varchar(250) CHARACTER SET utf8 COLLATE utf8_unicode_ci DEFAULT NULL,
  `en_description` text CHARACTER SET utf8 COLLATE utf8_unicode_ci,
  `ar_description` text CHARACTER SET utf8 COLLATE utf8_unicode_ci,
  `is_active` tinyint(10) NOT NULL DEFAULT '1',
  `created_at` datetime NOT NULL,
  `updated_at` datetime NOT NULL,
  PRIMARY KEY (`story_id`)
) ENGINE=InnoDB AUTO_INCREMENT=6 DEFAULT CHARSET=latin1;

--
-- Dumping data for table `fx_story`
--

INSERT INTO `fx_story` VALUES (2,0,'قصص الأنبياء','قصص الأنبياء','<p>أخبر الله -عز وجل- ملائكته بخلق آدم -عليه السلام- فقال تعالى: {إني جاعل في الأرض خليفة} _[البقرة: 30] فسألت الملائكة الله -عز وجل- واستفسرت عن حكمة خلق بني الإنسان، وقد علمت الملائكة أن من الخلق من يفسد في الأرض، ويسفك الدماء، فإن كانت الحكمة من خلقهم هي عبادة الله، فهم يعبدونه، فقالوا لله: {أتجعل فيها من يفسد فيها ويسفك الدماء ونحن نسبح بحمدك ونقدس لك} [البقرة: 30] فأجابهم الله -عز وجل- عن استفسارهم بأنه -سبحانه- يعلم الحكمة التي تخفى عليهم، فإنه -سبحانه- سيخلق بني البشر ويجعل فيهم الرسل والأنبياء والصديقين والصالحين والشهداء، والعلماء والعاملين لدين الله، والمحبين له، المتبعين رسله، قال تعالى: {قال إني أعلم ما لا تعلمون} [البقرة: 30]. وخلق الله -سبحانه- آدم من تراب الأرض ومائها، ثم صوَّره في أحسن صورة ثم نفخ فيه الروح، فإذا هو إنسان حي من لحم ودم وعظم، وكان ذلك يوم الجمعة، قال النبي صلى الله عليه وسلم : (خير يوم طلعت فيه الشمس يوم الجمعة، فيه خُلق آدم، وفيه أُدخل الجنة، وفيه أُخرج منها، ولا تقوم الساعة إلا في يوم الجمعة)_[متفق عليه] وقال صلى الله عليه وسلم: (إن الله تعالى خلق آدم من قبضة قبضها من جميع الأرض، فجاء بنو آدم على قدر الأرض، فجاء منهم الأحمر والأبيض والأسود وبين ذلك، والسهل والحَزْن (الصعب)، والخبيث والطيب) [الترمذي]. ولما صار آدم حيًّا، ودبَّت فيه الحركة علمه الله -سبحانه- أسماء كل شيء ومسمياته وطرائق استعماله والتعامل معه من الملائكة والطيور والحيوانات وغير ذلك، قال تعالى: {وعلَّم آدم الأسماء كلها} [البقرة:31] وأراد الله -عز وجل- أن يبين للملائكة الكرام فضل آدم ومكانته عنده، فعرض جميع الأشياء التي علمها لآدم على الملائكة، وقال لهم: {أنبئوني بأسماء هؤلاء إن كنتم صادقين} [البقرة:31] فقالوا: {سبحانك لا علم لنا إلا ما علمتنا إنك أنت العليم الحكيم } [البقرة:32]. فأمر الله آدم أن يخبرهم بأسماء هذه الأشياء التي عجزوا عن إدراكها، فأخذ آدم يذكر اسم كل شيء يعرض عليه، وعند ذلك قال الله -تعالى- للملائكة: {ألم أقل لكم إني أعلم غيب السموات والأرض وأعلم ما تبدون وما كنتم تكتمون} [البقرة: 33]. ودار حوار بين آدم -عليه السلام- والملائكة حكاه لنا رسول الله -صلى الله عليه وسلم- فقال: \"خلق الله آدم -عليه السلام- طوله ستون ذراعًا، فلما خلقه قال: اذهب فَسَلِّم على أولئك -نفر من الملائكة- فاستمع ما يحيونك، فإنها تحية ذُرِّيتك، فقال: السلام عليكم، فقالوا: السلام عليك ورحمة الله فزادوه ورحمة الله...\"_[متفق عليه]. وأمر الله الملائكة أن يسجدوا لآدم تشريفاً وتعظيماً له فسجدوا جميعًا، ولكن إبليس رفض أن يسجد، وتكبر على أمر ربه، فسأله الله -عز وجل- وهو أعلم: {يا إبليس ما منعك أن تسجد لما خلقت بيدي أستكبرت أم كنت من العالين} [ص:75] فَرَدَّ إبليس في غرور: {أنا خير منه خلقتني من نار وخلقته من طين} [ص: 76] فطرده الله -عز وجل- من رحمته وجعله طريدًا ملعونًا، قال تعالى: {فاخرج منها فإنك رجيم وإن عليك لعنتي إلى يوم الدين} _[ص: 77-78]. فازداد إبليس كراهية لآدم وذريته، وحلف بالله أن يزين لهم الشر، فقال إبليس: {فبعزتك لأغوينهم أجمعين. إلا عبادك منهم المخلَصين} [ص: 82-83] فقال الله -تعالى- له: {لأملأن جهنم منك وممن تبعك منهم أجمعين} [ص:85] وذات يوم نام آدم -عليه السلام-، فلما استيقظ وجد امرأة تجلس إلى جانبه فسألها: من أنتِ؟ قالت: امرأة، قال: ولِمَ خُلِقْتِ؟ قالت: لتسكن إليَّ، ففرح بها آدم وأطلق عليها اسم حواء؛ لأنها خلقت من شيء حي، وهو ضلع آدم الأيسر. وأمر الله -سبحانه- آدم وزوجته حواء أن يسكنا الجنة، ويأكلا من ثمارها ويبتعدا عن شجرة معينة، فلا يأكلان منها؛ امتحانًا واختبارًا لهما، فقال تعالى: {يا آدم اسكن أنت وزوجك الجنة وكلا منها رغدًا حيث شئتما ولا تقربا هذه الشجرة فتكونا من الظالمين} [البقرة:35] وحذَّر الله -سبحانه- آدم وزوجه تحذيرًا شديدًا من إبليس وعداوته لهما، فقال تعالى: {يا آدم إن هذا عدو لك ولزوجك فلا يخرجنكما من الجنة فتشقى. إن لك ألا تجوع فيها ولا تعرى. وأنك لا تظمأ فيها ولا تضحى} طه:[117-119]. وأخذ إبليس يفكر في إغواء آدم وحواء، فوضع خطته الشيطانية؛ ليخدعهما فذهب إليهما، وقال: {يا آدم هل أدلك على شجرة الخلد وملك لا يبلى} [طه:120] فَصَدَّق آدم وحواء كلام إبليس بعد أن أقسم لهما، ظنًّا منهما أنه لا يمكن لأحد أن يحلف بالله كذبًا، وذهب آدم وحواء إلى الشجرة وأكلا منها.. وعندئذ حدثت المفاجأة؟‍‍!! لقد فوجئ آدم وحواء بشيء عجيب وغريب، لقد أصبحا عريانين؛ بسبب عصيانهما، وأصابهما الخجل والحزن الشديد من حالهما، فأخذا يجريان نحو الأشجار، وأخذ يقطعان من أوراقها ويستران بها جسديهما، فخاطب الله -عز وجل- آدم وحواء معاتبًا: {ألم أنهكما عن تلكما الشجرة وأقل لكما إن الشيطان لكما عدو مبين} [الأعراف: 22] فندم آدم وحواء ندمًا شديدًا على معصية الله ومخالفة أمره وتوجها إليه -سبحانه- بالتوبة والاستغفار، فقالا: {ربنا ظلمنا أنفسنا وإن لم تغفر لنا وترحمنا لنكونن من الخاسرين} [الأعراف: 32] وبعد الندم والاستغفار، قبل الله توبتهما ودعاءهما، وأمرهما بالهبوط إلى الأرض والعيش عليها. وعاش آدم وحواء على الأرض، وبدءا مسيرة الحياة عليها.. ووُلد لآدم وهو على الأرض أولاد كثيرون، فكان يؤدبهم ويربيهم، ويرشدهم إلى أن الحياة على الأرض امتحان للإنسان وابتلاء له، وأن عليهم أن يتمسكوا بهدى الله، وأن يحذروا من الشيطان ومن وساوسه الضَّارة. قصة ابني آدم: وحكى لنا القرآن الكريم قصة ابني آدم حينما تقدم كل منهما بقربان إلى الله -سبحانه- فتقبَّل الله من أحدهما ولم يتقبل من الآخر، فما كان من هذا الابن الذي لم يتقبل الله قربانه إلا أن حسد أخاه وحقد عليه وقتله ظلمًا وعدوانًا، قال تعالى: {واتل عليهم نبأ ابني آدم بالحق إذ قربا قربانًا فتقبل من أحدهما ولم يتقبل من الآخر قال لأقتلنك قال إنما يتقبل الله من المتقين. لئن بسطت إليَّ يدك لتقتلني ما أنا بباسط يدي إليك لأقتلك إني أخاف الله رب العالمين. إني أريد أن تبوء بإثمي وإثمك فتكون من أصحاب النار وذلك جزاء الظالمين. فطوعت له نفسه قتل أخيه فقتله فأصبح من الخاسرين} [المائدة: 27-30]. ولما قَتَلَ ابن آدم أخاه لم يعرف كيف يواري جثمانه، فأرسل الله إليه غرابًا يحفر في الأرض؛ فعرف ابن آدم كيف يدفن أخاه، فدفنه وهو حزين أشد الحزن لأنه لم يعرف كيف يدفن جثة أخيه، قال الله تعالى: {فبعث الله غرابًا يبحث في الأرض ليريه كيف يواري سوءة أخيه قال يا ويلتي أعجزت أن أكون مثل هذا الغراب فأواري سوءة أخي فأصبح من النادمين}_[المائدة: 31] وظل آدم يعيش وسط أبنائه يدعوهم إلى الله، ويعرِّفهم طريق الحق والإيمان، ويحذِّرهم من الشرك والطغيان وطاعة الشيطان، إلى أن لقى ربه وتوفي بعد أن أتم رسالته، وترك ذريته يعمرون الأرض ويخلفونه فيها. وعندما صعد النبي صلى الله عليه وسلم إلى السماء في رحلة المعراج مَرَّ بآدم -عليه السلام- في السماء الأولى، وقيل له: هذا أبوك آدم فسلِّمْ عليه، فسلم عليه الرسول -صلى الله عليه وسلم- وردَّ آدم -عليه السلام- على النبي -صلى الله عليه وسلم- السلام، وقال: (مرحبًا بالابن الصالح والنبي الصالح)_[متفق عليه]. ويخبرنا النبي -صلى الله عليه وسلم- أن الناس يوم القيامة يذهبون إلى آدم -عليه السلام- فيقولون: يا آدم أنت أبو البشر، خلقك الله بيده، ونفخ فيك من روحه، وأمر الملائكة فسجدوا لك، وأسكنك الجنة، ألا تشفع لنا إلى ربك؟ ألا ترى ما نحن فيه وما بلغنا؟ ولكن آدم -عليه السلام- يتذكر أكله من الشجرة فيستحي من الله، ويطلب من الناس أن يذهبوا إلى غيره من الأنبياء. [البخاري].</p>','<p>أخبر الله -عز وجل- ملائكته بخلق آدم -عليه السلام- فقال تعالى: {إني جاعل في الأرض خليفة} _[البقرة: 30] فسألت الملائكة الله -عز وجل- واستفسرت عن حكمة خلق بني الإنسان، وقد علمت الملائكة أن من الخلق من يفسد في الأرض، ويسفك الدماء، فإن كانت الحكمة من خلقهم هي عبادة الله، فهم يعبدونه، فقالوا لله: {أتجعل فيها من يفسد فيها ويسفك الدماء ونحن نسبح بحمدك ونقدس لك} [البقرة: 30] فأجابهم الله -عز وجل- عن استفسارهم بأنه -سبحانه- يعلم الحكمة التي تخفى عليهم، فإنه -سبحانه- سيخلق بني البشر ويجعل فيهم الرسل والأنبياء والصديقين والصالحين والشهداء، والعلماء والعاملين لدين الله، والمحبين له، المتبعين رسله، قال تعالى: {قال إني أعلم ما لا تعلمون} [البقرة: 30]. وخلق الله -سبحانه- آدم من تراب الأرض ومائها، ثم صوَّره في أحسن صورة ثم نفخ فيه الروح، فإذا هو إنسان حي من لحم ودم وعظم، وكان ذلك يوم الجمعة، قال النبي صلى الله عليه وسلم : (خير يوم طلعت فيه الشمس يوم الجمعة، فيه خُلق آدم، وفيه أُدخل الجنة، وفيه أُخرج منها، ولا تقوم الساعة إلا في يوم الجمعة)_[متفق عليه] وقال صلى الله عليه وسلم: (إن الله تعالى خلق آدم من قبضة قبضها من جميع الأرض، فجاء بنو آدم على قدر الأرض، فجاء منهم الأحمر والأبيض والأسود وبين ذلك، والسهل والحَزْن (الصعب)، والخبيث والطيب) [الترمذي]. ولما صار آدم حيًّا، ودبَّت فيه الحركة علمه الله -سبحانه- أسماء كل شيء ومسمياته وطرائق استعماله والتعامل معه من الملائكة والطيور والحيوانات وغير ذلك، قال تعالى: {وعلَّم آدم الأسماء كلها} [البقرة:31] وأراد الله -عز وجل- أن يبين للملائكة الكرام فضل آدم ومكانته عنده، فعرض جميع الأشياء التي علمها لآدم على الملائكة، وقال لهم: {أنبئوني بأسماء هؤلاء إن كنتم صادقين} [البقرة:31] فقالوا: {سبحانك لا علم لنا إلا ما علمتنا إنك أنت العليم الحكيم } [البقرة:32]. فأمر الله آدم أن يخبرهم بأسماء هذه الأشياء التي عجزوا عن إدراكها، فأخذ آدم يذكر اسم كل شيء يعرض عليه، وعند ذلك قال الله -تعالى- للملائكة: {ألم أقل لكم إني أعلم غيب السموات والأرض وأعلم ما تبدون وما كنتم تكتمون} [البقرة: 33]. ودار حوار بين آدم -عليه السلام- والملائكة حكاه لنا رسول الله -صلى الله عليه وسلم- فقال: \"خلق الله آدم -عليه السلام- طوله ستون ذراعًا، فلما خلقه قال: اذهب فَسَلِّم على أولئك -نفر من الملائكة- فاستمع ما يحيونك، فإنها تحية ذُرِّيتك، فقال: السلام عليكم، فقالوا: السلام عليك ورحمة الله فزادوه ورحمة الله...\"_[متفق عليه]. وأمر الله الملائكة أن يسجدوا لآدم تشريفاً وتعظيماً له فسجدوا جميعًا، ولكن إبليس رفض أن يسجد، وتكبر على أمر ربه، فسأله الله -عز وجل- وهو أعلم: {يا إبليس ما منعك أن تسجد لما خلقت بيدي أستكبرت أم كنت من العالين} [ص:75] فَرَدَّ إبليس في غرور: {أنا خير منه خلقتني من نار وخلقته من طين} [ص: 76] فطرده الله -عز وجل- من رحمته وجعله طريدًا ملعونًا، قال تعالى: {فاخرج منها فإنك رجيم وإن عليك لعنتي إلى يوم الدين} _[ص: 77-78]. فازداد إبليس كراهية لآدم وذريته، وحلف بالله أن يزين لهم الشر، فقال إبليس: {فبعزتك لأغوينهم أجمعين. إلا عبادك منهم المخلَصين} [ص: 82-83] فقال الله -تعالى- له: {لأملأن جهنم منك وممن تبعك منهم أجمعين} [ص:85] وذات يوم نام آدم -عليه السلام-، فلما استيقظ وجد امرأة تجلس إلى جانبه فسألها: من أنتِ؟ قالت: امرأة، قال: ولِمَ خُلِقْتِ؟ قالت: لتسكن إليَّ، ففرح بها آدم وأطلق عليها اسم حواء؛ لأنها خلقت من شيء حي، وهو ضلع آدم الأيسر. وأمر الله -سبحانه- آدم وزوجته حواء أن يسكنا الجنة، ويأكلا من ثمارها ويبتعدا عن شجرة معينة، فلا يأكلان منها؛ امتحانًا واختبارًا لهما، فقال تعالى: {يا آدم اسكن أنت وزوجك الجنة وكلا منها رغدًا حيث شئتما ولا تقربا هذه الشجرة فتكونا من الظالمين} [البقرة:35] وحذَّر الله -سبحانه- آدم وزوجه تحذيرًا شديدًا من إبليس وعداوته لهما، فقال تعالى: {يا آدم إن هذا عدو لك ولزوجك فلا يخرجنكما من الجنة فتشقى. إن لك ألا تجوع فيها ولا تعرى. وأنك لا تظمأ فيها ولا تضحى} طه:[117-119]. وأخذ إبليس يفكر في إغواء آدم وحواء، فوضع خطته الشيطانية؛ ليخدعهما فذهب إليهما، وقال: {يا آدم هل أدلك على شجرة الخلد وملك لا يبلى} [طه:120] فَصَدَّق آدم وحواء كلام إبليس بعد أن أقسم لهما، ظنًّا منهما أنه لا يمكن لأحد أن يحلف بالله كذبًا، وذهب آدم وحواء إلى الشجرة وأكلا منها.. وعندئذ حدثت المفاجأة؟‍‍!! لقد فوجئ آدم وحواء بشيء عجيب وغريب، لقد أصبحا عريانين؛ بسبب عصيانهما، وأصابهما الخجل والحزن الشديد من حالهما، فأخذا يجريان نحو الأشجار، وأخذ يقطعان من أوراقها ويستران بها جسديهما، فخاطب الله -عز وجل- آدم وحواء معاتبًا: {ألم أنهكما عن تلكما الشجرة وأقل لكما إن الشيطان لكما عدو مبين} [الأعراف: 22] فندم آدم وحواء ندمًا شديدًا على معصية الله ومخالفة أمره وتوجها إليه -سبحانه- بالتوبة والاستغفار، فقالا: {ربنا ظلمنا أنفسنا وإن لم تغفر لنا وترحمنا لنكونن من الخاسرين} [الأعراف: 32] وبعد الندم والاستغفار، قبل الله توبتهما ودعاءهما، وأمرهما بالهبوط إلى الأرض والعيش عليها. وعاش آدم وحواء على الأرض، وبدءا مسيرة الحياة عليها.. ووُلد لآدم وهو على الأرض أولاد كثيرون، فكان يؤدبهم ويربيهم، ويرشدهم إلى أن الحياة على الأرض امتحان للإنسان وابتلاء له، وأن عليهم أن يتمسكوا بهدى الله، وأن يحذروا من الشيطان ومن وساوسه الضَّارة. قصة ابني آدم: وحكى لنا القرآن الكريم قصة ابني آدم حينما تقدم كل منهما بقربان إلى الله -سبحانه- فتقبَّل الله من أحدهما ولم يتقبل من الآخر، فما كان من هذا الابن الذي لم يتقبل الله قربانه إلا أن حسد أخاه وحقد عليه وقتله ظلمًا وعدوانًا، قال تعالى: {واتل عليهم نبأ ابني آدم بالحق إذ قربا قربانًا فتقبل من أحدهما ولم يتقبل من الآخر قال لأقتلنك قال إنما يتقبل الله من المتقين. لئن بسطت إليَّ يدك لتقتلني ما أنا بباسط يدي إليك لأقتلك إني أخاف الله رب العالمين. إني أريد أن تبوء بإثمي وإثمك فتكون من أصحاب النار وذلك جزاء الظالمين. فطوعت له نفسه قتل أخيه فقتله فأصبح من الخاسرين} [المائدة: 27-30]. ولما قَتَلَ ابن آدم أخاه لم يعرف كيف يواري جثمانه، فأرسل الله إليه غرابًا يحفر في الأرض؛ فعرف ابن آدم كيف يدفن أخاه، فدفنه وهو حزين أشد الحزن لأنه لم يعرف كيف يدفن جثة أخيه، قال الله تعالى: {فبعث الله غرابًا يبحث في الأرض ليريه كيف يواري سوءة أخيه قال يا ويلتي أعجزت أن أكون مثل هذا الغراب فأواري سوءة أخي فأصبح من النادمين}_[المائدة: 31] وظل آدم يعيش وسط أبنائه يدعوهم إلى الله، ويعرِّفهم طريق الحق والإيمان، ويحذِّرهم من الشرك والطغيان وطاعة الشيطان، إلى أن لقى ربه وتوفي بعد أن أتم رسالته، وترك ذريته يعمرون الأرض ويخلفونه فيها. وعندما صعد النبي صلى الله عليه وسلم إلى السماء في رحلة المعراج مَرَّ بآدم -عليه السلام- في السماء الأولى، وقيل له: هذا أبوك آدم فسلِّمْ عليه، فسلم عليه الرسول -صلى الله عليه وسلم- وردَّ آدم -عليه السلام- على النبي -صلى الله عليه وسلم- السلام، وقال: (مرحبًا بالابن الصالح والنبي الصالح)_[متفق عليه]. ويخبرنا النبي -صلى الله عليه وسلم- أن الناس يوم القيامة يذهبون إلى آدم -عليه السلام- فيقولون: يا آدم أنت أبو البشر، خلقك الله بيده، ونفخ فيك من روحه، وأمر الملائكة فسجدوا لك، وأسكنك الجنة، ألا تشفع لنا إلى ربك؟ ألا ترى ما نحن فيه وما بلغنا؟ ولكن آدم -عليه السلام- يتذكر أكله من الشجرة فيستحي من الله، ويطلب من الناس أن يذهبوا إلى غيره من الأنبياء. [البخاري].</p>',1,'2022-03-04 01:31:33','0000-00-00 00:00:00'),(3,2,'آدم','آدم','<p>أخبر الله -عز وجل- ملائكته بخلق آدم -عليه السلام- فقال تعالى: {إني جاعل في الأرض خليفة} _[البقرة: 30] فسألت الملائكة الله -عز وجل- واستفسرت عن حكمة خلق بني الإنسان، وقد علمت الملائكة أن من الخلق من يفسد في الأرض، ويسفك الدماء، فإن كانت الحكمة من خلقهم هي عبادة الله، فهم يعبدونه، فقالوا لله: {أتجعل فيها من يفسد فيها ويسفك الدماء ونحن نسبح بحمدك ونقدس لك} [البقرة: 30] فأجابهم الله -عز وجل- عن استفسارهم بأنه -سبحانه- يعلم الحكمة التي تخفى عليهم، فإنه -سبحانه- سيخلق بني البشر ويجعل فيهم الرسل والأنبياء والصديقين والصالحين والشهداء، والعلماء والعاملين لدين الله، والمحبين له، المتبعين رسله، قال تعالى: {قال إني أعلم ما لا تعلمون} [البقرة: 30]. وخلق الله -سبحانه- آدم من تراب الأرض ومائها، ثم صوَّره في أحسن صورة ثم نفخ فيه الروح، فإذا هو إنسان حي من لحم ودم وعظم، وكان ذلك يوم الجمعة، قال النبي صلى الله عليه وسلم : (خير يوم طلعت فيه الشمس يوم الجمعة، فيه خُلق آدم، وفيه أُدخل الجنة، وفيه أُخرج منها، ولا تقوم الساعة إلا في يوم الجمعة)_[متفق عليه] وقال صلى الله عليه وسلم: (إن الله تعالى خلق آدم من قبضة قبضها من جميع الأرض، فجاء بنو آدم على قدر الأرض، فجاء منهم الأحمر والأبيض والأسود وبين ذلك، والسهل والحَزْن (الصعب)، والخبيث والطيب) [الترمذي]. ولما صار آدم حيًّا، ودبَّت فيه الحركة علمه الله -سبحانه- أسماء كل شيء ومسمياته وطرائق استعماله والتعامل معه من الملائكة والطيور والحيوانات وغير ذلك، قال تعالى: {وعلَّم آدم الأسماء كلها} [البقرة:31] وأراد الله -عز وجل- أن يبين للملائكة الكرام فضل آدم ومكانته عنده، فعرض جميع الأشياء التي علمها لآدم على الملائكة، وقال لهم: {أنبئوني بأسماء هؤلاء إن كنتم صادقين} [البقرة:31] فقالوا: {سبحانك لا علم لنا إلا ما علمتنا إنك أنت العليم الحكيم } [البقرة:32]. فأمر الله آدم أن يخبرهم بأسماء هذه الأشياء التي عجزوا عن إدراكها، فأخذ آدم يذكر اسم كل شيء يعرض عليه، وعند ذلك قال الله -تعالى- للملائكة: {ألم أقل لكم إني أعلم غيب السموات والأرض وأعلم ما تبدون وما كنتم تكتمون} [البقرة: 33]. ودار حوار بين آدم -عليه السلام- والملائكة حكاه لنا رسول الله -صلى الله عليه وسلم- فقال: \"خلق الله آدم -عليه السلام- طوله ستون ذراعًا، فلما خلقه قال: اذهب فَسَلِّم على أولئك -نفر من الملائكة- فاستمع ما يحيونك، فإنها تحية ذُرِّيتك، فقال: السلام عليكم، فقالوا: السلام عليك ورحمة الله فزادوه ورحمة الله...\"_[متفق عليه]. وأمر الله الملائكة أن يسجدوا لآدم تشريفاً وتعظيماً له فسجدوا جميعًا، ولكن إبليس رفض أن يسجد، وتكبر على أمر ربه، فسأله الله -عز وجل- وهو أعلم: {يا إبليس ما منعك أن تسجد لما خلقت بيدي أستكبرت أم كنت من العالين} [ص:75] فَرَدَّ إبليس في غرور: {أنا خير منه خلقتني من نار وخلقته من طين} [ص: 76] فطرده الله -عز وجل- من رحمته وجعله طريدًا ملعونًا، قال تعالى: {فاخرج منها فإنك رجيم وإن عليك لعنتي إلى يوم الدين} _[ص: 77-78]. فازداد إبليس كراهية لآدم وذريته، وحلف بالله أن يزين لهم الشر، فقال إبليس: {فبعزتك لأغوينهم أجمعين. إلا عبادك منهم المخلَصين} [ص: 82-83] فقال الله -تعالى- له: {لأملأن جهنم منك وممن تبعك منهم أجمعين} [ص:85] وذات يوم نام آدم -عليه السلام-، فلما استيقظ وجد امرأة تجلس إلى جانبه فسألها: من أنتِ؟ قالت: امرأة، قال: ولِمَ خُلِقْتِ؟ قالت: لتسكن إليَّ، ففرح بها آدم وأطلق عليها اسم حواء؛ لأنها خلقت من شيء حي، وهو ضلع آدم الأيسر. وأمر الله -سبحانه- آدم وزوجته حواء أن يسكنا الجنة، ويأكلا من ثمارها ويبتعدا عن شجرة معينة، فلا يأكلان منها؛ امتحانًا واختبارًا لهما، فقال تعالى: {يا آدم اسكن أنت وزوجك الجنة وكلا منها رغدًا حيث شئتما ولا تقربا هذه الشجرة فتكونا من الظالمين} [البقرة:35] وحذَّر الله -سبحانه- آدم وزوجه تحذيرًا شديدًا من إبليس وعداوته لهما، فقال تعالى: {يا آدم إن هذا عدو لك ولزوجك فلا يخرجنكما من الجنة فتشقى. إن لك ألا تجوع فيها ولا تعرى. وأنك لا تظمأ فيها ولا تضحى} طه:[117-119]. وأخذ إبليس يفكر في إغواء آدم وحواء، فوضع خطته الشيطانية؛ ليخدعهما فذهب إليهما، وقال: {يا آدم هل أدلك على شجرة الخلد وملك لا يبلى} [طه:120] فَصَدَّق آدم وحواء كلام إبليس بعد أن أقسم لهما، ظنًّا منهما أنه لا يمكن لأحد أن يحلف بالله كذبًا، وذهب آدم وحواء إلى الشجرة وأكلا منها.. وعندئذ حدثت المفاجأة؟‍‍!! لقد فوجئ آدم وحواء بشيء عجيب وغريب، لقد أصبحا عريانين؛ بسبب عصيانهما، وأصابهما الخجل والحزن الشديد من حالهما، فأخذا يجريان نحو الأشجار، وأخذ يقطعان من أوراقها ويستران بها جسديهما، فخاطب الله -عز وجل- آدم وحواء معاتبًا: {ألم أنهكما عن تلكما الشجرة وأقل لكما إن الشيطان لكما عدو مبين} [الأعراف: 22] فندم آدم وحواء ندمًا شديدًا على معصية الله ومخالفة أمره وتوجها إليه -سبحانه- بالتوبة والاستغفار، فقالا: {ربنا ظلمنا أنفسنا وإن لم تغفر لنا وترحمنا لنكونن من الخاسرين} [الأعراف: 32] وبعد الندم والاستغفار، قبل الله توبتهما ودعاءهما، وأمرهما بالهبوط إلى الأرض والعيش عليها. وعاش آدم وحواء على الأرض، وبدءا مسيرة الحياة عليها.. ووُلد لآدم وهو على الأرض أولاد كثيرون، فكان يؤدبهم ويربيهم، ويرشدهم إلى أن الحياة على الأرض امتحان للإنسان وابتلاء له، وأن عليهم أن يتمسكوا بهدى الله، وأن يحذروا من الشيطان ومن وساوسه الضَّارة. قصة ابني آدم: وحكى لنا القرآن الكريم قصة ابني آدم حينما تقدم كل منهما بقربان إلى الله -سبحانه- فتقبَّل الله من أحدهما ولم يتقبل من الآخر، فما كان من هذا الابن الذي لم يتقبل الله قربانه إلا أن حسد أخاه وحقد عليه وقتله ظلمًا وعدوانًا، قال تعالى: {واتل عليهم نبأ ابني آدم بالحق إذ قربا قربانًا فتقبل من أحدهما ولم يتقبل من الآخر قال لأقتلنك قال إنما يتقبل الله من المتقين. لئن بسطت إليَّ يدك لتقتلني ما أنا بباسط يدي إليك لأقتلك إني أخاف الله رب العالمين. إني أريد أن تبوء بإثمي وإثمك فتكون من أصحاب النار وذلك جزاء الظالمين. فطوعت له نفسه قتل أخيه فقتله فأصبح من الخاسرين} [المائدة: 27-30]. ولما قَتَلَ ابن آدم أخاه لم يعرف كيف يواري جثمانه، فأرسل الله إليه غرابًا يحفر في الأرض؛ فعرف ابن آدم كيف يدفن أخاه، فدفنه وهو حزين أشد الحزن لأنه لم يعرف كيف يدفن جثة أخيه، قال الله تعالى: {فبعث الله غرابًا يبحث في الأرض ليريه كيف يواري سوءة أخيه قال يا ويلتي أعجزت أن أكون مثل هذا الغراب فأواري سوءة أخي فأصبح من النادمين}_[المائدة: 31] وظل آدم يعيش وسط أبنائه يدعوهم إلى الله، ويعرِّفهم طريق الحق والإيمان، ويحذِّرهم من الشرك والطغيان وطاعة الشيطان، إلى أن لقى ربه وتوفي بعد أن أتم رسالته، وترك ذريته يعمرون الأرض ويخلفونه فيها. وعندما صعد النبي صلى الله عليه وسلم إلى السماء في رحلة المعراج مَرَّ بآدم -عليه السلام- في السماء الأولى، وقيل له: هذا أبوك آدم فسلِّمْ عليه، فسلم عليه الرسول -صلى الله عليه وسلم- وردَّ آدم -عليه السلام- على النبي -صلى الله عليه وسلم- السلام، وقال: (مرحبًا بالابن الصالح والنبي الصالح)_[متفق عليه]. ويخبرنا النبي -صلى الله عليه وسلم- أن الناس يوم القيامة يذهبون إلى آدم -عليه السلام- فيقولون: يا آدم أنت أبو البشر، خلقك الله بيده، ونفخ فيك من روحه، وأمر الملائكة فسجدوا لك، وأسكنك الجنة، ألا تشفع لنا إلى ربك؟ ألا ترى ما نحن فيه وما بلغنا؟ ولكن آدم -عليه السلام- يتذكر أكله من الشجرة فيستحي من الله، ويطلب من الناس أن يذهبوا إلى غيره من الأنبياء. [البخاري].</p>\r\n','<p>أخبر الله -عز وجل- ملائكته بخلق آدم -عليه السلام- فقال تعالى: {إني جاعل في الأرض خليفة} _[البقرة: 30] فسألت الملائكة الله -عز وجل- واستفسرت عن حكمة خلق بني الإنسان، وقد علمت الملائكة أن من الخلق من يفسد في الأرض، ويسفك الدماء، فإن كانت الحكمة من خلقهم هي عبادة الله، فهم يعبدونه، فقالوا لله: {أتجعل فيها من يفسد فيها ويسفك الدماء ونحن نسبح بحمدك ونقدس لك} [البقرة: 30] فأجابهم الله -عز وجل- عن استفسارهم بأنه -سبحانه- يعلم الحكمة التي تخفى عليهم، فإنه -سبحانه- سيخلق بني البشر ويجعل فيهم الرسل والأنبياء والصديقين والصالحين والشهداء، والعلماء والعاملين لدين الله، والمحبين له، المتبعين رسله، قال تعالى: {قال إني أعلم ما لا تعلمون} [البقرة: 30]. وخلق الله -سبحانه- آدم من تراب الأرض ومائها، ثم صوَّره في أحسن صورة ثم نفخ فيه الروح، فإذا هو إنسان حي من لحم ودم وعظم، وكان ذلك يوم الجمعة، قال النبي صلى الله عليه وسلم : (خير يوم طلعت فيه الشمس يوم الجمعة، فيه خُلق آدم، وفيه أُدخل الجنة، وفيه أُخرج منها، ولا تقوم الساعة إلا في يوم الجمعة)_[متفق عليه] وقال صلى الله عليه وسلم: (إن الله تعالى خلق آدم من قبضة قبضها من جميع الأرض، فجاء بنو آدم على قدر الأرض، فجاء منهم الأحمر والأبيض والأسود وبين ذلك، والسهل والحَزْن (الصعب)، والخبيث والطيب) [الترمذي]. ولما صار آدم حيًّا، ودبَّت فيه الحركة علمه الله -سبحانه- أسماء كل شيء ومسمياته وطرائق استعماله والتعامل معه من الملائكة والطيور والحيوانات وغير ذلك، قال تعالى: {وعلَّم آدم الأسماء كلها} [البقرة:31] وأراد الله -عز وجل- أن يبين للملائكة الكرام فضل آدم ومكانته عنده، فعرض جميع الأشياء التي علمها لآدم على الملائكة، وقال لهم: {أنبئوني بأسماء هؤلاء إن كنتم صادقين} [البقرة:31] فقالوا: {سبحانك لا علم لنا إلا ما علمتنا إنك أنت العليم الحكيم } [البقرة:32]. فأمر الله آدم أن يخبرهم بأسماء هذه الأشياء التي عجزوا عن إدراكها، فأخذ آدم يذكر اسم كل شيء يعرض عليه، وعند ذلك قال الله -تعالى- للملائكة: {ألم أقل لكم إني أعلم غيب السموات والأرض وأعلم ما تبدون وما كنتم تكتمون} [البقرة: 33]. ودار حوار بين آدم -عليه السلام- والملائكة حكاه لنا رسول الله -صلى الله عليه وسلم- فقال: \"خلق الله آدم -عليه السلام- طوله ستون ذراعًا، فلما خلقه قال: اذهب فَسَلِّم على أولئك -نفر من الملائكة- فاستمع ما يحيونك، فإنها تحية ذُرِّيتك، فقال: السلام عليكم، فقالوا: السلام عليك ورحمة الله فزادوه ورحمة الله...\"_[متفق عليه]. وأمر الله الملائكة أن يسجدوا لآدم تشريفاً وتعظيماً له فسجدوا جميعًا، ولكن إبليس رفض أن يسجد، وتكبر على أمر ربه، فسأله الله -عز وجل- وهو أعلم: {يا إبليس ما منعك أن تسجد لما خلقت بيدي أستكبرت أم كنت من العالين} [ص:75] فَرَدَّ إبليس في غرور: {أنا خير منه خلقتني من نار وخلقته من طين} [ص: 76] فطرده الله -عز وجل- من رحمته وجعله طريدًا ملعونًا، قال تعالى: {فاخرج منها فإنك رجيم وإن عليك لعنتي إلى يوم الدين} _[ص: 77-78]. فازداد إبليس كراهية لآدم وذريته، وحلف بالله أن يزين لهم الشر، فقال إبليس: {فبعزتك لأغوينهم أجمعين. إلا عبادك منهم المخلَصين} [ص: 82-83] فقال الله -تعالى- له: {لأملأن جهنم منك وممن تبعك منهم أجمعين} [ص:85] وذات يوم نام آدم -عليه السلام-، فلما استيقظ وجد امرأة تجلس إلى جانبه فسألها: من أنتِ؟ قالت: امرأة، قال: ولِمَ خُلِقْتِ؟ قالت: لتسكن إليَّ، ففرح بها آدم وأطلق عليها اسم حواء؛ لأنها خلقت من شيء حي، وهو ضلع آدم الأيسر. وأمر الله -سبحانه- آدم وزوجته حواء أن يسكنا الجنة، ويأكلا من ثمارها ويبتعدا عن شجرة معينة، فلا يأكلان منها؛ امتحانًا واختبارًا لهما، فقال تعالى: {يا آدم اسكن أنت وزوجك الجنة وكلا منها رغدًا حيث شئتما ولا تقربا هذه الشجرة فتكونا من الظالمين} [البقرة:35] وحذَّر الله -سبحانه- آدم وزوجه تحذيرًا شديدًا من إبليس وعداوته لهما، فقال تعالى: {يا آدم إن هذا عدو لك ولزوجك فلا يخرجنكما من الجنة فتشقى. إن لك ألا تجوع فيها ولا تعرى. وأنك لا تظمأ فيها ولا تضحى} طه:[117-119]. وأخذ إبليس يفكر في إغواء آدم وحواء، فوضع خطته الشيطانية؛ ليخدعهما فذهب إليهما، وقال: {يا آدم هل أدلك على شجرة الخلد وملك لا يبلى} [طه:120] فَصَدَّق آدم وحواء كلام إبليس بعد أن أقسم لهما، ظنًّا منهما أنه لا يمكن لأحد أن يحلف بالله كذبًا، وذهب آدم وحواء إلى الشجرة وأكلا منها.. وعندئذ حدثت المفاجأة؟‍‍!! لقد فوجئ آدم وحواء بشيء عجيب وغريب، لقد أصبحا عريانين؛ بسبب عصيانهما، وأصابهما الخجل والحزن الشديد من حالهما، فأخذا يجريان نحو الأشجار، وأخذ يقطعان من أوراقها ويستران بها جسديهما، فخاطب الله -عز وجل- آدم وحواء معاتبًا: {ألم أنهكما عن تلكما الشجرة وأقل لكما إن الشيطان لكما عدو مبين} [الأعراف: 22] فندم آدم وحواء ندمًا شديدًا على معصية الله ومخالفة أمره وتوجها إليه -سبحانه- بالتوبة والاستغفار، فقالا: {ربنا ظلمنا أنفسنا وإن لم تغفر لنا وترحمنا لنكونن من الخاسرين} [الأعراف: 32] وبعد الندم والاستغفار، قبل الله توبتهما ودعاءهما، وأمرهما بالهبوط إلى الأرض والعيش عليها. وعاش آدم وحواء على الأرض، وبدءا مسيرة الحياة عليها.. ووُلد لآدم وهو على الأرض أولاد كثيرون، فكان يؤدبهم ويربيهم، ويرشدهم إلى أن الحياة على الأرض امتحان للإنسان وابتلاء له، وأن عليهم أن يتمسكوا بهدى الله، وأن يحذروا من الشيطان ومن وساوسه الضَّارة. قصة ابني آدم: وحكى لنا القرآن الكريم قصة ابني آدم حينما تقدم كل منهما بقربان إلى الله -سبحانه- فتقبَّل الله من أحدهما ولم يتقبل من الآخر، فما كان من هذا الابن الذي لم يتقبل الله قربانه إلا أن حسد أخاه وحقد عليه وقتله ظلمًا وعدوانًا، قال تعالى: {واتل عليهم نبأ ابني آدم بالحق إذ قربا قربانًا فتقبل من أحدهما ولم يتقبل من الآخر قال لأقتلنك قال إنما يتقبل الله من المتقين. لئن بسطت إليَّ يدك لتقتلني ما أنا بباسط يدي إليك لأقتلك إني أخاف الله رب العالمين. إني أريد أن تبوء بإثمي وإثمك فتكون من أصحاب النار وذلك جزاء الظالمين. فطوعت له نفسه قتل أخيه فقتله فأصبح من الخاسرين} [المائدة: 27-30]. ولما قَتَلَ ابن آدم أخاه لم يعرف كيف يواري جثمانه، فأرسل الله إليه غرابًا يحفر في الأرض؛ فعرف ابن آدم كيف يدفن أخاه، فدفنه وهو حزين أشد الحزن لأنه لم يعرف كيف يدفن جثة أخيه، قال الله تعالى: {فبعث الله غرابًا يبحث في الأرض ليريه كيف يواري سوءة أخيه قال يا ويلتي أعجزت أن أكون مثل هذا الغراب فأواري سوءة أخي فأصبح من النادمين}_[المائدة: 31] وظل آدم يعيش وسط أبنائه يدعوهم إلى الله، ويعرِّفهم طريق الحق والإيمان، ويحذِّرهم من الشرك والطغيان وطاعة الشيطان، إلى أن لقى ربه وتوفي بعد أن أتم رسالته، وترك ذريته يعمرون الأرض ويخلفونه فيها. وعندما صعد النبي صلى الله عليه وسلم إلى السماء في رحلة المعراج مَرَّ بآدم -عليه السلام- في السماء الأولى، وقيل له: هذا أبوك آدم فسلِّمْ عليه، فسلم عليه الرسول -صلى الله عليه وسلم- وردَّ آدم -عليه السلام- على النبي -صلى الله عليه وسلم- السلام، وقال: (مرحبًا بالابن الصالح والنبي الصالح)_[متفق عليه]. ويخبرنا النبي -صلى الله عليه وسلم- أن الناس يوم القيامة يذهبون إلى آدم -عليه السلام- فيقولون: يا آدم أنت أبو البشر، خلقك الله بيده، ونفخ فيك من روحه، وأمر الملائكة فسجدوا لك، وأسكنك الجنة، ألا تشفع لنا إلى ربك؟ ألا ترى ما نحن فيه وما بلغنا؟ ولكن آدم -عليه السلام- يتذكر أكله من الشجرة فيستحي من الله، ويطلب من الناس أن يذهبوا إلى غيره من الأنبياء. [البخاري].</p>\r\n',1,'2022-03-04 01:34:03','0000-00-00 00:00:00'),(4,2,'محمد صلى الله عليه وسلم','محمد صلى الله عليه وسلم','<p>محمد (صلى الله عليه وسلم) في غرب الجزيرة العربية، وفي مكة المكرمة، ولدت (آمنة بنت وهب) ابنها محمد بن عبد الله صلى الله عليه وسلم، في الليلة الثانية عشرة من ربيع الأول سنة 571 ميلادية وهو ما يعرف بعام الفيل. وقد ولد محمد صلى الله عليه وسلم يتيمًا، فقد مات أبوه، وهو لم يزل جنينًا في بطن أمه، فقد خرج عبدالله بن عبدالمطلب إلى تجارة في المدينة فمات هناك، واعتنى به جده عبدالمطلب، وسماه محمدًا، ولم يكن هذا الاسم مشهورًا ولا منتشرًا بين العرب، وقد أخذته السيدة حليمة السعدية لترضعه في بني سعد بعيدًا عن مكة؛ فنشأ قوىَّ البنيان، فصيح اللسان، ورأوا الخير والبركة من يوم وجوده بينهم. وفي البادية، وبينما محمد صلى الله عليه وسلم يلعب مع الغلمان، إذ جاء إليه جبريل -عليه السلام- فأخذه، وشق عن قلبه، فاستخرج القلب، واستخرج منه علقة هي حظ الشيطان منه، ثم غسله في طست من ذهب بماء زمزم، ثم أعاد القلب إلى مكانه، فأسرع الغلمان إلى حليمة فقالوا: إن محمدًا قد قتل، فاستقبلوه وهو متغير اللون، قال أنس بن مالك: كنت أرى أثر ذلك المخيط في صدره.[مسلم والحاكم] ولما رأت حليمة السعدية ذلك، أرجعت محمدًا صلى الله عليه وسلم إلى أمه آمنة، فكان معها تعتني به حتى بلغ السادسة من عمره، وبعدها توفيت، فأخذه جده عبدالمطلب الذي لم يزل يعتني به منذ ولادته، ولما مات جده وهو في الثامنة من عمره، عهد بكفالته إلى عمه أبى طالب.. وقد شهد رسول الله صلى الله عليه وسلم حرب الفجار مع أعمامه، وهذه حرب خاضتها قريش مع كنانة ضد قيس عيلان من هوازن دفاعًا عن قداسة الأشهر الحرم ومكانة بيت الله الحرام، كما شهد حلف الفضول الذي ردت فيها قريش لرجل من زبيد حقه الذي سلبه منه العاص بن وائل السهمى، وكان هذا الحلف في دار عبدالله بن جدعان، وقد اتفقت فيه قريش على أن ترد للمظلوم حقه، وكان لهذين الحدثين أثرهما في حياة النبي صلى الله عليه وسلم. وكان من بين أهل قريش امرأة شريفة تسمى خديجة بنت خويلد، كانت تستأجر الرجال في تجارتها، وقد سمعت بأمانة محمد صلى الله عليه وسلم، فأرسلت إليه تعرض عليه أن يخرج بتجارتها إلى الشام، وتعطيه أكثر ما تعطى غيره، فوافق محمد صلى الله عليه وسلم، وخرج مع غلامها ميسرة، وتاجرا وربحا، ولما عادا من التجارة، أخبر ميسرة سيدته خديجة بما لمحمد صلى الله عليه وسلم من خصائص، وكانت امرأة ذكية، فأرسلت تخطب محمدًا صلى الله عليه وسلم. ثم جاء عمه أبو طالب وعمه حمزة وخطباها لمحمد صلى الله عليه وسلم، وتزوج رسول الله صلى الله عليه وسلم بخديجة، وكانت نعم الزوجة الصالحة، فقد ناصرته في حياتها، وبذلت كل ما تملك في سبيل إعلاء كلمة الله، وقد عرف رسول الله صلى الله عليه وسلم بحسن تدبيره وحكمته ورجاحة عقله في حل المشكلات، فقد أعادت قريش بناء الكعبة، وقد اختلفوا فيمن يضع الحجر الأسود مكانه، حتى كادت أن تقوم حرب بينهم، وظلوا على ذلك أيامًا، واقترح أبو أمية بن المغيرة تحكيم أول من يدخل من باب المسجد، فكان رسول الله صلى الله عليه وسلم ، فأمر بإحضار ثوب، ثم أمر بوضع الحجر في الثوب، وأن تأخذ كل قبيلة طرفًا من الثوب، فرفعوه جميعًا، حتى إذا بلغ الموضع، وضعه رسول الله صلى الله عليه وسلم بيده الشريفة مكانه، ثم بنى عليه، وكان آنذاك في الخامسة والثلاثين من عمره. ولما قربت سن محمد صلى الله عليه وسلم نحو الأربعين، حببت إليه العزلة، فكان يعتزل في غار حراء، يتعبد فيه، ويتأمل هذا الكون الفسيح، وفي يوم من الأيام كان رسول الله صلى الله عليه وسلم يتعبد في غار حراء، فجاء جبريل، وقال له: اقرأ.. فقال له محمد صلى الله عليه وسلم: ما أنا بقارئ. فأخذه جبريل فضمه ضمًّا شديدًا ثم أرسله وقال له: اقرأ. قال: ما أنا بقارئ. فأخذه جبريل ثانية وضمه إليه ضمًّا شديدًا، وقال له: اقرأ. قال: ما أنا بقارئ. قال له جبريل: {اقرأ باسم ربك الذي خلق. خلق الإنسان من علق. اقرأ وربك الأكرم الذي علم بالقلم. علم الإنسان ما لم يعلم} [العلق:1-5] _[متفق عليه]. فكان هذا الحادث هو بداية الوحي، ولكن رسول الله صلى الله عليه وسلم خاف مما حدث له، فذهب إلى خديجة وطلب منها أن تغطيه، ثم حكى لها ما حدث، فطمأنته، وأخبرته أن الله لن يضيعه أبدًا، ثم ذهبت به إلى ابن عمها ورقة بن نوفل، وحكى له ما رأى، فبشره ورقة بأنه نبي هذه الأمة، وتمنى أن لو يعيش حتى ينصره، لكن ورقة مات قبل الرسالة، وانقطع الوحى مدة، فحزن رسول الله صلى الله عليه وسلم، ثم نزل الوحى مرة ثانية، فقد رأى رسول الله صلى الله عليه وسلم جبريل قاعدًا على كرسى بين السماء والأرض، فرجع مسرعًا إلى أهله، وهو يقول: زملونى، زملونى (أى غطونى) فأنزل الله تعالى قوله: {يا أيها المدثر. قم فأنذر. وربك فكبر. وثيابك فطهر. والرجز فاهجر} _[المدثر: 1-5] ثم تتابع الوحى بعد ذلك [البخارى]. وبعد هذه الآيات التى نزلت كانت بداية الرسالة، فبدأ رسول الله صلى الله عليه وسلم يدعو الأقربين إلى الإسلام، فكان أول من آمن خديجة زوجته، وأبو بكر صديقه، وعلي بن أبى طالب ابن عمه، وزيد بن حارثه مولاه، ثم تتابع الناس بعد ذلك في دخول الإسلام، وأنزل الله -سبحانه- على رسوله صلى الله عليه وسلم قوله: {وأنذر عشيرتك الأقربين}_[الشعراء: 214] فكان الأمر من الله أن يجهر رسول الله صلى الله عليه وسلم بالدعوة، فجمع أقاربه أكثر من مرة، وأعلمهم أنه نبي من عند الله -عز وجل-. ولما نزل قول الله تعالى: {فاصدع بما تؤمر وأعرض عن المشركين} [الحجر: 94] قام رسول الله صلى الله عليه وسلم يستنكر عبادة الأصنام، وما عليه الناس من الضلالة، وسمعت قريش بما قاله الرسول صلى الله عليه وسلم فأخذتهم الحمية لأصنامهم التى لا تضر ولا تنفع، وحاولوا أن يقفوا ضد هذه الدعوة الجديدة بكل وسيلة، فذهبوا إلى أبى طالب، وطلبوا منه أن يسلم لهم الرسول صلى الله عليه وسلم فرفض، وكانوا يشوهون صورته للحجاج مخافة أن يدعوهم، وكانوا يسخرون من الرسول صلى الله عليه وسلم ومن القرآن، ويتهمونه بالجنون والكذب، لكن باءت محاولاتهم بالفشل، فحاول بعضهم تأليف شىء كالقرآن فلم يستطيعوا، وكانوا يؤذون رسول الله صلى الله عليه وسلم وأصحابه أشد الإيذاء كى يردوهم عن الإسلام، فكانت النتيجة أن تمسك المسلمون بدينهم أكثر. وكان الرسول صلى الله عليه وسلم يجتمع بالمسلمين سرًّا في دار الأرقم بن أبى الأرقم يعلمهم أمور الدين، ثم أمرهم بعد فترة أن يهاجروا إلى الحبشة، فهاجر عدد من المسلمين إلى الحبشة، فأرسلت قريش إلى النجاشى يردهم، لكن الله نصر المسلمين على الكفار؛ فرفض النجاشى أن يسلم المسلمين وظلوا عنده في أمان يعبدون الله عز وجل، وحاول المشركون مساومة أبى طالب مرة بعد مرة بأن يسلم لهم محمدًا إلا أنه أبى إلا أن يقف معه، فحاولوا قتل النبي صلى الله عليه وسلم إلا أن الله منعه وحفظه. وفي هذه الأوقات العصيبة أسلم حمزة وعمر بن الخطاب، فكانا منعة وحصنًا للإسلام، ولكن المشركين لم يكفوا عن التفكير في القضاء على رسول الله صلى الله عليه وسلم، ولما علم أبو طالب بذلك جمع بني هاشم وبني عبدالمطلب واتفقوا على أن يمنعوا الرسول صلى الله عليه وسلم من أن يصيبه أذى، فوافق بنو هاشم وبنو عبدالمطلب مسلمهم وكافرهم إلا أبا لهب، فإنه كان مع قريش، فاتفقت قريش على مقاطعة المسلمين ومعهم بنو هاشم وبنو عبدالمطلب، فكان الحصار في شعب أبى طالب ثلاث سنوات، لا يتاجرون معهم، ولا يتزوجون منهم، ولا يجالسونهم ولا يكلمونهم، حتى قام بعض العقلاء، ونادوا في قريش أن ينقضوا الصحيفة التى كتبوها، وأن يعيدوا العلاقة مع بني هاشم وبني عبدالمطلب، فوجدوا الأرضة أكلتها إلا ما فيها من اسم الله. وتراكمت الأحزان فيما بعد لوفاة أبى طالب عم النبي صلى الله عليه وسلم وزوجه خديجة بنت خويلد، فقد ازداد اضطهاد وتعذيب المشركين، وفكَّر الرسول صلى الله عليه وسلم أن يخرج من مكة إلى الطائف يدعو أهلها إلى الإسلام، إلا أنهم كانوا أشرارًا، فأهانوا النبي صلى الله عليه وسلم وزيد ابن حارثة الذي كان معه، وأثناء عودته بعث الله -عز وجل- إليه نفرًا من الجن استمعوا إلى القرآن الكريم، فآمنوا. وأراد الله -سبحانه- أن يخفف عن الرسول صلى الله عليه وسلم فكانت رحلة الإسراء والمعراج، والتى فرضت فيها الصلاة، خمس صلوات في اليوم والليلة واطمأنت نفس النبي صلى الله عليه وسلم بهذه الرحلة، ليبدأ من جديد الدعوة إلى الله، وقد علم أن الله معه لن يتركه ولا ينساه، فكان رسول الله صلى الله عليه وسلم يخرج في موسم الحج يدعو الناس إلى الإيمان بالله وأنه رسول الله، فآمن له في السنة العاشرة من النبوة عدد قليل، ولما كانت السنة الحادية عشرة من النبوة أسلم ستة أشخاص من يثرب كلهم من الخزرج، وهم حلفاء اليهود، وقد كانوا سمعوا من اليهود بخروج نبي في هذا الزمان، فرجعوا إلى أهليهم، وأذاعوا الخبر بينهم. وعادوا العام القادم وهم اثنا عشر رجلاً، فيهم خمسة ممن حضر العام الماضى وبايعوا رسول الله صلى الله عليه وسلم وعرفت هذه البيعة ببيعة العقبة الأولى فرجعوا وأرسل الرسول صلى الله عليه وسلم معهم مصعب بن عمير ليعلمهم أمور دينهم، وقد نجح مصعب بن عمير نجاحًا باهرًا، فقد استطاع أن يدعوا كبار المدينة من الأوس والخزرج، حتى آمن عدد كبير منهم، وفي السنة الثالثة عشرة من النبوة، جاء بضع وسبعون نفسًا من أهل يثرب في موسم الحج، والتقوا برسول الله صلى الله عليه وسلم وبايعوه بيعة العقبة الثانية، وتم الاتفاق على نصرة الإسلام والهجرة إلى المدينة. وأمر الرسول صلى الله عليه وسلم بعدها الصحابة أن يهاجروا إلى يثرب، فهاجر من قدر من المسلمين إلى المدينة، وبقى رسول الله صلى الله عليه وسلم وأبو بكر وعلى وبعض الضعفاء ممن لا يستطيعون الهجرة، وسمعت قريش بهجرة المسلمين إلى يثرب، وأيقنت أن محمدًا صلى الله عليه وسلم لابد أن يهاجر، فاجتمعوا في دار الندوة لمحاولة القضاء على رسول الله صلى الله عليه وسلم لكن الله -سبحانه- نجَّاه من مكرهم، وهاجر هو وأبو بكر بعد أن جعل عليًّا مكانه ليرد الأمانات إلى أهلها. وهاجر الرسول صلى الله عليه وسلم هو وأبو بكر إلى المدينة، واستقبلهما أهل المدينة بالترحاب والإنشاد، لتبدأ مرحلة جديدة من مراحل الدعوة، وهي المرحلة المدنية، بعد أن انتهت المرحلة المكية، وقد وصل الرسول صلى الله عليه وسلم المدينة يوم الجمعة (12 ربيع الأول سنة 1هـ/ الموافق 27 سبتمبر سنة 622م) ونزل في بني النجار، وعمل رسول الله صلى الله عليه وسلم على تأسيس دولة الإسلام في المدينة، فكان أول ما صنعه أن بنى المسجد النبوى، ليكون دار العبادة للمسلمين، ثم آخى بين المهاجرين والأنصار، كما كتب الرسول صلى الله عليه وسلم معاهدة مع اليهود الذين كانوا يسكنون المدينة. وبدأ رسول الله صلى الله عليه وسلم يعتنى ببناء المجتمع داخليًّا، كى يكون صفًّا واحدًا يدافع عن الدولة الناشئة، ولكن المشركين بمكة لم تهدأ ثورتهم، فقد أرسلوا إلى المهاجرين أنهم سيأتونهم كى يقتلوهم، فكان لابد من الدفاع، فأرسل رسول الله صلى الله عليه وسلم عددًا من السرايا، كان الغرض منها التعرف على الطرق المحيطة بالمدينة، والمسالك المؤدية إلى مكة، وعقد المعاهدات مع القبائل المجاورة وإشعار كل من مشركى يثرب واليهود وعرب البادية والقرشيين أن الإسلام قد أصبح قويًّا. وكانت من أهم السرايا التى بعثها رسول الله صلى الله عليه وسلم قبل غزوة بدر سرية سيف البحر، وسرية رابغ، وسرية الخرار، وسرية الأبواء، وسرية نخلة، وفي شهر شعبان من السنة الثانية الهجرية فرض الله القتال على المسلمين، فنزلت آيات توضح لهم أهمية الجهاد ضد أعداء الإسلام، وفي هذه الأيام أمر الله -سبحانه- رسوله صلى الله عليه وسلم بتحويل القبلة من بيت المقدس إلى المسجد الحرام، وكان هذا إيذانًا ببدء مرحلة جديدة في حياة المسلمين خاصة، والبشرية عامة. بعد فرض الجهاد على المسلمين، وتحرش المشركين بهم، كان لابد من القتال فكانت عدة لقاءات عسكرية بين المسلمين والمشركين، أهمها: غزوة بدر الكبرى في العام الثانى الهجرى، وكانت قريش قد خرجت بقافلة تجارية كبيرة على رأسها أبو سفيان بن حرب، وقد خرج رسول الله صلى الله عليه وسلم في ثلاثمائة وبضعة عشر رجلاً لقصد هذه القافلة، لكن أبا سفيان كان يتحسس الخبر فأرسل رجلا إلى قريش يعلمهم بما حدث، ثم نجح هو بعد ذلك في الإفلات بالعير والتجارة، واستعدت قريش للخروج، فخرج ألف وثلاثمائة رجل، وأرسل أبو سفيان إلى قريش أنه قد أفلت بالعير، إلا أن أبا جهل أصر على القتال، فرجع بنو زهرة وكانوا ثلاثمائة رجل، واتجه المشركون ناحية بدر، وكان المسلمون قد سبقوهم إليها بعد استطلاعات واستكشافات. وبدأت الحرب بالمبارزة بين رجال من المشركين ورجال من المهاجرين، قُتِل فيها المشركون، وبدأت المعركة، وكتب الله -عز وجل- للمسلمين فيها النصر وللكفار الهزيمة، وقد قتل المسلمون فيها عددًا كبيرًا، كما أسروا آخرين، وبعد غزوة بدر علم الرسول صلى الله عليه وسلم أن بني سليم من قبائل غطفان تحشد قواتها لغزو المدينة، فأسرع رسول الله صلى الله عليه وسلم في مائتى رجل وهاجمهم في عقر دارهم، ففروا بعد أن تركوا خمسمائة بعير استولى عليها المسلمون، وكانت هذه الغزوة في شوال (2هـ) بعد بدر بسبعة أيام، وعرفت بغزوة بني سليم. ورأت اليهود في المدينة نصر الرسول صلى الله عليه وسلم فاغتاظوا لذلك، فكانوا يثيرون القلاقل، وكان أشدهم عداوة بنو قينقاع، فجمع الرسول صلى الله عليه وسلم اليهود بالمدينة ونصحهم وعرض عليهم الإسلام، إلا أنهم أبدوا استعدادهم لقتال المسلمين، فكظم الرسول صلى الله عليه وسلم غيظه، حتى تسبب رجل من بني قينقاع في كشف عورة امرأة، فقتله أحد المسلمين، فقتل اليهود المسلم فحاصر رسول الله صلى الله عليه وسلم بني قينقاع، ثم أجلاهم عن المدينة بسبب إلحاح عبدالله بن أبى بن سلول. وفي ذي الحجة سنة (2هـ) خرج أبو سفيان في نفر إلى المدينة، فأحرق بعض أسوار من النخيل، وقتلوا رجلين، وفروا هاربين، فخرج الرسول صلى الله عليه وسلم في أثرهم، إلا أنهم ألقوا ما معهم من متاع حتى استطاعوا الإسراع بالفرار وعرفت هذه الغزوة بغزوة السويق، كما علم الرسول صلى الله عليه وسلم أن نفرًا من بني ثعلبة ومحارب تجمعوا يريدون الإغارة على المدينة، فخرج لهم الرسول صلى الله عليه وسلم حتى وصل إلى المكان الذي تجمعوا فيه، وكان يسمى بـ(ذي أمر) ففروا هاربين إلى رءوس الجبال، وأقام الرسول صلى الله عليه وسلم شهرًا ليرهب الأعراب بقوة المسلمين، وكانت هذه الغزوة في أوائل صفر سنة (3هـ). وفي جمادى الآخرة سنة (3هـ) خرجت قافلة لقريش بقيادة صفوان بن أمية ومع أن القافلة اتخذت طريقًا صعبًا لا يعرف، إلا أن النبأ قد وصل إلى المدينة وخرجت سرية بقيادة زيد بن حارثة، استولت على القافلة وما فيها من متاع، وفر صفوان بن أمية ومن معه، اغتاظ كفار مكة مما حدث لهم في غزوة بدر، فاجتمعوا على الاستعداد لقتال المسلمين، وقد جعلوا القافلة التى نجا بها أبوسفيان لتمويل الجيش واستعدت النساء المشركات للخروج مع الجيش لتحميس الرجال، وقد طارت الأخبار إلى المدينة باستعداد المشركين للقتال، فاستشار الرسول صلى الله عليه وسلم الصحابة، وأشار عليهم -بدءًا- أن يبقوا في المدينة، فإن عسكر المشركون خارجها، فإنهم لن ينالوا منهم شيئًا، وإن غزوا المدينة، قاتلوهم قتالاً شديدًا. إلا أن بعض الصحابة ممن لم يخرج مع الرسول صلى الله عليه وسلم للقتال في بدر، أشاروا على الرسول صلى الله عليه وسلم الخروج من المدينة، وكان على رأس المتحمسين للخروج حمزة بن عبدالمطلب، ولبس رسول الله صلى الله عليه وسلم لبس الحرب، وخرج الجيش وفيه ألف مقاتل، واتخذ رسول الله صلى الله عليه وسلم مكانًا قريبًا من العدو عند جبل أحد، وما كاد وقت المعركة أن يبدأ حتى تراجع عبدالله بن أبى سلول بثلث الجيش، بزعم أن الرسول صلى الله عليه وسلم قد أكره على الخروج، وما أراد بفعلته إلا بث الزعزعة في صفوف المسلمين، وبقى من الجيش سبعمائة مقاتل، وكان عدد المشركين ثلاثة آلاف مقاتل. واتخذ الرسول صلى الله عليه وسلم مكانًا متميزًا في المعركة، وجعل بعض المقاتلين في الجبل، وهو ما عرف فيما بعد بجبل الرماة، وأمّر عليهم عبدالله بن جبير وأمرهم أن يحموا ظهور المسلمين، وألا ينزلوا مهما كان الأمر، سواء انتصر المسلمون أم انهزموا، إلا إذا بعث إليهم الرسول صلى الله عليه وسلم، بدأت المبارزة بين الفريقين، وقتل فيها المسلمون عددًا من المشركين، وكان معظمهم ممن كانوا يحملون لواء المشركين، حتى ألقى اللواء على الأرض، واستبسل المسلمون وقاتلوا قتالا شديدًا، واستبسل من كانوا على الجبل. إلا أنهم لما رأوا المسلمين يجمعون الغنائم نزلوا، فذكرهم قائدهم عبدالله بن جبير إلا أنهم لم يسمعوا له، ولاحظ خالد بن الوليد، فرجع بمن كان معه، وطوق جيش المسلمين، واضطربت الصفوف، وقتل المشركون من المسلمين سبعين رجلاً واقتربوا من رسول الله صلى الله عليه وسلم الذي أصيب ببعض الإصابات، والذي حاول المشركون قتله لولا بسالة بعض الصحابة ممن دافع عنه، وقد أشيع قتل النبي صلى الله عليه وسلم. ثم انتشر بين المسلمين كذب الخبر، فتجمعوا حوله صلى الله عليه وسلم، واستطاع الرسول صلى الله عليه وسلم أن يخترق طريقًا وينجو بمن معه، وصعدوا الجبل، وحاول المشركون قتالهم، إلا أنهم لم يستطيعوا، فرجعوا وخشى رسول الله صلى الله عليه وسلم أن يرجع المشركون، فخرج بمن كان معه في غزوة أحد فحسب، ولم يقبل غيرهم إلا عبدالله بن جابر فقد قبل عذره. وخرج الرسول صلى الله عليه وسلم والصحابة حتى وصلوا إلى حمراء الأسد، وقد أقبل معبد بن أبى معبد الخزاعي وأسلم، فأمره الرسول صلى الله عليه وسلم بمخادعة أبى سفيان إن كان قد أراد الرجوع لحرب المسلمين، وفي طريق العودة اتفق المشركون على الرجوع، فقابلهم معبد بن أبى معبد الخزاعي، ولم يكن أبو سفيان قد علم بإسلامه، فقال له: إن محمدًا صلى الله عليه وسلم قد جمع جيشًا كبيرًا لقتالكم، كى يستأصلكم، فارجعوا، وأحدثت هذه الكلمات زعزعة في صفوف المشركين. وبعد غزوة أحد، بعث رسول الله صلى الله عليه وسلم بعض السرايا لتأديب من يريد أن يعتدي على المسلمين، كسرية أبى سلمة في هلال شهر المحرم سنة (4هـ) إلى بني أسد بن خزيمة، وبعث عبدالله بن أنيس لخالد بن سفيان الذي أراد حرب المسلمين، فأتى عبدالله بن أنيس برأسه لرسول الله صلى الله عليه وسلم، وفي بعث الرجيع قتل بعض الصحابة، وفي السنة نفسها، بعث الرسول صلى الله عليه وسلم بعض الصحابة لأهل نجد، ليدعوهم إلى الإسلام، وفي الطريق عند بئر معونة أحاط كثير من المشركين بالمسلمين، وقتلوا سبعين من الصحابة، ولما بلغ الرسول صلى الله عليه وسلم ذلك الخبر، حزن حزنًا شديدًا، ودعا على المشركين. وكانت يهود بني النضير يراقبون الموقف، ويستغلون أى فرصة لإشعال الفتنة وكان بعض الصحابة قد قتلوا اثنين خطأ معهما عهد من رسول الله صلى الله عليه وسلم، وكان من بنود الميثاق بين الرسول صلى الله عليه وسلم وبين اليهود، أن يساعد كل من الطرفين الآخر في دفع الدية، فلما ذهب الرسول صلى الله عليه وسلم إليهم حاولوا قتله، إلا أن الله سبحانه حفظه وأرسل إليه جبريل، يخبره بما يريدون، فبعث إليهم الرسول صلى الله عليه وسلم أن يخرجوا، ولكن عبدالله بن أبى وعدهم بالمساعدة، فرفضوا الخروج، وحاصرهم رسول الله صلى الله عليه وسلم بضعة أيام، وبعدها قرروا الخروج على أن يأخذوا متاعهم، واستثنى رسول الله صلى الله عليه وسلم سلاحهم، فأخذه، وأخذ أرضهم وديارهم، فتفرق يهود بني النضير في الجزيرة. وفي شعبان من العام الرابع الهجري خرج الرسول صلى الله عليه وسلم في ألف وخمسمائة من أصحابه، لملاقاة أبى سفيان والمشركين، كما اتفقوا في غزوة أحد إلا أن أبا سفيان خاف، فتراجع هو وجيشه خوفًا من المسلمين، ويسمى هذا الحادث بغزوة بدر الصغرى أو بدر الآخرة، وطارت الأنباء إلى الرسول صلى الله عليه وسلم أن القبائل حول دومة الجندل تحشد جيشًا لقتال المسلمين، فخرج رسول الله صلى الله عليه وسلم في جيش من أصحابه، وفاجأهم، ففروا هاربين وكان ذلك في أواخر ربيع الأول سنة (5هـ) وبذا فقد استطاع الرسول صلى الله عليه وسلم أن يصد كل عدوان، حتى يتسنى له الأمر لتبليغ دعوة الله. ولم تنس اليهود تلك الهزائم التى لحقت بها، لكنها لا تستطيع مواجهة الرسول صلى الله عليه وسلم فأخذت يهود بني النضير يألبون المشركين في مكة وغيرها على رسول الله صلى الله عليه وسلم، حتى اجتمع عشرة آلاف مقاتل، وقد علم الرسول صلى الله عليه وسلم بذلك، فاستشار الصحابة، فأشار عليه سلمان الفارسى بحفر خندق، فحفر الرسول صلى الله عليه وسلم والصحابة الخندق شمال المدينة، لأنه الجهة الوحيدة التى يمكن أن يأتى الأعداء منها. وذهب زعيم بني النضير حيى بن أخطب إلى زعيم بني قينقاع المتحالفة مع الرسول صلى الله عليه وسلم، وجعله ينقض العهد، إلا أن الله حمى المسلمين وحفظهم فقد أسلم نعيم بن مسعود الذي أوقع الدسيسة بين اليهود وقريش، وجعل كلا منهم يتشكك في الآخر، وأرسل الله عليهم ريحًا شديدة دمرت خيامهم، وأطفأت نيرانهم؛ فاضطروا إلى الرحيل والفرار، وقال بعدها الرسول صلى الله عليه وسلم: (الآن نغزوهم ولا يغزوننا) وسميت هذه الغزوة بغزوة الخندق أو الأحزاب، وكانت في العام الخامس الهجرى. وقبل أن يخلع رسول الله صلى الله عليه وسلم وأصحابه ملابس الحرب، جاءه جبريل، وأمره بأن يذهب لغزو بني قريظة هو وأصحابه، فتحرك الجيش الإسلامى وكان عدده ثلاثة آلاف مقاتل وحاصر الرسول صلى الله عليه وسلم بني قريظة فعرض عليهم رئيسهم كعب بن أسد ثلاث اقتراحات؛ إما أن يسلموا فيأمنوا على أنفسهم، وإما أن يقتلوا ذراريهم ونساءهم، ثم يخرجوا لقتال المسلمين، وإما أن يهجموا على رسول الله صلى الله عليه وسلم وأصحابه يوم السبت؛ لكنهم لم يجيبوه إلى شىء من ذلك. ولم يبق لهم بعد الرفض إلا أن ينزلوا على حكم رسول الله صلى الله عليه وسلم فبعثوا إلى أبى لبابة بن المنذر-وكان من حلفائهم قبل إسلامه- ليخبرهم عن حكم رسول الله صلى الله عليه وسلم، فلما رأى أبو لبابة بني قريظة رق قلبه إليهم، وأشار إليهم بيده إلى حلقه كناية عن القتل، وعلم أبو لبابة أنه خان الله ورسوله، فذهب إلى مسجد النبي صلى الله عليه وسلم وربط نفسه، وأقسم ألا يفكه أحد إلا الرسول صلى الله عليه وسلم. ونزلت اليهود على حكم رسول الله صلى الله عليه وسلم، واتفق أن يحكم فيهم سعد بن معاذ، فحكم سعد بأن يقتل الرجال، وتسبى النساء والذراري، وكان هذا حكم الله فيهم، وكانت الغزوة في ذي القعدة من العام الخامس الهجرى، وبعد غزوة بني قريظة بعث رسول الله صلى الله عليه وسلم جماعة من الأنصار قتلوا سلام بن أبى الحقيق، وذلك أنه كان من اليهود الذين أثاروا الأحزاب ضد المسلمين. وفي شعبان من العام السادس الهجري علم رسول الله صلى الله عليه وسلم أن زعيم بني المصطلق جمع قومه ومن قدر عليه من العرب لقتال المسلمين، فتأكد رسول الله صلى الله عليه وسلم من الخبر، وخرج في عدد من الصحابة، حتى وصل ماء المريسيع، ففر المشركون، واستولى المسلمون على أموالهم وذراريهم، وفي هذه الغزوة كانت حادثة الإفك التى افتُرى فيها على السيدة عائشة، واتهمت بالخيانة، فأنزل الله -سبحانه- براءتها في قرآن يتلى إلى يوم القيامة. وقد أراد المنافقون أن يدسوا الفتنة بين المسلمين بعد الانتهاء من الحرب، فقال عبدالله بن أبي: ليخرجن الأعز منها الأذل (يعنى الأعز هو، والأذل رسول الله صلى الله عليه وسلم) فقام ابنه عبدالله بن عبدالله بن أبى بالاعتذار لرسول الله صلى الله عليه وسلم ومنع أباه من دخول المدينة، وقال له: رسول الله هو الأعز وأنت الأذل. وفي هذا العام السادس من الهجرة رأى رسول الله صلى الله عليه وسلم في المنام أنه دخل هو وأصحابه المسجد الحرام، وأخذ مفتاح الكعبة، وطافوا واعتمروا فكانت بشرى من الله، بفتح مكة فيما بعد، واستعد الرسول صلى الله عليه وسلم للعمرة وخرج معه عدد كبير من المسلمين، ولما سمعت بذلك قريش، استعدت للحرب وساق الرسول صلى الله عليه وسلم الهدي؛ دلالة على عدم نية الحرب، وبعث الرسول صلى الله عليه وسلم عثمان بن عفان، ليرى رأي قريش. واحتجزت قريش عثمان فترة، وأشيع نبأ قتله، وبايع الصحابة الرسول صلى الله عليه وسلم بيعة الرضوان، وظلت المراسلات بين الرسول صلى الله عليه وسلم وبين قريش، انتهت بأن أرسلت قريش سهيل بن عمرو ليعقد صلح الحديبية مع رسول الله صلى الله عليه وسلم، وكان من ضمن بنوده وقف الحرب بين الفريقين عشر سنين، وللقبائل أن تدخل في حلف النبي صلى الله عليه وسلم، أو في حلف قريش، وأنه من فر من المسلمين إلى قريش لا ترده قريش، ومن فر من قريش إلى الرسول صلى الله عليه وسلم يرده الرسول صلى الله عليه وسلم. ومع أن الظاهر في بعض بنود هذه المعاهدة الظلم، إلا أنها أتاحت الفرصة لانتشار الإسلام، واعتراف قريش بالمسلمين كقوة، فدخل عدد كبير الإسلام.. بعد هذه الهدنة، أسلم بعض أبطال قريش؛ كعمرو بن العاص، وخالد بن الوليد، وعثمان بن طلحة، وأرسل رسول الله صلى الله عليه وسلم إلى الأمراء والملوك يدعوهم إلى الإسلام، ليعلن أن الإسلام جاء للناس جميعًا، وليس مقصورًا على شبة الجزيرة العربية. وبعد صلح الحديبية قامت بعض الغزوات؛ كغزوة ذي قرد، وكانت ردًّا على بعض بني فزارة الذين أرادوا القيام بعمل القرصنة ضد المسلمين، وقد أبلى فيها سلمة بن الأكوع بلاءً حسنًا، وبعد تلك الانتصارات التى قام بها المسلمون كان لابد من تأديب من كان السبب في كثير من الحروب، وهم يهود خيبر، أولئك الذين جمعوا الأحزاب ضد رسول الله صلى الله عليه وسلم للقتال، فخرج رسول الله صلى الله عليه وسلم بمن بايع معه تحت الشجرة، وكانوا ألفًا وأربعمائة، حتى وصلوا قرب خيبر، وقد كانت كلها حصونًا، ففيها ثمانية حصون كبيرة منيعة واستبسل الرسول صلى الله عليه وسلم والمسلمون حتى منَّ الله عليهم بفتح هذه الحصون، وأصبح اليهود صاغرين، وصالحهم رسول الله صلى الله عليه وسلم على أن يبقى لهم الأرض ليزرعوها على أن يكون لهم نصف الثمار، وللمسلمين نصفها، وكانت غزوة خيبر في العام السابع الهجرى. وبعد هذه الغزوة جاء جعفر بن أبى طالب ومن معه من الحبشة إلى المدينة، وفرح الرسول صلى الله عليه وسلم بعودتهم، كما تزوج الرسول صلى الله عليه وسلم بصفية بنت حيى بن أخطب بعد أن أسلمت، وقد كانت من السبى، وبعد خيبر صالح يهود فدك الرسول صلى الله عليه وسلم كما صالحه أهل خيبر، كما حارب رسول الله صلى الله عليه وسلم بعض اليهود ومن انضم إليهم من العرب عند وادي القرى، وفتحها رسول الله صلى الله عليه وسلم، وقسم الغنائم على أصحابه، أما النخل والأرض فقد عاملهم كما عامل أهل خيبر، ولما علم يهود تيماء بذلك بعثوا إلى رسول الله صلى الله عليه وسلم ، فكتب لهم كتابًا، يدفعون بمقتضاه الجزية للمسلمين وبعد هذه الحروب والانتصارات رجع رسول الله صلى الله عليه وسلم إلى المدينة. وبعد أن أدَّب رسول الله صلى الله عليه وسلم المنافقين واليهود، خرج الرسول صلى الله عليه وسلم في غزوة ذات الرقاع حتى استطاع تأديب الأعراب، وكان لهذه الغزوة أثرها في قذف الرعب في قلوب الأعراب، وبذا استطاع الرسول صلى الله عليه وسلم أن يقضى على الأحزاب، ليتفرغ لنشر الدعوة الإسلامية، وكانت هذه الغزوة في العام السابع الهجرى.. وفي ذي القعدة من السنة السابعة من الهجرة، خرج رسول الله صلى الله عليه وسلم والمسلمون إلى مكة لأداء عمرة القضاء، وكان الرسول صلى الله عليه وسلم قد بعث الحارث بن عمير الأزدي إلى عظيم بصرى، فعرض له شرحبيل بن عمرو الغسانى عامل البلقاء من أرض الشام، من قبل قيصر، فأمسك الحارث، وأوثقه ثم قتله، فأمر الرسول صلى الله عليه وسلم الصحابة بالخروج لتأديب هؤلاء، فخرج ثلاثة آلاف مقاتل، وقد جعل الرسول صلى الله عليه وسلم الراية لزيد ثم لجعفر إن قتل، ثم لعبد الله بن رواحة، واتجه الجيش ناحية العدو حتى وصل إلى مكان يقال له (مؤتة) وفوجئ الجيش بأن جيش العدو عدده مائتا ألف مقاتل مقابل ثلاثة آلاف واستقر الأمر على الجهاد. وقاتل المسلمون واستبسلوا، فقتل القائد زيد بن حارثة، ثم قتل جعفر ثم قتل ابن رواحة بعد قتال عنيف، ثم اتفق أن تكون الراية لخالد بن الوليد الذي استطاع إنقاذ الجيش، وإرهاب الأعداء مع كثرة عددهم، ففي اليوم الثانى للقتال غير تنظيم الجيش، حتى ظن الروم أن المسلمين جاءهم مدد، فلم يلاحقوهم، بينما انسحب خالد بالجيش بمهارة كبيرة، ولم يقتل في هذه الغزوة إلا اثنا عشر رجلاً من المسلمين، وكانت في العام الثامن الهجرى. وقد علم رسول الله صلى الله عليه وسلم أن بعض القبائل العربية قد انضمت إلى الرومان، فبعث رسول الله صلى الله عليه وسلم عمرو بن العاص في جيش لتأديبهم، فلما ذهب عمرو ورأى كثرة عدد المشركين أرسل إلى الرسول صلى الله عليه وسلم يطلب مددًا، فبعث إليه بأبي عبيدة في مائتى رجل، واستطاع المسلمون هزيمة تلك القبائل، وعرفت هذه الحرب بسريَّة ذات السلاسل، وكانت بعد غزوة مؤتة في جمادى الآخرة في العام الثامن الهجرى. وحدث أن اعتدت بنو بكر -وكانت قد دخلت في حلف قريش حسب اتفاق الحديبية- على خزاعة التى دخلت في حلف النبي صلى الله عليه وسلم، وجاء عمرو بن سالم الخزاعي إلى رسول الله صلى الله عليه وسلم يستنصره، فقال له النبى: (نصرت يا عمرو بن سالم) وعلمت قريش أنها نقضت العهد، فذهب أبو سفيان إلى المدينة ليسترضي رسول الله صلى الله عليه وسلم، ولكنه رجع دون فائدة، وتجهز الرسول صلى الله عليه وسلم في عشرة آلاف مقاتل من الصحابة لغزو مكة دون أن تعلم قريش بذلك، وفي هذه الأثناء أسلم أبو سفيان، ولما قرب الرسول صلى الله عليه وسلم من مكة كان أبو سفيان قد رجع ليخبر القوم. ودخل الرسول صلى الله عليه وسلم وأصحابه مكة منتصرين فاتحين، واتجه الرسول صلى الله عليه وسلم والصحابة خلفه ناحية المسجد الحرام، فاستلم الرسول صلى الله عليه وسلم الحجر الأسود وطاف بالبيت، وهدم الأصنام التى كانت حول الكعبة، ثم نادى عثمان بن طلحة وأخذ منه مفتاح الكعبة فدخلها فوجد فيها صورًا فمحاها، وخطب الرسول صلى الله عليه وسلم في قريش، ثم قال لهم: ما ترون أنى فاعل بكم؟ قالوا: خيرًا، أخ كريم، وابن أخ كريم.. فقال: فإنى أقول لكم كما قال يوسف لإخوته {لا تثريب عليكم اليوم} اذهبوا فأنتم الطلقاء. ثم رد المفتاح إلى عثمان بن طلحة، وكان قد حان وقت الصلاة، فأمر بلال أن يصعد الكعبة، فصعدها وأذن، وأهدر الرسول صلى الله عليه وسلم دم بعض من أكابر المجرمين الذين عذبوا المسلمين وآذوهم، فقتل بعضهم وأسلم بعضهم، ثم أخذ الرسول صلى الله عليه وسلم البيعة ممن أسلم من الرجال، ثم أخذ البيعة من النساء، وأقام الرسول تسعة عشر يومًا في مكة يجدد معالم الإسلام فيها، وبعث نفرًا من أصحابه لهدم الأصنام التى كان منتشرة في مكة، وقد كان فتح مكة في العام الثامن من الهجرة. وقد كان فتح مكة مرحلة فاصلة في تاريخ الإسلام، فقد كان لقريش مكانة عظيمة بين القبائل العربية، فلما رأت القبائل قريشا دخلت الإسلام، أسرعت القبائل تدخل في دين الله أفواجًا، ولكن مسيرة الجهاد لم تقف، فلقد أبت بعض القبائل العربية أن تدخل الدين الجديد، وألا تستسلم كما استسلمت القبائل الأخرى، وكان من بين هذه القبائل هوازن وثقيف، وانضمت بعض القبائل الأخرى تحت قيادة مالك بن عوف، وخرج الجيش الإسلامى ناحية (حنين) وكان مالك بن عوف قد سبقهم إليها، ووزَّع الجيش في الوادي، ولما نزل المسلمون الوادي رشقهم العدو بالنبال، حتى تقهقرت كتائب المسلمين، لكن الرسول صلى الله عليه وسلم جمع شمل المسلمين الفارين وأعاد للجيش انتظامه، وحاربوا العدو، ونصرهم الله عليهم وغنموا غنائم كثيرة، وتفرق العدو إلى الطائف ونخلة وأوطاس.. وغير ذلك من الأماكن، وقد كانت هذه الغزوة في شوال من العام الثامن الهجري. وعلم الرسول صلى الله عليه وسلم أن معظم جيش هوازن وثقيف دخلوا الطائف، فخرج إليهم رسول الله صلى الله عليه وسلم في آخر شوال وحاصرهم حصارًا شديدًا عدة أيام، وبعدها رفع الرسول صلى الله عليه وسلم الحصار عنهم فقال له بعض الصحابة: يا رسول الله، ادع على ثقيف، فقال: اللهم اهد ثقيفًا وائت بهم، وقسم الرسول صلى الله عليه وسلم الغنائم، وبعد تقسيم الغنائم جاء وفد هوازن مسلمين، وطلبوا من الرسول صلى الله عليه وسلم أن يرد عليهم غنائمهم، فطلب الرسول صلى الله عليه وسلم من الصحابة رد الغنائم لوفد هوازن، فاستجابوا لأمر الرسول صلى الله عليه وسلم، بعدها اعتمر الرسول صلى الله عليه وسلم ثم رجع إلى المدينة. وفي العام التاسع من الهجرة، سمع الرسول صلى الله عليه وسلم أن الرومان تستعد للقاء المسلمين، وقد تجمع معها بعض القبائل العربية من النصارى، فأعلن رسول الله صلى الله عليه وسلم أنه خارج لقتال الروم، ودعا إلى الجهاد والإنفاق، وأنفق الصحابة من أموالهم الكثير، ولم يتخلف عن هذه الغزوة إلا المنافقون وثلاثة من المؤمنين، وقد كان هذا الوقت شديد الحر، إلا أن المسلمين جاهدوا أنفسهم في الخروج للجهاد، ولم يكف الزاد، وسمي هذا الجيش بجيش العسرة، وخرج الرسول صلى الله عليه وسلم في رجب من العام التاسع الهجري تجاه تبوك، حتى وصل إليها وعسكر فيها خمسين يومًا. ولما سمع الروم به خافوا، فلم يخرجوا لقتال المسلمين، وجاء إليه بعض الرومان واصطلحوا معه على دفع الجزية، وانتشر الخبر في الجزيرة العربية، فازداد الإسلام قوة إلى قوته، ورجعت إليه القبائل التى كانت تنوى الاحتماء بالرومان، وعاد الرسول صلى الله عليه وسلم في رمضان من هذه السنة مظفرًا منتصرًا، وفي هذه السنة توفي النجاشى ملك الحبشة، وصلى عليه الرسول صلى الله عليه وسلم صلاة الغائب، كما توفيت أم كلثوم بنت النبي صلى الله عليه وسلم ومات رأس المنافقين عبدالله بن أبى بن سلول. وفي ذي الحجة من العام التاسع الهجري بعث الرسول صلى الله عليه وسلم أبا بكر أميرًا على الحج، فحج بالمسلمين، ودخل الناس في الإسلام أفواجًا، فأتت القبائل إلى الرسول صلى الله عليه وسلم متتالية متتابعة معلنة إسلامها لله، وفي ذي الحجة من العام العاشر الهجري خرج الرسول صلى الله عليه وسلم إلى مكة وحج بالناس حجة الوداع، بعد أن أعلمهم أمور الدين، وخطب فيهم خطبة وضع فيها الأسس التى يسيرون عليها في حياتهم استكمالا للرسالة التى جاء بها إلى الناس. وفي أوائل صفر من العام الحادي عشر الهجري خرج النبي صلى الله عليه وسلم إلى أحد، وصلى على الشهداء كأنه يودعهم، وفي ليلة من الليالى خرج إلى البقيع فاستغفر للموتى، ومرض رسول الله صلى الله عليه وسلم، ولما اشتد عليه المرض أمر أبا بكر أن يصلى بالناس، وفي هذه الأيام كان الرسول يخرج للناس إذا وجد خفة في نفسه، فخرج إليهم ذات مرة، فوعظهم وذكرهم، وألمح بأن أجله قد اقترب، ولم يفهم ذلك من الصحابة إلا أبو بكر، وقبل أن يتوفى النبي صلى الله عليه وسلم بيوم أعتق غلمانه، وتصدق بسبعة دنانير كانت عنده. وفي اليوم الأخير من مرض النبي صلى الله عليه وسلم، وفي فجر يوم الاثنين الثاني عشر من ربيع الأول من العام الحادي عشر من الهجرة كان الرسول صلى الله عليه وسلم في حجرة عائشة، فرفع الستار ورأى المسلمين يصلون الفجر، فتبسم وفي وقت الضحى صعدت الروح الطاهرة الزكية إلى ربها بعدما أدت ما عليها فحزن الصحابة -رضوان الله عليهم- حزنًا شديدًا لوفاة النبي صلى الله عليه وسلم، وغسلوا الجسد الشريف ليلة الثلاثاء من غير أن يجردوا الرسول صلى الله عليه وسلم من الثياب، وحُفر قبره صلى الله عليه وسلم في حجرته، ودخل الناس جماعات يصلون على النبي صلى الله عليه وسلم، بعد ما أدى ما عليه من أمانة الله، فصلوات الله وسلامه عليه.</p>','<p>محمد (صلى الله عليه وسلم) في غرب الجزيرة العربية، وفي مكة المكرمة، ولدت (آمنة بنت وهب) ابنها محمد بن عبد الله صلى الله عليه وسلم، في الليلة الثانية عشرة من ربيع الأول سنة 571 ميلادية وهو ما يعرف بعام الفيل. وقد ولد محمد صلى الله عليه وسلم يتيمًا، فقد مات أبوه، وهو لم يزل جنينًا في بطن أمه، فقد خرج عبدالله بن عبدالمطلب إلى تجارة في المدينة فمات هناك، واعتنى به جده عبدالمطلب، وسماه محمدًا، ولم يكن هذا الاسم مشهورًا ولا منتشرًا بين العرب، وقد أخذته السيدة حليمة السعدية لترضعه في بني سعد بعيدًا عن مكة؛ فنشأ قوىَّ البنيان، فصيح اللسان، ورأوا الخير والبركة من يوم وجوده بينهم. وفي البادية، وبينما محمد صلى الله عليه وسلم يلعب مع الغلمان، إذ جاء إليه جبريل -عليه السلام- فأخذه، وشق عن قلبه، فاستخرج القلب، واستخرج منه علقة هي حظ الشيطان منه، ثم غسله في طست من ذهب بماء زمزم، ثم أعاد القلب إلى مكانه، فأسرع الغلمان إلى حليمة فقالوا: إن محمدًا قد قتل، فاستقبلوه وهو متغير اللون، قال أنس بن مالك: كنت أرى أثر ذلك المخيط في صدره.[مسلم والحاكم] ولما رأت حليمة السعدية ذلك، أرجعت محمدًا صلى الله عليه وسلم إلى أمه آمنة، فكان معها تعتني به حتى بلغ السادسة من عمره، وبعدها توفيت، فأخذه جده عبدالمطلب الذي لم يزل يعتني به منذ ولادته، ولما مات جده وهو في الثامنة من عمره، عهد بكفالته إلى عمه أبى طالب.. وقد شهد رسول الله صلى الله عليه وسلم حرب الفجار مع أعمامه، وهذه حرب خاضتها قريش مع كنانة ضد قيس عيلان من هوازن دفاعًا عن قداسة الأشهر الحرم ومكانة بيت الله الحرام، كما شهد حلف الفضول الذي ردت فيها قريش لرجل من زبيد حقه الذي سلبه منه العاص بن وائل السهمى، وكان هذا الحلف في دار عبدالله بن جدعان، وقد اتفقت فيه قريش على أن ترد للمظلوم حقه، وكان لهذين الحدثين أثرهما في حياة النبي صلى الله عليه وسلم. وكان من بين أهل قريش امرأة شريفة تسمى خديجة بنت خويلد، كانت تستأجر الرجال في تجارتها، وقد سمعت بأمانة محمد صلى الله عليه وسلم، فأرسلت إليه تعرض عليه أن يخرج بتجارتها إلى الشام، وتعطيه أكثر ما تعطى غيره، فوافق محمد صلى الله عليه وسلم، وخرج مع غلامها ميسرة، وتاجرا وربحا، ولما عادا من التجارة، أخبر ميسرة سيدته خديجة بما لمحمد صلى الله عليه وسلم من خصائص، وكانت امرأة ذكية، فأرسلت تخطب محمدًا صلى الله عليه وسلم. ثم جاء عمه أبو طالب وعمه حمزة وخطباها لمحمد صلى الله عليه وسلم، وتزوج رسول الله صلى الله عليه وسلم بخديجة، وكانت نعم الزوجة الصالحة، فقد ناصرته في حياتها، وبذلت كل ما تملك في سبيل إعلاء كلمة الله، وقد عرف رسول الله صلى الله عليه وسلم بحسن تدبيره وحكمته ورجاحة عقله في حل المشكلات، فقد أعادت قريش بناء الكعبة، وقد اختلفوا فيمن يضع الحجر الأسود مكانه، حتى كادت أن تقوم حرب بينهم، وظلوا على ذلك أيامًا، واقترح أبو أمية بن المغيرة تحكيم أول من يدخل من باب المسجد، فكان رسول الله صلى الله عليه وسلم ، فأمر بإحضار ثوب، ثم أمر بوضع الحجر في الثوب، وأن تأخذ كل قبيلة طرفًا من الثوب، فرفعوه جميعًا، حتى إذا بلغ الموضع، وضعه رسول الله صلى الله عليه وسلم بيده الشريفة مكانه، ثم بنى عليه، وكان آنذاك في الخامسة والثلاثين من عمره. ولما قربت سن محمد صلى الله عليه وسلم نحو الأربعين، حببت إليه العزلة، فكان يعتزل في غار حراء، يتعبد فيه، ويتأمل هذا الكون الفسيح، وفي يوم من الأيام كان رسول الله صلى الله عليه وسلم يتعبد في غار حراء، فجاء جبريل، وقال له: اقرأ.. فقال له محمد صلى الله عليه وسلم: ما أنا بقارئ. فأخذه جبريل فضمه ضمًّا شديدًا ثم أرسله وقال له: اقرأ. قال: ما أنا بقارئ. فأخذه جبريل ثانية وضمه إليه ضمًّا شديدًا، وقال له: اقرأ. قال: ما أنا بقارئ. قال له جبريل: {اقرأ باسم ربك الذي خلق. خلق الإنسان من علق. اقرأ وربك الأكرم الذي علم بالقلم. علم الإنسان ما لم يعلم} [العلق:1-5] _[متفق عليه]. فكان هذا الحادث هو بداية الوحي، ولكن رسول الله صلى الله عليه وسلم خاف مما حدث له، فذهب إلى خديجة وطلب منها أن تغطيه، ثم حكى لها ما حدث، فطمأنته، وأخبرته أن الله لن يضيعه أبدًا، ثم ذهبت به إلى ابن عمها ورقة بن نوفل، وحكى له ما رأى، فبشره ورقة بأنه نبي هذه الأمة، وتمنى أن لو يعيش حتى ينصره، لكن ورقة مات قبل الرسالة، وانقطع الوحى مدة، فحزن رسول الله صلى الله عليه وسلم، ثم نزل الوحى مرة ثانية، فقد رأى رسول الله صلى الله عليه وسلم جبريل قاعدًا على كرسى بين السماء والأرض، فرجع مسرعًا إلى أهله، وهو يقول: زملونى، زملونى (أى غطونى) فأنزل الله تعالى قوله: {يا أيها المدثر. قم فأنذر. وربك فكبر. وثيابك فطهر. والرجز فاهجر} _[المدثر: 1-5] ثم تتابع الوحى بعد ذلك [البخارى]. وبعد هذه الآيات التى نزلت كانت بداية الرسالة، فبدأ رسول الله صلى الله عليه وسلم يدعو الأقربين إلى الإسلام، فكان أول من آمن خديجة زوجته، وأبو بكر صديقه، وعلي بن أبى طالب ابن عمه، وزيد بن حارثه مولاه، ثم تتابع الناس بعد ذلك في دخول الإسلام، وأنزل الله -سبحانه- على رسوله صلى الله عليه وسلم قوله: {وأنذر عشيرتك الأقربين}_[الشعراء: 214] فكان الأمر من الله أن يجهر رسول الله صلى الله عليه وسلم بالدعوة، فجمع أقاربه أكثر من مرة، وأعلمهم أنه نبي من عند الله -عز وجل-. ولما نزل قول الله تعالى: {فاصدع بما تؤمر وأعرض عن المشركين} [الحجر: 94] قام رسول الله صلى الله عليه وسلم يستنكر عبادة الأصنام، وما عليه الناس من الضلالة، وسمعت قريش بما قاله الرسول صلى الله عليه وسلم فأخذتهم الحمية لأصنامهم التى لا تضر ولا تنفع، وحاولوا أن يقفوا ضد هذه الدعوة الجديدة بكل وسيلة، فذهبوا إلى أبى طالب، وطلبوا منه أن يسلم لهم الرسول صلى الله عليه وسلم فرفض، وكانوا يشوهون صورته للحجاج مخافة أن يدعوهم، وكانوا يسخرون من الرسول صلى الله عليه وسلم ومن القرآن، ويتهمونه بالجنون والكذب، لكن باءت محاولاتهم بالفشل، فحاول بعضهم تأليف شىء كالقرآن فلم يستطيعوا، وكانوا يؤذون رسول الله صلى الله عليه وسلم وأصحابه أشد الإيذاء كى يردوهم عن الإسلام، فكانت النتيجة أن تمسك المسلمون بدينهم أكثر. وكان الرسول صلى الله عليه وسلم يجتمع بالمسلمين سرًّا في دار الأرقم بن أبى الأرقم يعلمهم أمور الدين، ثم أمرهم بعد فترة أن يهاجروا إلى الحبشة، فهاجر عدد من المسلمين إلى الحبشة، فأرسلت قريش إلى النجاشى يردهم، لكن الله نصر المسلمين على الكفار؛ فرفض النجاشى أن يسلم المسلمين وظلوا عنده في أمان يعبدون الله عز وجل، وحاول المشركون مساومة أبى طالب مرة بعد مرة بأن يسلم لهم محمدًا إلا أنه أبى إلا أن يقف معه، فحاولوا قتل النبي صلى الله عليه وسلم إلا أن الله منعه وحفظه. وفي هذه الأوقات العصيبة أسلم حمزة وعمر بن الخطاب، فكانا منعة وحصنًا للإسلام، ولكن المشركين لم يكفوا عن التفكير في القضاء على رسول الله صلى الله عليه وسلم، ولما علم أبو طالب بذلك جمع بني هاشم وبني عبدالمطلب واتفقوا على أن يمنعوا الرسول صلى الله عليه وسلم من أن يصيبه أذى، فوافق بنو هاشم وبنو عبدالمطلب مسلمهم وكافرهم إلا أبا لهب، فإنه كان مع قريش، فاتفقت قريش على مقاطعة المسلمين ومعهم بنو هاشم وبنو عبدالمطلب، فكان الحصار في شعب أبى طالب ثلاث سنوات، لا يتاجرون معهم، ولا يتزوجون منهم، ولا يجالسونهم ولا يكلمونهم، حتى قام بعض العقلاء، ونادوا في قريش أن ينقضوا الصحيفة التى كتبوها، وأن يعيدوا العلاقة مع بني هاشم وبني عبدالمطلب، فوجدوا الأرضة أكلتها إلا ما فيها من اسم الله. وتراكمت الأحزان فيما بعد لوفاة أبى طالب عم النبي صلى الله عليه وسلم وزوجه خديجة بنت خويلد، فقد ازداد اضطهاد وتعذيب المشركين، وفكَّر الرسول صلى الله عليه وسلم أن يخرج من مكة إلى الطائف يدعو أهلها إلى الإسلام، إلا أنهم كانوا أشرارًا، فأهانوا النبي صلى الله عليه وسلم وزيد ابن حارثة الذي كان معه، وأثناء عودته بعث الله -عز وجل- إليه نفرًا من الجن استمعوا إلى القرآن الكريم، فآمنوا. وأراد الله -سبحانه- أن يخفف عن الرسول صلى الله عليه وسلم فكانت رحلة الإسراء والمعراج، والتى فرضت فيها الصلاة، خمس صلوات في اليوم والليلة واطمأنت نفس النبي صلى الله عليه وسلم بهذه الرحلة، ليبدأ من جديد الدعوة إلى الله، وقد علم أن الله معه لن يتركه ولا ينساه، فكان رسول الله صلى الله عليه وسلم يخرج في موسم الحج يدعو الناس إلى الإيمان بالله وأنه رسول الله، فآمن له في السنة العاشرة من النبوة عدد قليل، ولما كانت السنة الحادية عشرة من النبوة أسلم ستة أشخاص من يثرب كلهم من الخزرج، وهم حلفاء اليهود، وقد كانوا سمعوا من اليهود بخروج نبي في هذا الزمان، فرجعوا إلى أهليهم، وأذاعوا الخبر بينهم. وعادوا العام القادم وهم اثنا عشر رجلاً، فيهم خمسة ممن حضر العام الماضى وبايعوا رسول الله صلى الله عليه وسلم وعرفت هذه البيعة ببيعة العقبة الأولى فرجعوا وأرسل الرسول صلى الله عليه وسلم معهم مصعب بن عمير ليعلمهم أمور دينهم، وقد نجح مصعب بن عمير نجاحًا باهرًا، فقد استطاع أن يدعوا كبار المدينة من الأوس والخزرج، حتى آمن عدد كبير منهم، وفي السنة الثالثة عشرة من النبوة، جاء بضع وسبعون نفسًا من أهل يثرب في موسم الحج، والتقوا برسول الله صلى الله عليه وسلم وبايعوه بيعة العقبة الثانية، وتم الاتفاق على نصرة الإسلام والهجرة إلى المدينة. وأمر الرسول صلى الله عليه وسلم بعدها الصحابة أن يهاجروا إلى يثرب، فهاجر من قدر من المسلمين إلى المدينة، وبقى رسول الله صلى الله عليه وسلم وأبو بكر وعلى وبعض الضعفاء ممن لا يستطيعون الهجرة، وسمعت قريش بهجرة المسلمين إلى يثرب، وأيقنت أن محمدًا صلى الله عليه وسلم لابد أن يهاجر، فاجتمعوا في دار الندوة لمحاولة القضاء على رسول الله صلى الله عليه وسلم لكن الله -سبحانه- نجَّاه من مكرهم، وهاجر هو وأبو بكر بعد أن جعل عليًّا مكانه ليرد الأمانات إلى أهلها. وهاجر الرسول صلى الله عليه وسلم هو وأبو بكر إلى المدينة، واستقبلهما أهل المدينة بالترحاب والإنشاد، لتبدأ مرحلة جديدة من مراحل الدعوة، وهي المرحلة المدنية، بعد أن انتهت المرحلة المكية، وقد وصل الرسول صلى الله عليه وسلم المدينة يوم الجمعة (12 ربيع الأول سنة 1هـ/ الموافق 27 سبتمبر سنة 622م) ونزل في بني النجار، وعمل رسول الله صلى الله عليه وسلم على تأسيس دولة الإسلام في المدينة، فكان أول ما صنعه أن بنى المسجد النبوى، ليكون دار العبادة للمسلمين، ثم آخى بين المهاجرين والأنصار، كما كتب الرسول صلى الله عليه وسلم معاهدة مع اليهود الذين كانوا يسكنون المدينة. وبدأ رسول الله صلى الله عليه وسلم يعتنى ببناء المجتمع داخليًّا، كى يكون صفًّا واحدًا يدافع عن الدولة الناشئة، ولكن المشركين بمكة لم تهدأ ثورتهم، فقد أرسلوا إلى المهاجرين أنهم سيأتونهم كى يقتلوهم، فكان لابد من الدفاع، فأرسل رسول الله صلى الله عليه وسلم عددًا من السرايا، كان الغرض منها التعرف على الطرق المحيطة بالمدينة، والمسالك المؤدية إلى مكة، وعقد المعاهدات مع القبائل المجاورة وإشعار كل من مشركى يثرب واليهود وعرب البادية والقرشيين أن الإسلام قد أصبح قويًّا. وكانت من أهم السرايا التى بعثها رسول الله صلى الله عليه وسلم قبل غزوة بدر سرية سيف البحر، وسرية رابغ، وسرية الخرار، وسرية الأبواء، وسرية نخلة، وفي شهر شعبان من السنة الثانية الهجرية فرض الله القتال على المسلمين، فنزلت آيات توضح لهم أهمية الجهاد ضد أعداء الإسلام، وفي هذه الأيام أمر الله -سبحانه- رسوله صلى الله عليه وسلم بتحويل القبلة من بيت المقدس إلى المسجد الحرام، وكان هذا إيذانًا ببدء مرحلة جديدة في حياة المسلمين خاصة، والبشرية عامة. بعد فرض الجهاد على المسلمين، وتحرش المشركين بهم، كان لابد من القتال فكانت عدة لقاءات عسكرية بين المسلمين والمشركين، أهمها: غزوة بدر الكبرى في العام الثانى الهجرى، وكانت قريش قد خرجت بقافلة تجارية كبيرة على رأسها أبو سفيان بن حرب، وقد خرج رسول الله صلى الله عليه وسلم في ثلاثمائة وبضعة عشر رجلاً لقصد هذه القافلة، لكن أبا سفيان كان يتحسس الخبر فأرسل رجلا إلى قريش يعلمهم بما حدث، ثم نجح هو بعد ذلك في الإفلات بالعير والتجارة، واستعدت قريش للخروج، فخرج ألف وثلاثمائة رجل، وأرسل أبو سفيان إلى قريش أنه قد أفلت بالعير، إلا أن أبا جهل أصر على القتال، فرجع بنو زهرة وكانوا ثلاثمائة رجل، واتجه المشركون ناحية بدر، وكان المسلمون قد سبقوهم إليها بعد استطلاعات واستكشافات. وبدأت الحرب بالمبارزة بين رجال من المشركين ورجال من المهاجرين، قُتِل فيها المشركون، وبدأت المعركة، وكتب الله -عز وجل- للمسلمين فيها النصر وللكفار الهزيمة، وقد قتل المسلمون فيها عددًا كبيرًا، كما أسروا آخرين، وبعد غزوة بدر علم الرسول صلى الله عليه وسلم أن بني سليم من قبائل غطفان تحشد قواتها لغزو المدينة، فأسرع رسول الله صلى الله عليه وسلم في مائتى رجل وهاجمهم في عقر دارهم، ففروا بعد أن تركوا خمسمائة بعير استولى عليها المسلمون، وكانت هذه الغزوة في شوال (2هـ) بعد بدر بسبعة أيام، وعرفت بغزوة بني سليم. ورأت اليهود في المدينة نصر الرسول صلى الله عليه وسلم فاغتاظوا لذلك، فكانوا يثيرون القلاقل، وكان أشدهم عداوة بنو قينقاع، فجمع الرسول صلى الله عليه وسلم اليهود بالمدينة ونصحهم وعرض عليهم الإسلام، إلا أنهم أبدوا استعدادهم لقتال المسلمين، فكظم الرسول صلى الله عليه وسلم غيظه، حتى تسبب رجل من بني قينقاع في كشف عورة امرأة، فقتله أحد المسلمين، فقتل اليهود المسلم فحاصر رسول الله صلى الله عليه وسلم بني قينقاع، ثم أجلاهم عن المدينة بسبب إلحاح عبدالله بن أبى بن سلول. وفي ذي الحجة سنة (2هـ) خرج أبو سفيان في نفر إلى المدينة، فأحرق بعض أسوار من النخيل، وقتلوا رجلين، وفروا هاربين، فخرج الرسول صلى الله عليه وسلم في أثرهم، إلا أنهم ألقوا ما معهم من متاع حتى استطاعوا الإسراع بالفرار وعرفت هذه الغزوة بغزوة السويق، كما علم الرسول صلى الله عليه وسلم أن نفرًا من بني ثعلبة ومحارب تجمعوا يريدون الإغارة على المدينة، فخرج لهم الرسول صلى الله عليه وسلم حتى وصل إلى المكان الذي تجمعوا فيه، وكان يسمى بـ(ذي أمر) ففروا هاربين إلى رءوس الجبال، وأقام الرسول صلى الله عليه وسلم شهرًا ليرهب الأعراب بقوة المسلمين، وكانت هذه الغزوة في أوائل صفر سنة (3هـ). وفي جمادى الآخرة سنة (3هـ) خرجت قافلة لقريش بقيادة صفوان بن أمية ومع أن القافلة اتخذت طريقًا صعبًا لا يعرف، إلا أن النبأ قد وصل إلى المدينة وخرجت سرية بقيادة زيد بن حارثة، استولت على القافلة وما فيها من متاع، وفر صفوان بن أمية ومن معه، اغتاظ كفار مكة مما حدث لهم في غزوة بدر، فاجتمعوا على الاستعداد لقتال المسلمين، وقد جعلوا القافلة التى نجا بها أبوسفيان لتمويل الجيش واستعدت النساء المشركات للخروج مع الجيش لتحميس الرجال، وقد طارت الأخبار إلى المدينة باستعداد المشركين للقتال، فاستشار الرسول صلى الله عليه وسلم الصحابة، وأشار عليهم -بدءًا- أن يبقوا في المدينة، فإن عسكر المشركون خارجها، فإنهم لن ينالوا منهم شيئًا، وإن غزوا المدينة، قاتلوهم قتالاً شديدًا. إلا أن بعض الصحابة ممن لم يخرج مع الرسول صلى الله عليه وسلم للقتال في بدر، أشاروا على الرسول صلى الله عليه وسلم الخروج من المدينة، وكان على رأس المتحمسين للخروج حمزة بن عبدالمطلب، ولبس رسول الله صلى الله عليه وسلم لبس الحرب، وخرج الجيش وفيه ألف مقاتل، واتخذ رسول الله صلى الله عليه وسلم مكانًا قريبًا من العدو عند جبل أحد، وما كاد وقت المعركة أن يبدأ حتى تراجع عبدالله بن أبى سلول بثلث الجيش، بزعم أن الرسول صلى الله عليه وسلم قد أكره على الخروج، وما أراد بفعلته إلا بث الزعزعة في صفوف المسلمين، وبقى من الجيش سبعمائة مقاتل، وكان عدد المشركين ثلاثة آلاف مقاتل. واتخذ الرسول صلى الله عليه وسلم مكانًا متميزًا في المعركة، وجعل بعض المقاتلين في الجبل، وهو ما عرف فيما بعد بجبل الرماة، وأمّر عليهم عبدالله بن جبير وأمرهم أن يحموا ظهور المسلمين، وألا ينزلوا مهما كان الأمر، سواء انتصر المسلمون أم انهزموا، إلا إذا بعث إليهم الرسول صلى الله عليه وسلم، بدأت المبارزة بين الفريقين، وقتل فيها المسلمون عددًا من المشركين، وكان معظمهم ممن كانوا يحملون لواء المشركين، حتى ألقى اللواء على الأرض، واستبسل المسلمون وقاتلوا قتالا شديدًا، واستبسل من كانوا على الجبل. إلا أنهم لما رأوا المسلمين يجمعون الغنائم نزلوا، فذكرهم قائدهم عبدالله بن جبير إلا أنهم لم يسمعوا له، ولاحظ خالد بن الوليد، فرجع بمن كان معه، وطوق جيش المسلمين، واضطربت الصفوف، وقتل المشركون من المسلمين سبعين رجلاً واقتربوا من رسول الله صلى الله عليه وسلم الذي أصيب ببعض الإصابات، والذي حاول المشركون قتله لولا بسالة بعض الصحابة ممن دافع عنه، وقد أشيع قتل النبي صلى الله عليه وسلم. ثم انتشر بين المسلمين كذب الخبر، فتجمعوا حوله صلى الله عليه وسلم، واستطاع الرسول صلى الله عليه وسلم أن يخترق طريقًا وينجو بمن معه، وصعدوا الجبل، وحاول المشركون قتالهم، إلا أنهم لم يستطيعوا، فرجعوا وخشى رسول الله صلى الله عليه وسلم أن يرجع المشركون، فخرج بمن كان معه في غزوة أحد فحسب، ولم يقبل غيرهم إلا عبدالله بن جابر فقد قبل عذره. وخرج الرسول صلى الله عليه وسلم والصحابة حتى وصلوا إلى حمراء الأسد، وقد أقبل معبد بن أبى معبد الخزاعي وأسلم، فأمره الرسول صلى الله عليه وسلم بمخادعة أبى سفيان إن كان قد أراد الرجوع لحرب المسلمين، وفي طريق العودة اتفق المشركون على الرجوع، فقابلهم معبد بن أبى معبد الخزاعي، ولم يكن أبو سفيان قد علم بإسلامه، فقال له: إن محمدًا صلى الله عليه وسلم قد جمع جيشًا كبيرًا لقتالكم، كى يستأصلكم، فارجعوا، وأحدثت هذه الكلمات زعزعة في صفوف المشركين. وبعد غزوة أحد، بعث رسول الله صلى الله عليه وسلم بعض السرايا لتأديب من يريد أن يعتدي على المسلمين، كسرية أبى سلمة في هلال شهر المحرم سنة (4هـ) إلى بني أسد بن خزيمة، وبعث عبدالله بن أنيس لخالد بن سفيان الذي أراد حرب المسلمين، فأتى عبدالله بن أنيس برأسه لرسول الله صلى الله عليه وسلم، وفي بعث الرجيع قتل بعض الصحابة، وفي السنة نفسها، بعث الرسول صلى الله عليه وسلم بعض الصحابة لأهل نجد، ليدعوهم إلى الإسلام، وفي الطريق عند بئر معونة أحاط كثير من المشركين بالمسلمين، وقتلوا سبعين من الصحابة، ولما بلغ الرسول صلى الله عليه وسلم ذلك الخبر، حزن حزنًا شديدًا، ودعا على المشركين. وكانت يهود بني النضير يراقبون الموقف، ويستغلون أى فرصة لإشعال الفتنة وكان بعض الصحابة قد قتلوا اثنين خطأ معهما عهد من رسول الله صلى الله عليه وسلم، وكان من بنود الميثاق بين الرسول صلى الله عليه وسلم وبين اليهود، أن يساعد كل من الطرفين الآخر في دفع الدية، فلما ذهب الرسول صلى الله عليه وسلم إليهم حاولوا قتله، إلا أن الله سبحانه حفظه وأرسل إليه جبريل، يخبره بما يريدون، فبعث إليهم الرسول صلى الله عليه وسلم أن يخرجوا، ولكن عبدالله بن أبى وعدهم بالمساعدة، فرفضوا الخروج، وحاصرهم رسول الله صلى الله عليه وسلم بضعة أيام، وبعدها قرروا الخروج على أن يأخذوا متاعهم، واستثنى رسول الله صلى الله عليه وسلم سلاحهم، فأخذه، وأخذ أرضهم وديارهم، فتفرق يهود بني النضير في الجزيرة. وفي شعبان من العام الرابع الهجري خرج الرسول صلى الله عليه وسلم في ألف وخمسمائة من أصحابه، لملاقاة أبى سفيان والمشركين، كما اتفقوا في غزوة أحد إلا أن أبا سفيان خاف، فتراجع هو وجيشه خوفًا من المسلمين، ويسمى هذا الحادث بغزوة بدر الصغرى أو بدر الآخرة، وطارت الأنباء إلى الرسول صلى الله عليه وسلم أن القبائل حول دومة الجندل تحشد جيشًا لقتال المسلمين، فخرج رسول الله صلى الله عليه وسلم في جيش من أصحابه، وفاجأهم، ففروا هاربين وكان ذلك في أواخر ربيع الأول سنة (5هـ) وبذا فقد استطاع الرسول صلى الله عليه وسلم أن يصد كل عدوان، حتى يتسنى له الأمر لتبليغ دعوة الله. ولم تنس اليهود تلك الهزائم التى لحقت بها، لكنها لا تستطيع مواجهة الرسول صلى الله عليه وسلم فأخذت يهود بني النضير يألبون المشركين في مكة وغيرها على رسول الله صلى الله عليه وسلم، حتى اجتمع عشرة آلاف مقاتل، وقد علم الرسول صلى الله عليه وسلم بذلك، فاستشار الصحابة، فأشار عليه سلمان الفارسى بحفر خندق، فحفر الرسول صلى الله عليه وسلم والصحابة الخندق شمال المدينة، لأنه الجهة الوحيدة التى يمكن أن يأتى الأعداء منها. وذهب زعيم بني النضير حيى بن أخطب إلى زعيم بني قينقاع المتحالفة مع الرسول صلى الله عليه وسلم، وجعله ينقض العهد، إلا أن الله حمى المسلمين وحفظهم فقد أسلم نعيم بن مسعود الذي أوقع الدسيسة بين اليهود وقريش، وجعل كلا منهم يتشكك في الآخر، وأرسل الله عليهم ريحًا شديدة دمرت خيامهم، وأطفأت نيرانهم؛ فاضطروا إلى الرحيل والفرار، وقال بعدها الرسول صلى الله عليه وسلم: (الآن نغزوهم ولا يغزوننا) وسميت هذه الغزوة بغزوة الخندق أو الأحزاب، وكانت في العام الخامس الهجرى. وقبل أن يخلع رسول الله صلى الله عليه وسلم وأصحابه ملابس الحرب، جاءه جبريل، وأمره بأن يذهب لغزو بني قريظة هو وأصحابه، فتحرك الجيش الإسلامى وكان عدده ثلاثة آلاف مقاتل وحاصر الرسول صلى الله عليه وسلم بني قريظة فعرض عليهم رئيسهم كعب بن أسد ثلاث اقتراحات؛ إما أن يسلموا فيأمنوا على أنفسهم، وإما أن يقتلوا ذراريهم ونساءهم، ثم يخرجوا لقتال المسلمين، وإما أن يهجموا على رسول الله صلى الله عليه وسلم وأصحابه يوم السبت؛ لكنهم لم يجيبوه إلى شىء من ذلك. ولم يبق لهم بعد الرفض إلا أن ينزلوا على حكم رسول الله صلى الله عليه وسلم فبعثوا إلى أبى لبابة بن المنذر-وكان من حلفائهم قبل إسلامه- ليخبرهم عن حكم رسول الله صلى الله عليه وسلم، فلما رأى أبو لبابة بني قريظة رق قلبه إليهم، وأشار إليهم بيده إلى حلقه كناية عن القتل، وعلم أبو لبابة أنه خان الله ورسوله، فذهب إلى مسجد النبي صلى الله عليه وسلم وربط نفسه، وأقسم ألا يفكه أحد إلا الرسول صلى الله عليه وسلم. ونزلت اليهود على حكم رسول الله صلى الله عليه وسلم، واتفق أن يحكم فيهم سعد بن معاذ، فحكم سعد بأن يقتل الرجال، وتسبى النساء والذراري، وكان هذا حكم الله فيهم، وكانت الغزوة في ذي القعدة من العام الخامس الهجرى، وبعد غزوة بني قريظة بعث رسول الله صلى الله عليه وسلم جماعة من الأنصار قتلوا سلام بن أبى الحقيق، وذلك أنه كان من اليهود الذين أثاروا الأحزاب ضد المسلمين. وفي شعبان من العام السادس الهجري علم رسول الله صلى الله عليه وسلم أن زعيم بني المصطلق جمع قومه ومن قدر عليه من العرب لقتال المسلمين، فتأكد رسول الله صلى الله عليه وسلم من الخبر، وخرج في عدد من الصحابة، حتى وصل ماء المريسيع، ففر المشركون، واستولى المسلمون على أموالهم وذراريهم، وفي هذه الغزوة كانت حادثة الإفك التى افتُرى فيها على السيدة عائشة، واتهمت بالخيانة، فأنزل الله -سبحانه- براءتها في قرآن يتلى إلى يوم القيامة. وقد أراد المنافقون أن يدسوا الفتنة بين المسلمين بعد الانتهاء من الحرب، فقال عبدالله بن أبي: ليخرجن الأعز منها الأذل (يعنى الأعز هو، والأذل رسول الله صلى الله عليه وسلم) فقام ابنه عبدالله بن عبدالله بن أبى بالاعتذار لرسول الله صلى الله عليه وسلم ومنع أباه من دخول المدينة، وقال له: رسول الله هو الأعز وأنت الأذل. وفي هذا العام السادس من الهجرة رأى رسول الله صلى الله عليه وسلم في المنام أنه دخل هو وأصحابه المسجد الحرام، وأخذ مفتاح الكعبة، وطافوا واعتمروا فكانت بشرى من الله، بفتح مكة فيما بعد، واستعد الرسول صلى الله عليه وسلم للعمرة وخرج معه عدد كبير من المسلمين، ولما سمعت بذلك قريش، استعدت للحرب وساق الرسول صلى الله عليه وسلم الهدي؛ دلالة على عدم نية الحرب، وبعث الرسول صلى الله عليه وسلم عثمان بن عفان، ليرى رأي قريش. واحتجزت قريش عثمان فترة، وأشيع نبأ قتله، وبايع الصحابة الرسول صلى الله عليه وسلم بيعة الرضوان، وظلت المراسلات بين الرسول صلى الله عليه وسلم وبين قريش، انتهت بأن أرسلت قريش سهيل بن عمرو ليعقد صلح الحديبية مع رسول الله صلى الله عليه وسلم، وكان من ضمن بنوده وقف الحرب بين الفريقين عشر سنين، وللقبائل أن تدخل في حلف النبي صلى الله عليه وسلم، أو في حلف قريش، وأنه من فر من المسلمين إلى قريش لا ترده قريش، ومن فر من قريش إلى الرسول صلى الله عليه وسلم يرده الرسول صلى الله عليه وسلم. ومع أن الظاهر في بعض بنود هذه المعاهدة الظلم، إلا أنها أتاحت الفرصة لانتشار الإسلام، واعتراف قريش بالمسلمين كقوة، فدخل عدد كبير الإسلام.. بعد هذه الهدنة، أسلم بعض أبطال قريش؛ كعمرو بن العاص، وخالد بن الوليد، وعثمان بن طلحة، وأرسل رسول الله صلى الله عليه وسلم إلى الأمراء والملوك يدعوهم إلى الإسلام، ليعلن أن الإسلام جاء للناس جميعًا، وليس مقصورًا على شبة الجزيرة العربية. وبعد صلح الحديبية قامت بعض الغزوات؛ كغزوة ذي قرد، وكانت ردًّا على بعض بني فزارة الذين أرادوا القيام بعمل القرصنة ضد المسلمين، وقد أبلى فيها سلمة بن الأكوع بلاءً حسنًا، وبعد تلك الانتصارات التى قام بها المسلمون كان لابد من تأديب من كان السبب في كثير من الحروب، وهم يهود خيبر، أولئك الذين جمعوا الأحزاب ضد رسول الله صلى الله عليه وسلم للقتال، فخرج رسول الله صلى الله عليه وسلم بمن بايع معه تحت الشجرة، وكانوا ألفًا وأربعمائة، حتى وصلوا قرب خيبر، وقد كانت كلها حصونًا، ففيها ثمانية حصون كبيرة منيعة واستبسل الرسول صلى الله عليه وسلم والمسلمون حتى منَّ الله عليهم بفتح هذه الحصون، وأصبح اليهود صاغرين، وصالحهم رسول الله صلى الله عليه وسلم على أن يبقى لهم الأرض ليزرعوها على أن يكون لهم نصف الثمار، وللمسلمين نصفها، وكانت غزوة خيبر في العام السابع الهجرى. وبعد هذه الغزوة جاء جعفر بن أبى طالب ومن معه من الحبشة إلى المدينة، وفرح الرسول صلى الله عليه وسلم بعودتهم، كما تزوج الرسول صلى الله عليه وسلم بصفية بنت حيى بن أخطب بعد أن أسلمت، وقد كانت من السبى، وبعد خيبر صالح يهود فدك الرسول صلى الله عليه وسلم كما صالحه أهل خيبر، كما حارب رسول الله صلى الله عليه وسلم بعض اليهود ومن انضم إليهم من العرب عند وادي القرى، وفتحها رسول الله صلى الله عليه وسلم، وقسم الغنائم على أصحابه، أما النخل والأرض فقد عاملهم كما عامل أهل خيبر، ولما علم يهود تيماء بذلك بعثوا إلى رسول الله صلى الله عليه وسلم ، فكتب لهم كتابًا، يدفعون بمقتضاه الجزية للمسلمين وبعد هذه الحروب والانتصارات رجع رسول الله صلى الله عليه وسلم إلى المدينة. وبعد أن أدَّب رسول الله صلى الله عليه وسلم المنافقين واليهود، خرج الرسول صلى الله عليه وسلم في غزوة ذات الرقاع حتى استطاع تأديب الأعراب، وكان لهذه الغزوة أثرها في قذف الرعب في قلوب الأعراب، وبذا استطاع الرسول صلى الله عليه وسلم أن يقضى على الأحزاب، ليتفرغ لنشر الدعوة الإسلامية، وكانت هذه الغزوة في العام السابع الهجرى.. وفي ذي القعدة من السنة السابعة من الهجرة، خرج رسول الله صلى الله عليه وسلم والمسلمون إلى مكة لأداء عمرة القضاء، وكان الرسول صلى الله عليه وسلم قد بعث الحارث بن عمير الأزدي إلى عظيم بصرى، فعرض له شرحبيل بن عمرو الغسانى عامل البلقاء من أرض الشام، من قبل قيصر، فأمسك الحارث، وأوثقه ثم قتله، فأمر الرسول صلى الله عليه وسلم الصحابة بالخروج لتأديب هؤلاء، فخرج ثلاثة آلاف مقاتل، وقد جعل الرسول صلى الله عليه وسلم الراية لزيد ثم لجعفر إن قتل، ثم لعبد الله بن رواحة، واتجه الجيش ناحية العدو حتى وصل إلى مكان يقال له (مؤتة) وفوجئ الجيش بأن جيش العدو عدده مائتا ألف مقاتل مقابل ثلاثة آلاف واستقر الأمر على الجهاد. وقاتل المسلمون واستبسلوا، فقتل القائد زيد بن حارثة، ثم قتل جعفر ثم قتل ابن رواحة بعد قتال عنيف، ثم اتفق أن تكون الراية لخالد بن الوليد الذي استطاع إنقاذ الجيش، وإرهاب الأعداء مع كثرة عددهم، ففي اليوم الثانى للقتال غير تنظيم الجيش، حتى ظن الروم أن المسلمين جاءهم مدد، فلم يلاحقوهم، بينما انسحب خالد بالجيش بمهارة كبيرة، ولم يقتل في هذه الغزوة إلا اثنا عشر رجلاً من المسلمين، وكانت في العام الثامن الهجرى. وقد علم رسول الله صلى الله عليه وسلم أن بعض القبائل العربية قد انضمت إلى الرومان، فبعث رسول الله صلى الله عليه وسلم عمرو بن العاص في جيش لتأديبهم، فلما ذهب عمرو ورأى كثرة عدد المشركين أرسل إلى الرسول صلى الله عليه وسلم يطلب مددًا، فبعث إليه بأبي عبيدة في مائتى رجل، واستطاع المسلمون هزيمة تلك القبائل، وعرفت هذه الحرب بسريَّة ذات السلاسل، وكانت بعد غزوة مؤتة في جمادى الآخرة في العام الثامن الهجرى. وحدث أن اعتدت بنو بكر -وكانت قد دخلت في حلف قريش حسب اتفاق الحديبية- على خزاعة التى دخلت في حلف النبي صلى الله عليه وسلم، وجاء عمرو بن سالم الخزاعي إلى رسول الله صلى الله عليه وسلم يستنصره، فقال له النبى: (نصرت يا عمرو بن سالم) وعلمت قريش أنها نقضت العهد، فذهب أبو سفيان إلى المدينة ليسترضي رسول الله صلى الله عليه وسلم، ولكنه رجع دون فائدة، وتجهز الرسول صلى الله عليه وسلم في عشرة آلاف مقاتل من الصحابة لغزو مكة دون أن تعلم قريش بذلك، وفي هذه الأثناء أسلم أبو سفيان، ولما قرب الرسول صلى الله عليه وسلم من مكة كان أبو سفيان قد رجع ليخبر القوم. ودخل الرسول صلى الله عليه وسلم وأصحابه مكة منتصرين فاتحين، واتجه الرسول صلى الله عليه وسلم والصحابة خلفه ناحية المسجد الحرام، فاستلم الرسول صلى الله عليه وسلم الحجر الأسود وطاف بالبيت، وهدم الأصنام التى كانت حول الكعبة، ثم نادى عثمان بن طلحة وأخذ منه مفتاح الكعبة فدخلها فوجد فيها صورًا فمحاها، وخطب الرسول صلى الله عليه وسلم في قريش، ثم قال لهم: ما ترون أنى فاعل بكم؟ قالوا: خيرًا، أخ كريم، وابن أخ كريم.. فقال: فإنى أقول لكم كما قال يوسف لإخوته {لا تثريب عليكم اليوم} اذهبوا فأنتم الطلقاء. ثم رد المفتاح إلى عثمان بن طلحة، وكان قد حان وقت الصلاة، فأمر بلال أن يصعد الكعبة، فصعدها وأذن، وأهدر الرسول صلى الله عليه وسلم دم بعض من أكابر المجرمين الذين عذبوا المسلمين وآذوهم، فقتل بعضهم وأسلم بعضهم، ثم أخذ الرسول صلى الله عليه وسلم البيعة ممن أسلم من الرجال، ثم أخذ البيعة من النساء، وأقام الرسول تسعة عشر يومًا في مكة يجدد معالم الإسلام فيها، وبعث نفرًا من أصحابه لهدم الأصنام التى كان منتشرة في مكة، وقد كان فتح مكة في العام الثامن من الهجرة. وقد كان فتح مكة مرحلة فاصلة في تاريخ الإسلام، فقد كان لقريش مكانة عظيمة بين القبائل العربية، فلما رأت القبائل قريشا دخلت الإسلام، أسرعت القبائل تدخل في دين الله أفواجًا، ولكن مسيرة الجهاد لم تقف، فلقد أبت بعض القبائل العربية أن تدخل الدين الجديد، وألا تستسلم كما استسلمت القبائل الأخرى، وكان من بين هذه القبائل هوازن وثقيف، وانضمت بعض القبائل الأخرى تحت قيادة مالك بن عوف، وخرج الجيش الإسلامى ناحية (حنين) وكان مالك بن عوف قد سبقهم إليها، ووزَّع الجيش في الوادي، ولما نزل المسلمون الوادي رشقهم العدو بالنبال، حتى تقهقرت كتائب المسلمين، لكن الرسول صلى الله عليه وسلم جمع شمل المسلمين الفارين وأعاد للجيش انتظامه، وحاربوا العدو، ونصرهم الله عليهم وغنموا غنائم كثيرة، وتفرق العدو إلى الطائف ونخلة وأوطاس.. وغير ذلك من الأماكن، وقد كانت هذه الغزوة في شوال من العام الثامن الهجري. وعلم الرسول صلى الله عليه وسلم أن معظم جيش هوازن وثقيف دخلوا الطائف، فخرج إليهم رسول الله صلى الله عليه وسلم في آخر شوال وحاصرهم حصارًا شديدًا عدة أيام، وبعدها رفع الرسول صلى الله عليه وسلم الحصار عنهم فقال له بعض الصحابة: يا رسول الله، ادع على ثقيف، فقال: اللهم اهد ثقيفًا وائت بهم، وقسم الرسول صلى الله عليه وسلم الغنائم، وبعد تقسيم الغنائم جاء وفد هوازن مسلمين، وطلبوا من الرسول صلى الله عليه وسلم أن يرد عليهم غنائمهم، فطلب الرسول صلى الله عليه وسلم من الصحابة رد الغنائم لوفد هوازن، فاستجابوا لأمر الرسول صلى الله عليه وسلم، بعدها اعتمر الرسول صلى الله عليه وسلم ثم رجع إلى المدينة. وفي العام التاسع من الهجرة، سمع الرسول صلى الله عليه وسلم أن الرومان تستعد للقاء المسلمين، وقد تجمع معها بعض القبائل العربية من النصارى، فأعلن رسول الله صلى الله عليه وسلم أنه خارج لقتال الروم، ودعا إلى الجهاد والإنفاق، وأنفق الصحابة من أموالهم الكثير، ولم يتخلف عن هذه الغزوة إلا المنافقون وثلاثة من المؤمنين، وقد كان هذا الوقت شديد الحر، إلا أن المسلمين جاهدوا أنفسهم في الخروج للجهاد، ولم يكف الزاد، وسمي هذا الجيش بجيش العسرة، وخرج الرسول صلى الله عليه وسلم في رجب من العام التاسع الهجري تجاه تبوك، حتى وصل إليها وعسكر فيها خمسين يومًا. ولما سمع الروم به خافوا، فلم يخرجوا لقتال المسلمين، وجاء إليه بعض الرومان واصطلحوا معه على دفع الجزية، وانتشر الخبر في الجزيرة العربية، فازداد الإسلام قوة إلى قوته، ورجعت إليه القبائل التى كانت تنوى الاحتماء بالرومان، وعاد الرسول صلى الله عليه وسلم في رمضان من هذه السنة مظفرًا منتصرًا، وفي هذه السنة توفي النجاشى ملك الحبشة، وصلى عليه الرسول صلى الله عليه وسلم صلاة الغائب، كما توفيت أم كلثوم بنت النبي صلى الله عليه وسلم ومات رأس المنافقين عبدالله بن أبى بن سلول. وفي ذي الحجة من العام التاسع الهجري بعث الرسول صلى الله عليه وسلم أبا بكر أميرًا على الحج، فحج بالمسلمين، ودخل الناس في الإسلام أفواجًا، فأتت القبائل إلى الرسول صلى الله عليه وسلم متتالية متتابعة معلنة إسلامها لله، وفي ذي الحجة من العام العاشر الهجري خرج الرسول صلى الله عليه وسلم إلى مكة وحج بالناس حجة الوداع، بعد أن أعلمهم أمور الدين، وخطب فيهم خطبة وضع فيها الأسس التى يسيرون عليها في حياتهم استكمالا للرسالة التى جاء بها إلى الناس. وفي أوائل صفر من العام الحادي عشر الهجري خرج النبي صلى الله عليه وسلم إلى أحد، وصلى على الشهداء كأنه يودعهم، وفي ليلة من الليالى خرج إلى البقيع فاستغفر للموتى، ومرض رسول الله صلى الله عليه وسلم، ولما اشتد عليه المرض أمر أبا بكر أن يصلى بالناس، وفي هذه الأيام كان الرسول يخرج للناس إذا وجد خفة في نفسه، فخرج إليهم ذات مرة، فوعظهم وذكرهم، وألمح بأن أجله قد اقترب، ولم يفهم ذلك من الصحابة إلا أبو بكر، وقبل أن يتوفى النبي صلى الله عليه وسلم بيوم أعتق غلمانه، وتصدق بسبعة دنانير كانت عنده. وفي اليوم الأخير من مرض النبي صلى الله عليه وسلم، وفي فجر يوم الاثنين الثاني عشر من ربيع الأول من العام الحادي عشر من الهجرة كان الرسول صلى الله عليه وسلم في حجرة عائشة، فرفع الستار ورأى المسلمين يصلون الفجر، فتبسم وفي وقت الضحى صعدت الروح الطاهرة الزكية إلى ربها بعدما أدت ما عليها فحزن الصحابة -رضوان الله عليهم- حزنًا شديدًا لوفاة النبي صلى الله عليه وسلم، وغسلوا الجسد الشريف ليلة الثلاثاء من غير أن يجردوا الرسول صلى الله عليه وسلم من الثياب، وحُفر قبره صلى الله عليه وسلم في حجرته، ودخل الناس جماعات يصلون على النبي صلى الله عليه وسلم، بعد ما أدى ما عليه من أمانة الله، فصلوات الله وسلامه عليه.</p>',1,'2022-03-04 01:35:14','2022-03-04 01:36:06'),(5,2,'إبراهيم','إبراهيم','<p>كان آزر يعيش في أرض بابل بالعراق، يصنع الأصنام ويبيعها للناس ليعبدوها وكان له ولد صغير اسمه (إبراهيم) وهبه الله الحكمة وآتاه الرشد منذ الصغر، وذات يوم دخل إبراهيم على أبيه آزر، فرآه يصنع التماثيل، فتعجب إبراهيم من أمر هذه التماثيل، وقال في نفسه: لماذا يعبدها الناس وهي لا تسمع ولا تنطق، ولا تضر ولا تنفع؟! وكيف تكون آلهة، والناس هم الذين يصنعونها ؟! وصارت هذه الأسئلة تراود الفتى الصغير دون إجابة. ولما كبر إبراهيم وشبَّ أخذ يفكر في هذا الأمر، ويبحث عن الإله الحق الذي يستحق العبادة، فذهب إلى الصحراء الواسعة، وجلس ينظر إلى السماء، فرأى الكواكب والنجوم، واستنكر أن تكون هي ربه الذي يبحث عنه، لأنها مخلوقة مثله تعبد خالقها، فتظهر بإذنه وتغيب بإذنه، وظل إبراهيم في الصحراء ينظر إلى السماء يفكر ويتدبر عسى أن يهتدي إلى ربه وخالقه، فهداه الله -سبحانه- إلى معرفته، وجعله نبيًّا مرسلاً إلى قومه، ليخرجهم من الظلمات إلى النور، ومن عبادة الأصنام إلى عبادة الله رب العالمين. وأنزل الله -سبحانه- على إبراهيم صحفًا فيها آداب ومواعظ وأحكام لهداية قومه، وتعليمهم أصول دينهم، وتوصيتهم بوجوب طاعة الله، وإخلاص العبادة له وحده، والبعد عن كل ما يتنافى مع مكارم الأخلاق، وعاد إبراهيم إلى بيته، وقلبه مطمئن، ولما دخل البيت وجد أباه، فتقدم منه إبراهيم وأخذ ينصحه ويقول له: {يا أبت لما تعبد ما لا يسمع ولا يبصر ولا يغني عنك شيئا. يا أبت إني قد جاءني من العلم ما لم يأتك فاتبعني أهدك صراطًا سويًّا. يا أبت لا تعبد الشيطان إن الشيطان كان للرحمن عصيًّا. يا أبت إني أخاف أن يمسك عذاب من الرحمن فتكون للشيطان وليًّا} [مريم:42-45] فردَّ عليه أبوه غاضبًا، وقال: {أراغب أنت عن آلهتي يا إبراهيم لئن لم تنته لأرجمنك واهجرني مليًا} [مريم:46]. لكن إبراهيم لم يقابل تلك القسوة بمثلها، بل صبر على جفاء أبيه، وقابله بالبر والرحمة، وقال له: {سلام عليك سأستغفر لك ربي إنه كان بي حفيًّا. وأعتزلكم وما تدعون من دون الله وأدعو ربي عسى ألا أكون بدعاء ربي شقيًّا} [مريم:47-48] وخرج إبراهيم من عند أبيه متوجهًا إلى المعبد، حتى يدعو قومه إلى عبادة الله، ولما دخل عليهم وجدهم عاكفين على أصنام كثيرة، يعبدونها ويتضرعون إليها، ويطلبون منها قضاء حوائجهم، فتقدم منهم إبراهيم، وقال لهم: {ما هذه التماثيل التي أنتم لها عاكفون} [الأنبياء:52] فرد عليه القوم وقالوا: {وجدنا آباءنا لها عابدين} [الأنبياء:53]. فوضح لهم إبراهيم أن عبادة هذه الأصنام ضلال وكفر، وأن الله -سبحانه- الذي خلق السماوات والأرض هو المستحق للعبادة وحده فغضب قومه منه، واستكبروا وأصروا على كفرهم وعنادهم، فلمَّا وجد إبراهيم إصرارهم على عبادة الأصنام، خرج وهو يفكر في نفسه أن يحطم هذه الأصنام، وكان اليوم التالي يوم عيد، فأقام القوم احتفالا كبيرًا خارج المدينة، وذهب إليه جميع الناس، وخرج إبراهيم وحده إلى شوارع المدينة فلم يجد فيها أحدًا، فانتهز هذه الفرصة وأحضر فأسًا، ثم ذهب إلى المعبد الذي فيه الأصنام دون أن يراه أحد، فوجد أصنامًا كثيرة، ورأى أمامها طعامًا كثيرًا وضعه قومه قربانًا لها وتقربًا إليها، لكنها لم تأكل. فأقبل إليها إبراهيم، وتقدم منها، ثم قال لها مستهزئًا: ألا تأكلون؟! وانتظر قليلا لعلهم يردون عليه، لكن دون جدوى، فعاد يسأل ويقول: ما لكم لا تنطقون؟! ثم أخذ يكسر الأصنام واحدًا تلو الآخر، حتى صارت كلها حطامًا إلا صنمًا كبيرًا تركه إبراهيم ولم يحطمه، وعلق في رقبته الفأس، ثم خرج من المعبد، ولما عاد القوم من الاحتفال مرُّوا على المعبد، ودخلوا فيه ليشكروا الآلهة على عيدهم وفوجئوا بأصنامهم محطمة ما عدا صنمًا واحدًا في رأسه فأس معلق، فتساءل القوم: من فعل هذا بآلهتنا؟ فقال بعض القوم: سمعنا فتى بالأمس اسمه إبراهيم كان يسخر منها، ويتوعدها بالكيد والتحطيم، وأجمعوا أمرهم على أن يحضروا إبراهيم ويسألوه، ويحققوا معه فيما حدث. وفي لحظات ذهب بعض القوم وأتوا بإبراهيم إلى المعبد، ولما وقف أمامهم سألوه: أأنت فعلت هذا بآلهتنا يا إبراهيم؟! فرد إبراهيم: بل فعله كبيرهم هذا، ثم أشار بإصبعه إلى الصنم الكبير المعلق في رقبته الفأس، ثم قال: فسألوهم إن كانوا ينطقون، فرد عليه بعض الناس وقالوا له: يا إبراهيم أنت تعلم أن هذه الأصنام لا تنطق ولا تسمع، فكيف تأمرنا بسؤالها؟ فانتهز إبراهيم هذه الفرصة وقال لهم: {أفتعبدون من دون الله ما لا ينفعكم شيئًا ولا يضركم. أف لكم ولما تعبدون من دون الله أفلا تعقلون} [الأنبياء: 66-67] فسكتوا جميعًا ولم يتكلموا، ونكسوا رءوسهم من الخجل والخزي، ومع ذلك أرادوا الانتقام منه، لأنه حطم أصنامهم، وأهان آلهتهم، فقال نفر من الناس: ما جزاء إبراهيم، وما عقابه الذي يستحقه؟ فقالوا: {حرِّقوه وانصروا آلهتكم إن كنتم فاعلين} [الأنبياء:68]. ثم ذهب جنود المعبد بإبراهيم إلى الصحراء، وجمعوا الحطب والخشب من كل مكان، وأشعلوا نارًا عظيمة، وجاءوا بآلة اسمها المنجنيق، ليقذفوا إبراهيم منها في النار، ولما جاء موعد تنفيذ الحكم على إبراهيم، اجتمع الناس من كل مكان ليشهدوا تعذيبه، وتصاعد من النار لهب شديد، فوقف الناس بعيدًا يشاهدون النار، ومع ذلك لم يستطيعوا تحمل حرارته، وجاءوا بإبراهيم مقيدًا بالحبال ووضعوه في المنجنيق، ثم قذفوه في النار، فوقع في وسطها، فقال إبراهيم: حسبي اللَّه ونعم الوكيل. فأمر الله النار ألا تحرق إبراهيم ولا تؤذيه، قال تعالى: {قلنا يا نار كوني بردًا وسلامًا على إبراهيم} [الأنبياء:69] فأصبحت النار بردًا وسلامًا عليه، ولم تحرق منه شيئًا سوي القيود التي قيدوه بها، وظلت النار مشتعلة عدة أيام، وبعد أن انطفأت خرج منها إبراهيم سالـمًا، لم تؤذه، وتحدث الناس عن تلك المعجزة وعن نجاة إبراهيم من النار، وأراد النمرود ملك البلاد أن يناقش إبراهيم في أمر دعوته، فلما حضر إبراهيم أمام الملك سأله: من ربك؟ فقال إبراهيم مجيبًا: {ربي الذي يحيي ويميت} [البقرة:258] فقال الملك: {أنا أحيي وأميت} [البقرة:258] وأمر الملك الجنود أن يحضروا رجلين من المسجونين، ثم أمر بقتل رجل وترك الآخر، ثم نظر إلى إبراهيم وقال له: ها أنا ذا أحي وأميت، قتلت رجلا، وتركت آخر!! فلم يرد إبراهيم على غباء هذا الرجل، ولم يستمر في جداله في هذا الأمر، بل سأله سؤالاً آخر أعجزه ولم يستطع معه جدالاً، قال له إبراهيم: {فإن الله يأتي بالشمس من المشرق فأت بها من المغرب} [البقرة:258] فبهت النمرود، وسكت عن الكلام اعترافًا بعجزه، وقرر إبراهيم الهجرة من هذه المدينة لأنه لم يؤمن به سوى زوجته سارة وابن أخيه لوط -عليه السلام- وهاجر إبراهيم ومعه زوجته سارة وابن أخيه لوط، وأخذ ينتقل من مكان إلى مكان آخر، حتى استقر به الحال في فلسطين، فظل بها فترة يعبد الله ويدعو الناس إلى عبادة الله، وإلى طريقه المستقيم. ومرت السنون، ونزل قحط بالبلاد، فاضطر إبراهيم إلى الهجرة بمن معه إلى مصر، وكان يحكم مصر آنذاك ملك جبار يحب النساء، وكان له أعوان يساعدونه على ذلك، فيقفون على أطراف البلاد، ليخبروه بالجميلات اللاتي يأتين إلى مصر، فلما رأوا سارة، وكانت بارعة الجمال، أبلغوا عنها الملك وأخبروه أن معها رجلاً، فأصدر الملك أوامره بإحضار الرجل، وفي لحظات جاء الجنود بإبراهيم إلى الملك، ولما رآه سأله عن المرأة التي معه، فقال إبراهيم: إنها أختي. فقال الملك: ائتني بها. فذهب إبراهيم إلى سارة، وأبلغها بما حدث بينه وبين الملك، وبما ذكره له بأنها أخته، فذهبت سارة إلى القصر، ولما رآها الملك انبهر من جمالها، وقام إليها، فقالت له: أريد أن أتوضأ وأصلي، فأذن لها، فتوضأت سارة وصلَّت، ثم قالت: (اللهمَ إن كنت تعلم أني آمنتُ بك وبرسولك وأحصنت فرجي إلا على زوجي فلا تسلط على هذا الكافر) [أحمد] فاستجاب الله لها، وعصمها وحفظها، فكلما أراد الملك أن يمسك بها قبضت يده، فسألها أن تدعو الله أن تُبسَـط يده، ولن يمسها بسوء، وتكرر هذا الأمر ثلاث مرات. فلما علم أنه لن يقدر عليها نادى بعض خدمه، وقال لهم: إنكم لم تأتوني بإنسان، إنما أتيتموني بشيطان، ثم أمر الخدم أن يعطوها هاجر، لتكون خادمة لها. [البخاري] فعادت سارة إلى زوجها دون أن يمسها الملك، فوجدته قائمًا يصلي فلما انتهى نظر إليها، وسألها عما حدث؟ فقالت: إن الله ردَّ كيده عني وأعطاني جارية تسمى هاجر لتخدمني، وبعد فترة رجع إبراهيم إلى فلسطين مرة أخرى وأثناء الطريق استأذنه ابن أخيه لوط في الذهاب إلى قرية سدوم ليدعو أهلها إلى عبادة الله، فأعطاه إبراهيم بعض الأنعام والأموال، وواصل هو وأهله السير إلى فلسطين، حتى وصلوا إليها واستقروا بها، وظل إبراهيم -عليه السلام- في فلسطين فترة طويلة. وأحب الله إبراهيم -عليه السلام- واتخذه خليلاً من بين خلقه، قال تعالى: {واتخذ الله إبراهيم خليلا} [النساء:125] وذات يوم، أراد إبراهيم أن يرى كيف يحيي الله الموتى، فخرج إلى الصحراء يناجي ربه، ويطلب منه أن يريه ذلك، قال تعالى: {وإذ قال إبراهيم رب أرني كيف تحيي الموتى قال أو لم تؤمن قال بلى ولكن ليطمئن قلبي قال فخذ أربعة من الطير فصرهن إليك ثم اجعل على كل جبل منهن جزءًا ثم ادعهن يأتينك سعيًّا واعلم أن الله عزيز حكيم} [البقرة:260]. ففعل إبراهيم ما أمره ربه، وذبح أربعة من الطيور ووضع أجزاءها على الجبال، ثم عاد إلى مكانه مرة أخرى، ووقف متجهًا ناحية الجبال، ثم نادى عليهن، فإذا بالحياة تعود لهذه الطيور، وتجيء إلى إبراهيم بإذن ربها، وكانت سارة زوجة إبراهيم عقيمًا لا تلد، وكانت تعلم رغبة إبراهيم وتشوقه لذرية طيبة، فوهبت له خادمتها هاجر ليتزوجها، لعل الله أن يرزقه منها ذرية صالحة، فتزوج إبراهيم هاجر، فأنجبت له إسماعيل فسعد به إبراهيم سعادة كبيرة لأنه جاء له بعد شوق شديد وانتظار طويل. وأمر الله -عز وجل- إبراهيم أن يأخذ زوجته هاجر وولدها إسماعيل ويهاجر بهما إلى مكة، فأخذهما إبراهيم إلى هناك، وتوجه إلى الله داعيًا {ربنا إني أسكنت من ذريتي بوادٍ غير ذي زرع عند بيتك المحرم ربنا ليقيموا الصلاة فاجعل أفئدة من الناس تهوى إليهم وارزقهم من الثمرات لعلهم يشكرون} [إبراهيم:37] ثم تركهما إبراهيم، وعاد إلى زوجته سارة، وذات يوم جاءت إليه ملائكة الله في صورة بشر، فقام إبراهيم سريعًا فذبح لهم عجلاً سمينًا، وشواه ثم وضعه أمامهم ليأكلوا فوجدهم لا يأكلون، لأن الملائكة لا تأكل ولا تشرب، وهنا أخبرت الملائكة إبراهيم بأنهم ليسوا بشرًا، وإنما هم ملائكة جاءوا ليوقعوا العذاب على قرية سدوم، لأنهم لم يتبعوا نبيهم لوطًا، وبشرت الملائكة إبراهيم بولده إسحاق من سارة، وكانت عجوزًا، فتعجبت حينما سمعت الخبر، فهي امرأة عجوز عقيم وزوجها رجل شيخ كبير، فأخبرتها الملائكة أن هذا هو أمر الله، فقالت الملائكة: {أتعجبين من أمر الله رحمت الله وبركاته عليكم أهل البيت إنه حميد مجيد} [هود:73]. وذات مرة رأى إبراهيم -عليه السلام- أنه يذبح ابنه في المنام، فأخبر ابنه إسماعيل بذلك، وكان هذا امتحان من الله لإبراهيم وإسماعيل، فاستجاب إسماعيل لرؤيا أبيه طاعة لله، واستعد كل منهما لتنفيذ أمر الله، ووضع إبراهيم ابنه إسماعيل على وجهه، وأمسك بالسكين ليذبحه، فكان الفرج من الله، فقد نزل جبريل -عليه السلام- بكبش فداء لإسماعيل، فكانت سنة الذبح والنحر في العيد، وصدق الله إذ يقول: {وفديناه بذبح عظيم}_[الصافات: 107] وكان نبي الله إبراهيم يسافر إلى مكة من حين لآخر ليطمئن على هاجر وابنها إسماعيل. وفي إحدى الزيارات، طلب إبراهيم من ابنه أن يساعده في رفع قواعد البيت الحرام الذي أمره ربه ببنائه، فوافق إسماعيل، وأخذا ينقلان الحجارة اللازمة لذلك حتى انتهيا من البناء، وعندها أخذا يدعوان ربهما أن يتقبل منهما فقالا: {ربنا تقبل منا إنك أنت السميع العليم. ربنا واجعلنا مسلمين لك ومن ذريتنا أمة مسلمة لك وأرنا مناسكنا وتب علينا إنك أنت التواب الرحيم} [البقرة:127-128] فاستجاب الله لإبراهيم وإسماعيل، وبارك في الكعبة، وجعلها قبلة للمسلمين جميعًا في كل زمان ومكان. قد كان لإبراهيم -عليه السلام- رسالة ودين قويم وشريعة سمحة، أمرنا الله باتباعها، قال تعالى: {قل صدقوا الله فاتبعوا ملة إبراهيم حنيفًا وما كان من المشركين} [آل عمران: 59] أي اتبعوا الدين الحنيف القويم الثابت الذي لا يتغير، ومرض إبراهيم -عليه السلام- ثم مات، بعد أن أدى رسالة الله وبلغ ما عليه، وفي رحلة الإسراء والمعراج قابل النبي -صلى الله عليه وسلم- خليل الله إبراهيم -عليه السلام- في السماء السابعة بجوار البيت المعمور الذي يدخله كل يوم سبعون ألف من الملائكة يتعبدون فيه، ويطوفون، ثم يخرجون ولا يعودون إليه إلى يوم القيامة. وذلك كما ذكر في حديث المعراج الذي يقول فيه النبي -صلى الله عليه وسلم- (... ثم صعد بي جبريل إلى السماء السابعة، فاستفتح جبرائيل، قيل: من هذا؟ قال: جبرائيل: قيل: ومن معك؟ قال محمد، قيل: وقد بعث إليه؟ قال: نعم، قيل: مرحبًا به، فنعم المجيء جاء، فلما خلصت، فإذا إبراهيم، قال: هذا أبوك فسلم عليه، فسلمتُ عليه فرد السلام، ثم قال مرحبًا بالابن الصالح والنبي الصالح...) [البخاري]. وقد سئل رسول الله -صلى الله عليه وسلم- عن خير البرية، فقال: (ذاك إبراهيم) [أحمد].. وهو أول من يكْسى يوم القيامة، قال النبي -صلى الله عليه وسلم- : (... وأول من يكسى يوم القيامة إبراهيم) [متفق عليه].. فالناس يحشرون يوم القيامة عراة، فيكسى إبراهيم عليه السلام تكريمًا له ثم الأنبياء، ثم الخلائق، وقد مدح الله سبحانه وتعالى نبيه إبراهيم وأثنى عليه، قال تعالى: {إن إبراهيم كان أمة قانتًا لله حنيفًا ولم يك من المشركين. شاكرًا لأنعمه اجتباه وهداه إلى صراط مستقيم. وآتيناه في الدنيا حسنة وإنه في الآخرة لمن الصالحين ثم أوحينا إليك أن اتبع ملة إبراهيم حنيفًا وما كان من المشركين} [النحل:120-123]. وقد فضل الله إبراهيم -عليه السلام- في الدنيا والآخرة، فجعل النبوة فيه وفي ذريته إلى يوم القيامة، قال تعالى: {ووهبنا له إسحاق ويعقوب وجعلنا في ذريته النبوة والكتاب وآتيناه أجره في الدنيا وإنه في الآخرة لمن الصالحين} [العنكبوت:27]. وإبراهيم -عليه السلام- من أولي العزم من الرسل، ووصى الله نبيه محمدًا -صلى الله عليه وسلم- أن يسير على ملته، قال تعالى: {قل إنني هداني ربي إلى صراط مستقيم دينًا قيمًا ملة إبراهيم حنيفًا وما كان من المشركين} [الأنعام:61] وقال: {ثم أوحينا إليك أن اتبع ملة إبراهيم حنيفًا وما كان من المشركين} [النحل:123] ومدح الله إبراهيم بالوفاء والقيام بما عهد إليه، قال تعالى: {وإبراهيم الذي وفى} [النجم:37] ولأنه أفضل الأنبياء والرسل بعد محمد -صلى الله عليه وسلم- أمرنا الرسول -صلى الله عليه وسلم- أن نصلي عليه في صلاتنا في التشهد أثناء الصلاة.</p>\r\n','<p>كان آزر يعيش في أرض بابل بالعراق، يصنع الأصنام ويبيعها للناس ليعبدوها وكان له ولد صغير اسمه (إبراهيم) وهبه الله الحكمة وآتاه الرشد منذ الصغر، وذات يوم دخل إبراهيم على أبيه آزر، فرآه يصنع التماثيل، فتعجب إبراهيم من أمر هذه التماثيل، وقال في نفسه: لماذا يعبدها الناس وهي لا تسمع ولا تنطق، ولا تضر ولا تنفع؟! وكيف تكون آلهة، والناس هم الذين يصنعونها ؟! وصارت هذه الأسئلة تراود الفتى الصغير دون إجابة. ولما كبر إبراهيم وشبَّ أخذ يفكر في هذا الأمر، ويبحث عن الإله الحق الذي يستحق العبادة، فذهب إلى الصحراء الواسعة، وجلس ينظر إلى السماء، فرأى الكواكب والنجوم، واستنكر أن تكون هي ربه الذي يبحث عنه، لأنها مخلوقة مثله تعبد خالقها، فتظهر بإذنه وتغيب بإذنه، وظل إبراهيم في الصحراء ينظر إلى السماء يفكر ويتدبر عسى أن يهتدي إلى ربه وخالقه، فهداه الله -سبحانه- إلى معرفته، وجعله نبيًّا مرسلاً إلى قومه، ليخرجهم من الظلمات إلى النور، ومن عبادة الأصنام إلى عبادة الله رب العالمين. وأنزل الله -سبحانه- على إبراهيم صحفًا فيها آداب ومواعظ وأحكام لهداية قومه، وتعليمهم أصول دينهم، وتوصيتهم بوجوب طاعة الله، وإخلاص العبادة له وحده، والبعد عن كل ما يتنافى مع مكارم الأخلاق، وعاد إبراهيم إلى بيته، وقلبه مطمئن، ولما دخل البيت وجد أباه، فتقدم منه إبراهيم وأخذ ينصحه ويقول له: {يا أبت لما تعبد ما لا يسمع ولا يبصر ولا يغني عنك شيئا. يا أبت إني قد جاءني من العلم ما لم يأتك فاتبعني أهدك صراطًا سويًّا. يا أبت لا تعبد الشيطان إن الشيطان كان للرحمن عصيًّا. يا أبت إني أخاف أن يمسك عذاب من الرحمن فتكون للشيطان وليًّا} [مريم:42-45] فردَّ عليه أبوه غاضبًا، وقال: {أراغب أنت عن آلهتي يا إبراهيم لئن لم تنته لأرجمنك واهجرني مليًا} [مريم:46]. لكن إبراهيم لم يقابل تلك القسوة بمثلها، بل صبر على جفاء أبيه، وقابله بالبر والرحمة، وقال له: {سلام عليك سأستغفر لك ربي إنه كان بي حفيًّا. وأعتزلكم وما تدعون من دون الله وأدعو ربي عسى ألا أكون بدعاء ربي شقيًّا} [مريم:47-48] وخرج إبراهيم من عند أبيه متوجهًا إلى المعبد، حتى يدعو قومه إلى عبادة الله، ولما دخل عليهم وجدهم عاكفين على أصنام كثيرة، يعبدونها ويتضرعون إليها، ويطلبون منها قضاء حوائجهم، فتقدم منهم إبراهيم، وقال لهم: {ما هذه التماثيل التي أنتم لها عاكفون} [الأنبياء:52] فرد عليه القوم وقالوا: {وجدنا آباءنا لها عابدين} [الأنبياء:53]. فوضح لهم إبراهيم أن عبادة هذه الأصنام ضلال وكفر، وأن الله -سبحانه- الذي خلق السماوات والأرض هو المستحق للعبادة وحده فغضب قومه منه، واستكبروا وأصروا على كفرهم وعنادهم، فلمَّا وجد إبراهيم إصرارهم على عبادة الأصنام، خرج وهو يفكر في نفسه أن يحطم هذه الأصنام، وكان اليوم التالي يوم عيد، فأقام القوم احتفالا كبيرًا خارج المدينة، وذهب إليه جميع الناس، وخرج إبراهيم وحده إلى شوارع المدينة فلم يجد فيها أحدًا، فانتهز هذه الفرصة وأحضر فأسًا، ثم ذهب إلى المعبد الذي فيه الأصنام دون أن يراه أحد، فوجد أصنامًا كثيرة، ورأى أمامها طعامًا كثيرًا وضعه قومه قربانًا لها وتقربًا إليها، لكنها لم تأكل. فأقبل إليها إبراهيم، وتقدم منها، ثم قال لها مستهزئًا: ألا تأكلون؟! وانتظر قليلا لعلهم يردون عليه، لكن دون جدوى، فعاد يسأل ويقول: ما لكم لا تنطقون؟! ثم أخذ يكسر الأصنام واحدًا تلو الآخر، حتى صارت كلها حطامًا إلا صنمًا كبيرًا تركه إبراهيم ولم يحطمه، وعلق في رقبته الفأس، ثم خرج من المعبد، ولما عاد القوم من الاحتفال مرُّوا على المعبد، ودخلوا فيه ليشكروا الآلهة على عيدهم وفوجئوا بأصنامهم محطمة ما عدا صنمًا واحدًا في رأسه فأس معلق، فتساءل القوم: من فعل هذا بآلهتنا؟ فقال بعض القوم: سمعنا فتى بالأمس اسمه إبراهيم كان يسخر منها، ويتوعدها بالكيد والتحطيم، وأجمعوا أمرهم على أن يحضروا إبراهيم ويسألوه، ويحققوا معه فيما حدث. وفي لحظات ذهب بعض القوم وأتوا بإبراهيم إلى المعبد، ولما وقف أمامهم سألوه: أأنت فعلت هذا بآلهتنا يا إبراهيم؟! فرد إبراهيم: بل فعله كبيرهم هذا، ثم أشار بإصبعه إلى الصنم الكبير المعلق في رقبته الفأس، ثم قال: فسألوهم إن كانوا ينطقون، فرد عليه بعض الناس وقالوا له: يا إبراهيم أنت تعلم أن هذه الأصنام لا تنطق ولا تسمع، فكيف تأمرنا بسؤالها؟ فانتهز إبراهيم هذه الفرصة وقال لهم: {أفتعبدون من دون الله ما لا ينفعكم شيئًا ولا يضركم. أف لكم ولما تعبدون من دون الله أفلا تعقلون} [الأنبياء: 66-67] فسكتوا جميعًا ولم يتكلموا، ونكسوا رءوسهم من الخجل والخزي، ومع ذلك أرادوا الانتقام منه، لأنه حطم أصنامهم، وأهان آلهتهم، فقال نفر من الناس: ما جزاء إبراهيم، وما عقابه الذي يستحقه؟ فقالوا: {حرِّقوه وانصروا آلهتكم إن كنتم فاعلين} [الأنبياء:68]. ثم ذهب جنود المعبد بإبراهيم إلى الصحراء، وجمعوا الحطب والخشب من كل مكان، وأشعلوا نارًا عظيمة، وجاءوا بآلة اسمها المنجنيق، ليقذفوا إبراهيم منها في النار، ولما جاء موعد تنفيذ الحكم على إبراهيم، اجتمع الناس من كل مكان ليشهدوا تعذيبه، وتصاعد من النار لهب شديد، فوقف الناس بعيدًا يشاهدون النار، ومع ذلك لم يستطيعوا تحمل حرارته، وجاءوا بإبراهيم مقيدًا بالحبال ووضعوه في المنجنيق، ثم قذفوه في النار، فوقع في وسطها، فقال إبراهيم: حسبي اللَّه ونعم الوكيل. فأمر الله النار ألا تحرق إبراهيم ولا تؤذيه، قال تعالى: {قلنا يا نار كوني بردًا وسلامًا على إبراهيم} [الأنبياء:69] فأصبحت النار بردًا وسلامًا عليه، ولم تحرق منه شيئًا سوي القيود التي قيدوه بها، وظلت النار مشتعلة عدة أيام، وبعد أن انطفأت خرج منها إبراهيم سالـمًا، لم تؤذه، وتحدث الناس عن تلك المعجزة وعن نجاة إبراهيم من النار، وأراد النمرود ملك البلاد أن يناقش إبراهيم في أمر دعوته، فلما حضر إبراهيم أمام الملك سأله: من ربك؟ فقال إبراهيم مجيبًا: {ربي الذي يحيي ويميت} [البقرة:258] فقال الملك: {أنا أحيي وأميت} [البقرة:258] وأمر الملك الجنود أن يحضروا رجلين من المسجونين، ثم أمر بقتل رجل وترك الآخر، ثم نظر إلى إبراهيم وقال له: ها أنا ذا أحي وأميت، قتلت رجلا، وتركت آخر!! فلم يرد إبراهيم على غباء هذا الرجل، ولم يستمر في جداله في هذا الأمر، بل سأله سؤالاً آخر أعجزه ولم يستطع معه جدالاً، قال له إبراهيم: {فإن الله يأتي بالشمس من المشرق فأت بها من المغرب} [البقرة:258] فبهت النمرود، وسكت عن الكلام اعترافًا بعجزه، وقرر إبراهيم الهجرة من هذه المدينة لأنه لم يؤمن به سوى زوجته سارة وابن أخيه لوط -عليه السلام- وهاجر إبراهيم ومعه زوجته سارة وابن أخيه لوط، وأخذ ينتقل من مكان إلى مكان آخر، حتى استقر به الحال في فلسطين، فظل بها فترة يعبد الله ويدعو الناس إلى عبادة الله، وإلى طريقه المستقيم. ومرت السنون، ونزل قحط بالبلاد، فاضطر إبراهيم إلى الهجرة بمن معه إلى مصر، وكان يحكم مصر آنذاك ملك جبار يحب النساء، وكان له أعوان يساعدونه على ذلك، فيقفون على أطراف البلاد، ليخبروه بالجميلات اللاتي يأتين إلى مصر، فلما رأوا سارة، وكانت بارعة الجمال، أبلغوا عنها الملك وأخبروه أن معها رجلاً، فأصدر الملك أوامره بإحضار الرجل، وفي لحظات جاء الجنود بإبراهيم إلى الملك، ولما رآه سأله عن المرأة التي معه، فقال إبراهيم: إنها أختي. فقال الملك: ائتني بها. فذهب إبراهيم إلى سارة، وأبلغها بما حدث بينه وبين الملك، وبما ذكره له بأنها أخته، فذهبت سارة إلى القصر، ولما رآها الملك انبهر من جمالها، وقام إليها، فقالت له: أريد أن أتوضأ وأصلي، فأذن لها، فتوضأت سارة وصلَّت، ثم قالت: (اللهمَ إن كنت تعلم أني آمنتُ بك وبرسولك وأحصنت فرجي إلا على زوجي فلا تسلط على هذا الكافر) [أحمد] فاستجاب الله لها، وعصمها وحفظها، فكلما أراد الملك أن يمسك بها قبضت يده، فسألها أن تدعو الله أن تُبسَـط يده، ولن يمسها بسوء، وتكرر هذا الأمر ثلاث مرات. فلما علم أنه لن يقدر عليها نادى بعض خدمه، وقال لهم: إنكم لم تأتوني بإنسان، إنما أتيتموني بشيطان، ثم أمر الخدم أن يعطوها هاجر، لتكون خادمة لها. [البخاري] فعادت سارة إلى زوجها دون أن يمسها الملك، فوجدته قائمًا يصلي فلما انتهى نظر إليها، وسألها عما حدث؟ فقالت: إن الله ردَّ كيده عني وأعطاني جارية تسمى هاجر لتخدمني، وبعد فترة رجع إبراهيم إلى فلسطين مرة أخرى وأثناء الطريق استأذنه ابن أخيه لوط في الذهاب إلى قرية سدوم ليدعو أهلها إلى عبادة الله، فأعطاه إبراهيم بعض الأنعام والأموال، وواصل هو وأهله السير إلى فلسطين، حتى وصلوا إليها واستقروا بها، وظل إبراهيم -عليه السلام- في فلسطين فترة طويلة. وأحب الله إبراهيم -عليه السلام- واتخذه خليلاً من بين خلقه، قال تعالى: {واتخذ الله إبراهيم خليلا} [النساء:125] وذات يوم، أراد إبراهيم أن يرى كيف يحيي الله الموتى، فخرج إلى الصحراء يناجي ربه، ويطلب منه أن يريه ذلك، قال تعالى: {وإذ قال إبراهيم رب أرني كيف تحيي الموتى قال أو لم تؤمن قال بلى ولكن ليطمئن قلبي قال فخذ أربعة من الطير فصرهن إليك ثم اجعل على كل جبل منهن جزءًا ثم ادعهن يأتينك سعيًّا واعلم أن الله عزيز حكيم} [البقرة:260]. ففعل إبراهيم ما أمره ربه، وذبح أربعة من الطيور ووضع أجزاءها على الجبال، ثم عاد إلى مكانه مرة أخرى، ووقف متجهًا ناحية الجبال، ثم نادى عليهن، فإذا بالحياة تعود لهذه الطيور، وتجيء إلى إبراهيم بإذن ربها، وكانت سارة زوجة إبراهيم عقيمًا لا تلد، وكانت تعلم رغبة إبراهيم وتشوقه لذرية طيبة، فوهبت له خادمتها هاجر ليتزوجها، لعل الله أن يرزقه منها ذرية صالحة، فتزوج إبراهيم هاجر، فأنجبت له إسماعيل فسعد به إبراهيم سعادة كبيرة لأنه جاء له بعد شوق شديد وانتظار طويل. وأمر الله -عز وجل- إبراهيم أن يأخذ زوجته هاجر وولدها إسماعيل ويهاجر بهما إلى مكة، فأخذهما إبراهيم إلى هناك، وتوجه إلى الله داعيًا {ربنا إني أسكنت من ذريتي بوادٍ غير ذي زرع عند بيتك المحرم ربنا ليقيموا الصلاة فاجعل أفئدة من الناس تهوى إليهم وارزقهم من الثمرات لعلهم يشكرون} [إبراهيم:37] ثم تركهما إبراهيم، وعاد إلى زوجته سارة، وذات يوم جاءت إليه ملائكة الله في صورة بشر، فقام إبراهيم سريعًا فذبح لهم عجلاً سمينًا، وشواه ثم وضعه أمامهم ليأكلوا فوجدهم لا يأكلون، لأن الملائكة لا تأكل ولا تشرب، وهنا أخبرت الملائكة إبراهيم بأنهم ليسوا بشرًا، وإنما هم ملائكة جاءوا ليوقعوا العذاب على قرية سدوم، لأنهم لم يتبعوا نبيهم لوطًا، وبشرت الملائكة إبراهيم بولده إسحاق من سارة، وكانت عجوزًا، فتعجبت حينما سمعت الخبر، فهي امرأة عجوز عقيم وزوجها رجل شيخ كبير، فأخبرتها الملائكة أن هذا هو أمر الله، فقالت الملائكة: {أتعجبين من أمر الله رحمت الله وبركاته عليكم أهل البيت إنه حميد مجيد} [هود:73]. وذات مرة رأى إبراهيم -عليه السلام- أنه يذبح ابنه في المنام، فأخبر ابنه إسماعيل بذلك، وكان هذا امتحان من الله لإبراهيم وإسماعيل، فاستجاب إسماعيل لرؤيا أبيه طاعة لله، واستعد كل منهما لتنفيذ أمر الله، ووضع إبراهيم ابنه إسماعيل على وجهه، وأمسك بالسكين ليذبحه، فكان الفرج من الله، فقد نزل جبريل -عليه السلام- بكبش فداء لإسماعيل، فكانت سنة الذبح والنحر في العيد، وصدق الله إذ يقول: {وفديناه بذبح عظيم}_[الصافات: 107] وكان نبي الله إبراهيم يسافر إلى مكة من حين لآخر ليطمئن على هاجر وابنها إسماعيل. وفي إحدى الزيارات، طلب إبراهيم من ابنه أن يساعده في رفع قواعد البيت الحرام الذي أمره ربه ببنائه، فوافق إسماعيل، وأخذا ينقلان الحجارة اللازمة لذلك حتى انتهيا من البناء، وعندها أخذا يدعوان ربهما أن يتقبل منهما فقالا: {ربنا تقبل منا إنك أنت السميع العليم. ربنا واجعلنا مسلمين لك ومن ذريتنا أمة مسلمة لك وأرنا مناسكنا وتب علينا إنك أنت التواب الرحيم} [البقرة:127-128] فاستجاب الله لإبراهيم وإسماعيل، وبارك في الكعبة، وجعلها قبلة للمسلمين جميعًا في كل زمان ومكان. قد كان لإبراهيم -عليه السلام- رسالة ودين قويم وشريعة سمحة، أمرنا الله باتباعها، قال تعالى: {قل صدقوا الله فاتبعوا ملة إبراهيم حنيفًا وما كان من المشركين} [آل عمران: 59] أي اتبعوا الدين الحنيف القويم الثابت الذي لا يتغير، ومرض إبراهيم -عليه السلام- ثم مات، بعد أن أدى رسالة الله وبلغ ما عليه، وفي رحلة الإسراء والمعراج قابل النبي -صلى الله عليه وسلم- خليل الله إبراهيم -عليه السلام- في السماء السابعة بجوار البيت المعمور الذي يدخله كل يوم سبعون ألف من الملائكة يتعبدون فيه، ويطوفون، ثم يخرجون ولا يعودون إليه إلى يوم القيامة. وذلك كما ذكر في حديث المعراج الذي يقول فيه النبي -صلى الله عليه وسلم- (... ثم صعد بي جبريل إلى السماء السابعة، فاستفتح جبرائيل، قيل: من هذا؟ قال: جبرائيل: قيل: ومن معك؟ قال محمد، قيل: وقد بعث إليه؟ قال: نعم، قيل: مرحبًا به، فنعم المجيء جاء، فلما خلصت، فإذا إبراهيم، قال: هذا أبوك فسلم عليه، فسلمتُ عليه فرد السلام، ثم قال مرحبًا بالابن الصالح والنبي الصالح...) [البخاري]. وقد سئل رسول الله -صلى الله عليه وسلم- عن خير البرية، فقال: (ذاك إبراهيم) [أحمد].. وهو أول من يكْسى يوم القيامة، قال النبي -صلى الله عليه وسلم- : (... وأول من يكسى يوم القيامة إبراهيم) [متفق عليه].. فالناس يحشرون يوم القيامة عراة، فيكسى إبراهيم عليه السلام تكريمًا له ثم الأنبياء، ثم الخلائق، وقد مدح الله سبحانه وتعالى نبيه إبراهيم وأثنى عليه، قال تعالى: {إن إبراهيم كان أمة قانتًا لله حنيفًا ولم يك من المشركين. شاكرًا لأنعمه اجتباه وهداه إلى صراط مستقيم. وآتيناه في الدنيا حسنة وإنه في الآخرة لمن الصالحين ثم أوحينا إليك أن اتبع ملة إبراهيم حنيفًا وما كان من المشركين} [النحل:120-123]. وقد فضل الله إبراهيم -عليه السلام- في الدنيا والآخرة، فجعل النبوة فيه وفي ذريته إلى يوم القيامة، قال تعالى: {ووهبنا له إسحاق ويعقوب وجعلنا في ذريته النبوة والكتاب وآتيناه أجره في الدنيا وإنه في الآخرة لمن الصالحين} [العنكبوت:27]. وإبراهيم -عليه السلام- من أولي العزم من الرسل، ووصى الله نبيه محمدًا -صلى الله عليه وسلم- أن يسير على ملته، قال تعالى: {قل إنني هداني ربي إلى صراط مستقيم دينًا قيمًا ملة إبراهيم حنيفًا وما كان من المشركين} [الأنعام:61] وقال: {ثم أوحينا إليك أن اتبع ملة إبراهيم حنيفًا وما كان من المشركين} [النحل:123] ومدح الله إبراهيم بالوفاء والقيام بما عهد إليه، قال تعالى: {وإبراهيم الذي وفى} [النجم:37] ولأنه أفضل الأنبياء والرسل بعد محمد -صلى الله عليه وسلم- أمرنا الرسول -صلى الله عليه وسلم- أن نصلي عليه في صلاتنا في التشهد أثناء الصلاة.</p>\r\n',1,'2022-03-04 01:37:03','0000-00-00 00:00:00');

--
-- Table structure for table `fx_uploaded_files`
--

CREATE TABLE `fx_uploaded_files` (
  `id` int(11) NOT NULL AUTO_INCREMENT,
  `name` varchar(225) NOT NULL,
  `created_at` datetime NOT NULL DEFAULT CURRENT_TIMESTAMP,
  PRIMARY KEY (`id`)
) ENGINE=InnoDB AUTO_INCREMENT=82 DEFAULT CHARSET=latin1;

--
-- Dumping data for table `fx_uploaded_files`
--

INSERT INTO `fx_uploaded_files` VALUES (81,'uploads/0fe0382a27bbc4336939a4dd4b3acee2.jpg','2019-11-26 21:07:49');

--
-- Table structure for table `module`
--

CREATE TABLE `module` (
  `module_id` int(11) NOT NULL AUTO_INCREMENT,
  `module_name` varchar(255) NOT NULL,
  `controller_name` varchar(255) NOT NULL,
  `fa_icon` varchar(100) NOT NULL,
  `operation` text NOT NULL,
  `sort_order` tinyint(4) NOT NULL,
  PRIMARY KEY (`module_id`)
) ENGINE=InnoDB AUTO_INCREMENT=37 DEFAULT CHARSET=latin1;

--
-- Dumping data for table `module`
--

INSERT INTO `module` VALUES (1,'admin','admin','fa-pie-chart','view|add|edit|delete|change_status|access',3),(2,'permissions','admin_roles','fa-book','view|add|edit|delete|change_status|access',4),(3,'users','users','fa-users','view|add|edit|delete|change_status|access',5),(8,'settings','general_settings','fa-cogs','view|add|edit|access',7),(9,'dashboard','dashboard','fa-dashboard','view|access',1),(25,'profile','profile','fa-user','access',2),(27,'Hadith Collection','Hadiths','fa-book','view|add|edit|delete|change_status|access',6),(28,'Prophet Biography','prophetic_biography','fa-ravelry','view|add|edit|delete|change_status|access',6),(29,'Quran Readers','quranreaders','fa-book','view|add|edit|delete|change_status|access',6),(30,'Quran Audio','Quran','fa-volume-up','view|add|edit|delete|change_status|access',6),(31,'Daily Prayer','Prayers','fa-volume-up','add|edit|delete|view|access',6),(32,'Hadith Of The Day','Hadithsday','fa-book','add|edit|delete|access|change_status|view',6),(33,'invocation','invocation','fa-user','view|add|edit|delete|change_status|access',12),(34,'namaz','namaz','fa-user','view|add|edit|delete|change_status|access',13),(35,'namaz audio','namazaudio','fa-user','view|add|edit|delete|change_status|access',14),(36,'story','story','fa-user','view|add|edit|delete|change_status|access',16);

--
-- Table structure for table `module_access`
--

CREATE TABLE `module_access` (
  `id` int(11) NOT NULL AUTO_INCREMENT,
  `admin_role_id` int(11) NOT NULL,
  `module` varchar(255) NOT NULL,
  `operation` varchar(255) NOT NULL,
  PRIMARY KEY (`id`),
  KEY `RoleId` (`admin_role_id`)
) ENGINE=InnoDB AUTO_INCREMENT=138 DEFAULT CHARSET=latin1;

--
-- Dumping data for table `module_access`
--

INSERT INTO `module_access` VALUES (1,1,'users','view'),(2,1,'users','add'),(3,1,'users','edit'),(5,1,'users','access'),(6,1,'users','change_status'),(7,1,'export','access'),(9,1,'general_settings','add'),(10,1,'general_settings','edit'),(11,1,'general_settings','access'),(34,2,'tables','access'),(35,2,'forms','access'),(36,2,'calendar','access'),(37,2,'mailbox','access'),(38,2,'pages','access'),(39,2,'extras','access'),(40,2,'ui','access'),(41,2,'charts','access'),(42,2,'widgets','access'),(43,2,'users','view'),(44,2,'users','add'),(45,2,'users','edit'),(46,2,'users','change_status'),(47,2,'users','access'),(48,2,'example','access'),(49,2,'joins','access'),(50,2,'invoices','access'),(51,2,'location','access'),(52,2,'activity','access'),(53,2,'export','access'),(57,2,'dashboard','view'),(58,2,'dashboard','access'),(59,1,'general_settings','view'),(60,1,'languages','change_status'),(61,1,'languages','view'),(62,1,'languages','add'),(63,1,'languages','edit'),(64,1,'languages','delete'),(65,1,'languages','access'),(66,1,'products','view'),(67,1,'products','add'),(68,1,'products','edit'),(69,1,'products','delete'),(70,1,'products','change_status'),(71,1,'products','access'),(72,2,'Hadiths','add'),(73,2,'Hadiths','edit'),(74,2,'Hadiths','delete'),(75,2,'prophetic_biography','delete'),(76,2,'prophetic_biography','edit'),(77,2,'prophetic_biography','add'),(78,2,'quranreaders','add'),(79,2,'Quran','add'),(81,2,'Quran','edit'),(82,2,'Quran','delete'),(83,2,'quranreaders','delete'),(84,2,'quranreaders','edit'),(85,2,'Hadiths','access'),(86,2,'prophetic_biography','access'),(87,2,'quranreaders','access'),(88,2,'Quran','access'),(89,1,'invocation','view'),(90,1,'invocation','add'),(91,1,'invocation','edit'),(92,1,'invocation','delete'),(93,1,'invocation','change_status'),(94,1,'invocation','access'),(95,2,'Prayers','view'),(96,2,'Prayers','edit'),(97,2,'Hadithsday','view'),(98,2,'Hadithsday','edit'),(99,2,'invocation','view'),(100,2,'invocation','edit'),(101,2,'namaz','view'),(102,2,'namaz','edit'),(103,2,'namazaudio','view'),(104,2,'namazaudio','edit'),(105,2,'story','view'),(106,2,'story','edit'),(109,2,'admin','view'),(110,2,'admin','edit'),(111,2,'Hadiths','view'),(112,2,'prophetic_biography','view'),(113,2,'quranreaders','view'),(114,2,'Quran','view'),(117,2,'Hadithsday','access'),(118,2,'Hadithsday','add'),(121,2,'invocation','add'),(123,2,'invocation','access'),(124,2,'namaz','access'),(125,2,'namaz','add'),(126,2,'namazaudio','add'),(127,2,'namazaudio','access'),(128,2,'story','add'),(129,2,'story','access'),(130,2,'admin','add'),(131,2,'admin','access'),(134,2,'Prayers','delete'),(135,2,'Prayers','add'),(136,2,'Prayers','access'),(137,2,'story','delete');

--
-- Table structure for table `sub_module`
--

CREATE TABLE `sub_module` (
  `id` int(11) NOT NULL AUTO_INCREMENT,
  `parent` int(11) NOT NULL,
  `name` varchar(255) NOT NULL,
  `link` varchar(255) NOT NULL,
  `sort_order` int(11) NOT NULL,
  PRIMARY KEY (`id`),
  KEY `Parent Module ID` (`parent`)
) ENGINE=InnoDB AUTO_INCREMENT=90 DEFAULT CHARSET=latin1;

--
-- Dumping data for table `sub_module`
--

INSERT INTO `sub_module` VALUES (2,2,'module_setting','module',1),(3,2,'role_and_permissions','',2),(4,1,'add_new_admin','add',2),(6,1,'admin_list','',1),(30,3,'users_list','',1),(31,3,'add_new_user','add',2),(32,10,'simple_datatable','simple_datatable',1),(33,10,'ajax_datatable','ajax_datatable',2),(34,10,'pagination','pagination',3),(35,10,'advance_search','advance_search',4),(36,10,'file_upload','file_upload',5),(37,11,'invoice_list','',1),(38,11,'add_new_invoice','add',2),(39,12,'serverside_join','',1),(40,12,'simple_join','simple',2),(41,14,'country','',1),(42,14,'state','state',2),(43,14,'city','city',3),(44,16,'charts_js','chartjs',1),(45,16,'charts_flot','flot',2),(46,16,'charts_inline','inline',3),(47,17,'general','general',1),(48,17,'icons','icons',2),(49,17,'buttons','buttons',3),(50,18,'general_elements','general',1),(51,18,'advanced_elements','advanced',2),(52,18,'editors','editors',3),(53,19,'simple_tables','simple',1),(54,19,'data_tables','data',2),(55,21,'inbox','inbox',1),(56,21,'compose','compose',2),(57,21,'read','read_mail',3),(58,22,'invoice','invoice',1),(59,22,'profile','profile',2),(60,22,'login','login',3),(61,22,'register','register',4),(62,22,'lock_screen','Lockscreen',4),(63,23,'error_404','error404',1),(64,23,'error_500','error500',2),(65,23,'blank_page','blank',3),(66,23,'starter_page','starter',4),(67,8,'general_settings','',1),(68,8,'email_template_settings','email_templates',2),(69,25,'view_profile','',1),(70,25,'change_password','change_pwd',2),(71,10,'multiple_files_upload','multi_file_upload',6),(72,10,'dynamic_charts','charts',7),(73,10,'locations','locations',8),(74,26,'products_list','',1),(75,26,'products_details','products_details',2),(76,26,'product add','product_add',3),(77,26,'product_edit','product_edit',4),(78,27,'Hadith Collection List','index',2),(79,27,'Add New Collection','add',1),(80,28,'Biography List','index',2),(81,28,'Add New Biography','add',1),(82,29,'Quran Reader List','index',2),(83,29,'Add New Reader','add',1),(84,30,'Add New Audio','add',1),(85,30,'Quran Audio List','index',2),(86,31,'Add New Prayer','add',1),(87,31,'Prayer List','index',2),(88,32,'Add New Hadith','add',1),(89,32,'Hadith List','index',2);


